967
CXUS55 KEAX 030238
CF6MKC
PRELIMINARY LOCAL CLIMATOLOGICAL DATA (WS FORM: F-6)

                                          STATION:   Downtown Kansas City MO
                                          MONTH:     NOVEMBER
                                          YEAR:      2014
                                          LATITUDE:   39  7 N
                                          LONGITUDE:  94 36 W

  TEMPERATURE IN F:       :PCPN:    SNOW:  WIND      :SUNSHINE: SKY     :PK WND
================================================================================
1   2   3   4   5  6A  6B    7    8   9   10  11  12  13   14  15   16   17  18
                                     12Z  AVG MX 2MIN
DY MAX MIN AVG DEP HDD CDD  WTR  SNW DPTH SPD SPD DIR MIN PSBL S-S WX    SPD DR
================================================================================

 1  53  29  41 -11  24   0 0.00    M    M  6.8 14 150   M    M   2        24 160
 2  66  49  58   6   7   0 0.00    M    M 16.4 28 200   M    M   4        35 200
 3  71  52  62  10   3   0    T    M    M 16.7 28 200   M    M   5 18     41 210
 4  57  45  51   0  14   0 0.00    M    M  6.1 16 310   M    M   1        24 270
 5  69  40  55   4  10   0 0.00    M    M  7.1 21 210   M    M   1 8      27 230
 6  56  37  47  -3  18   0 0.00    M    M  8.5 21 340   M    M   0        32 340
 7  65  34  50   0  15   0 0.00    M    M  9.4 23 220   M    M   0        32 210
 8  58  35  47  -2  18   0 0.00    M    M  8.6 25 350   M    M   1        36 360
 9  66  37  52   3  13   0 0.00    M    M 10.4 22 210   M    M   0        29 220
10  72  35  54   6  11   0    T    M    M 13.4 26 330   M    M   3        38 320
11  36  27  32 -16  33   0 0.01    M    M 14.1 25 320   M    M   7        36 320
12  30  21  26 -21  39   0 0.00    M    M 11.2 18 320   M    M   3        25 330
13  32  17  25 -22  40   0 0.00    M    M  7.9 18 320   M    M   2        23 320
14  33  17  25 -21  40   0 0.00    M    M  2.3  8  90   M    M   1        10  90
15  34  23  29 -17  36   0    T    M    M  5.6 10 170   M    M   7 8      14 190
16  32  18  25 -20  40   0    T    M    M  7.3 16 300   M    M   4 18     21 310
17  26  14  20 -25  45   0    T    M    M 11.5 24 320   M    M   3        35 320
18  40  13  27 -17  38   0 0.00    M    M  9.5 17 220   M    M   0        23 210
19  42  23  33 -11  32   0 0.00    M    M  7.0 20 320   M    M   3        30 330
20  42  18  30 -13  35   0 0.00    M    M  3.9 10  70   M    M   0 18     13  30
21  51  24  38  -5  27   0 0.02    M    M  6.7 13 130   M    M   6 1      17 140
22  62  50  56  14   9   0    T    M    M 11.5 23 200   M    M  10 1      29 200
23  59  41  50   8  15   0 0.11    M    M  8.1 24 330   M    M  10 1      36 320
24  43  32  38  -3  27   0    T    M    M 11.6 28 320   M    M   7        37 310
25  44  24  34  -7  31   0 0.00    M    M  7.2 16 180   M    M   1        20 170
26  43  29  36  -4  29   0 0.04    M    M 12.0 23 320   M    M   9 1      35 330
27  38  26  32  -8  33   0 0.00    M    M  7.0 16 320   M    M   6        20 320
28  61  32  47   8  18   0 0.00    M    M 11.6 20 210   M    M   0        27 220
29  68  49  59  20   6   0 0.00    M    M  9.3 20 190   M    M   0        24 180
30  57  23  40   2  25   0 0.00    M    M 12.6 21  10   M    M   3 18     29  30
================================================================================
SM 1506  914       731   0  0.18    M    281.3          M       99
================================================================================
AV 50.2 30.5                               9.4 FASTST   M    M   3    MAX(MPH)
                                 MISC ---->  # 28 200               # 41  210
================================================================================
NOTES:
# LAST OF SEVERAL OCCURRENCES

COLUMN 17 PEAK WIND IN M.P.H.

PRELIMINARY LOCAL CLIMATOLOGICAL DATA (WS FORM: F-6) , PAGE 2

                                          STATION:  Downtown Kansas City MO
                                          MONTH:    NOVEMBER
                                          YEAR:     2014
                                          LATITUDE:   39  7 N
                                          LONGITUDE:  94 36 W

[TEMPERATURE DATA]      [PRECIPITATION DATA]       SYMBOLS USED IN COLUMN 16

AVERAGE MONTHLY: 40.3   TOTAL FOR MONTH:   0.18    1 = FOG OR MIST
DPTR FM NORMAL:  -5.1   DPTR FM NORMAL:   -1.96    2 = FOG REDUCING VISIBILITY
HIGHEST:    72 ON 10    GRTST 24HR  0.11 ON 23-23      TO 1/4 MILE OR LESS
LOWEST:     13 ON 18                               3 = THUNDER
                        SNOW, ICE PELLETS, HAIL    4 = ICE PELLETS
                        TOTAL MONTH:    M          5 = HAIL
                        GRTST 24HR    M  ON   M    6 = FREEZING RAIN OR DRIZZLE
                        GRTST DEPTH:  M  ON   M    7 = DUSTSTORM OR SANDSTORM:
                                                       VSBY 1/2 MILE OR LESS
                                                   8 = SMOKE OR HAZE
[NO. OF DAYS WITH]      [WEATHER - DAYS WITH]      9 = BLOWING SNOW
                                                   X = TORNADO
MAX 32 OR BELOW:   4    0.01 INCH OR MORE:   4
MAX 90 OR ABOVE:   0    0.10 INCH OR MORE:   1
MIN 32 OR BELOW:  18    0.50 INCH OR MORE:   0
MIN  0 OR BELOW:   0    1.00 INCH OR MORE:   0

[HDD (BASE 65) ]
TOTAL THIS MO.   731    CLEAR  (SCALE 0-3)  19
DPTR FM NORMAL   141    PTCLDY (SCALE 4-7)   8
TOTAL FM JUL 1   946    CLOUDY (SCALE 8-10)  3
DPTR FM NORMAL    69

[CDD (BASE 65) ]
TOTAL THIS MO.     0
DPTR FM NORMAL    -2    [PRESSURE DATA]
TOTAL FM JAN 1  1655    HIGHEST SLP 30.61 ON 13
DPTR FM NORMAL   -16    LOWEST  SLP 29.31 ON 23

[REMARKS]
#FINAL-11-14#




U.S. Dept. of Commerce
NOAA National Weather Service
1325 East West Highway
Silver Spring, MD 20910
E-mail: w-nws.webmaster@noaa.gov
Page last modified: May 16, 2007
NATIONAL WEATHER SERVICE: for Safety, for Work, for Fun - FOR LIFE