403
CXUS53 KDMX 280920
CF6MIW
PRELIMINARY LOCAL CLIMATOLOGICAL DATA (WS FORM: F-6)

                                          STATION:   MARSHALLTOWN IA
                                          MONTH:     NOVEMBER
                                          YEAR:      2014
                                          LATITUDE:   42  6 N
                                          LONGITUDE:  92 55 W

  TEMPERATURE IN F:       :PCPN:    SNOW:  WIND      :SUNSHINE: SKY     :PK WND
================================================================================
1   2   3   4   5  6A  6B    7    8   9   10  11  12  13   14  15   16   17  18
                                     12Z  AVG MX 2MIN
DY MAX MIN AVG DEP HDD CDD  WTR  SNW DPTH SPD SPD DIR MIN PSBL S-S WX    SPD DR
================================================================================

 1  45  18  32 -12  33   0 0.00  0.0    0  8.6 17 160   M    M   0        23 130
 2  58  34  46   3  19   0 0.00  0.0    0 15.6 26 160   M    M   3        34 170
 3  64  44  54  11  11   0 0.01  0.0    0 13.8 28 300   M    M   3        34 300
 4  57  38  48   6  17   0 0.00  0.0    0 13.2 24 240   M    M   1        30 240
 5  58  33  46   4  19   0    T  0.0    0 12.9 30 300   M    M   5        39 320
 6  47  24  36  -5  29   0    T  0.0    0 17.4 35 320   M    M   5        43 310
 7  52  23  38  -3  27   0    T  0.0    0 11.1 40 320   M    M   1 1      50 320
 8  48  31  40   0  25   0 0.00  0.0    0 19.0 37 320   M    M   5 8      50 330
 9  52  37  45   5  20   0 0.00  0.0    0  8.6 15 260   M    M   4        20 200
10  62  32  47   8  18   0 0.00  0.0    0 16.0 28 340   M    M   3 8      36 340
11  32  21  27 -12  38   0    T    M    M 21.8 30 320   M    M  10 1      37 330
12  26  18  22 -16  43   0    T    M    M 16.2 25 300   M    M   9 1      31 300
13  27  14  21 -17  44   0    T    M    M 15.6 24 310   M    M   8 1      29 300
14  26   9  18 -19  47   0 0.00  0.0    M  6.2 13 320   M    M   0        17 310
15  28  11  20 -17  45   0 0.07    M    M  5.7 14 160   M    M   7 1      16 160
16  24   7  16 -20  49   0 0.01    M    M 11.1 22 290   M    M   5 18     24 300
17  14   7  11 -25  54   0    T    M    M 19.3 30 290   M    M   4 8      36 290
18  21   5  13 -22  52   0 0.00  0.0    M 11.9 18 270   M    M   6        24 270
19  26  18  22 -12  43   0    T    M    M 17.1 32 320   M    M   8        38 320
20  24   3  14 -20  51   0 0.00  0.0    M  9.1 18 300   M    M   1 8      21 290
21  34   3  19 -14  46   0 0.00  0.0    M 12.3 23 150   M    M   3        28 160
22  54  33  44  11  21   0 0.00  0.0    M 12.1 23 190   M    M   8 12     30 200
23  53  33  43  11  22   0 0.49    M    M 12.4 32 310   M    M  10 12     39 320
24  33  20  27  -5  38   0    T    M    M 25.1 36 290   M    M  10 1      47 300
25  29  11  20 -11  45   0    T    M    M 10.0 24 320   M    M   1        29 320
26  31  22  27  -4  38   0    T    M    0 13.8 22 320   M    M  10 18     25 310
27  22  -1  11 -19  54   0 0.00  0.0    0  9.9 23 310   M    M   4        28 300
================================================================================
SM 1047  548       948   0  0.58     0.0 365.8          M      134
================================================================================
AV 38.8 20.3                              13.5 FASTST   M    M   5    MAX(MPH)
                                 MISC ---->  # 40 320               # 50  320
================================================================================
NOTES:
# LAST OF SEVERAL OCCURRENCES

COLUMN 17 PEAK WIND IN M.P.H.

PRELIMINARY LOCAL CLIMATOLOGICAL DATA (WS FORM: F-6) , PAGE 2

                                          STATION:  MARSHALLTOWN IA
                                          MONTH:    NOVEMBER
                                          YEAR:     2014
                                          LATITUDE:   42  6 N
                                          LONGITUDE:  92 55 W

[TEMPERATURE DATA]      [PRECIPITATION DATA]       SYMBOLS USED IN COLUMN 16

AVERAGE MONTHLY: 29.5   TOTAL FOR MONTH:   0.58    1 = FOG OR MIST
DPTR FM NORMAL:  -7.5   DPTR FM NORMAL:   -1.52    2 = FOG REDUCING VISIBILITY
HIGHEST:    64 ON  3    GRTST 24HR  0.49 ON 23-23      TO 1/4 MILE OR LESS
LOWEST:     -1 ON 27                               3 = THUNDER
                        SNOW, ICE PELLETS, HAIL    4 = ICE PELLETS
                        TOTAL MONTH:   0.0 INCH    5 = HAIL
                        GRTST 24HR     0.0         6 = FREEZING RAIN OR DRIZZLE
                        GRTST DEPTH:   0           7 = DUSTSTORM OR SANDSTORM:
                                                       VSBY 1/2 MILE OR LESS
                                                   8 = SMOKE OR HAZE
[NO. OF DAYS WITH]      [WEATHER - DAYS WITH]      9 = BLOWING SNOW
                                                   X = TORNADO
MAX 32 OR BELOW:  13    0.01 INCH OR MORE:   4
MAX 90 OR ABOVE:   0    0.10 INCH OR MORE:   1
MIN 32 OR BELOW:  20    0.50 INCH OR MORE:   0
MIN  0 OR BELOW:   1    1.00 INCH OR MORE:   0

[HDD (BASE 65) ]
TOTAL THIS MO.   948    CLEAR  (SCALE 0-3)   7
DPTR FM NORMAL   194    PTCLDY (SCALE 4-7)  13
TOTAL FM JUL 1  1573    CLOUDY (SCALE 8-10)  7
DPTR FM NORMAL   186

[CDD (BASE 65) ]
TOTAL THIS MO.     0
DPTR FM NORMAL     0    [PRESSURE DATA]
TOTAL FM JAN 1   651    HIGHEST SLP M ON M
DPTR FM NORMAL   -77    LOWEST  SLP 29.34 ON 23

[REMARKS]




U.S. Dept. of Commerce
NOAA National Weather Service
1325 East West Highway
Silver Spring, MD 20910
E-mail: w-nws.webmaster@noaa.gov
Page last modified: May 16, 2007
NATIONAL WEATHER SERVICE: for Safety, for Work, for Fun - FOR LIFE