566
CXUS53 KDMX 300920
CF6MIW
PRELIMINARY LOCAL CLIMATOLOGICAL DATA (WS FORM: F-6)

                                          STATION:   MARSHALLTOWN IA
                                          MONTH:     JANUARY
                                          YEAR:      2015
                                          LATITUDE:   42  6 N
                                          LONGITUDE:  92 55 W

  TEMPERATURE IN F:       :PCPN:    SNOW:  WIND      :SUNSHINE: SKY     :PK WND
================================================================================
1   2   3   4   5  6A  6B    7    8   9   10  11  12  13   14  15   16   17  18
                                     12Z  AVG MX 2MIN
DY MAX MIN AVG DEP HDD CDD  WTR  SNW DPTH SPD SPD DIR MIN PSBL S-S WX    SPD DR
================================================================================

 1  39  12  26   7  39   0 0.00  0.0    M 12.1 23 290   M    M   3        28 260
 2  31  13  22   3  43   0    T    M    M  5.6 13 110   M    M   2        14 100
 3  39  20  30  11  35   0    T    M    M  7.8 24 320   M    M   8 18     31 330
 4  20  -2   9 -10  56   0    T    M    M 19.6 30 320   M    M   5 18     37 330
 5   8  -8   0 -19  65   0 0.05    M    M  9.1 20 130   M    M   5 128    24 140
 6   9 -15  -3 -22  68   0    T    M    M 14.4 33 320   M    M   4 18     38 320
 7   3 -14  -5 -24  70   0 0.00  0.0    M 18.1 31 320   M    M   5 8      37 320
 8  22 -14   4 -15  61   0    T    M    M 23.9 40 310   M    M   7 1289   48 320
 9   9  -5   2 -17  63   0    T    M    M 17.0 33 320   M    M   4 189    42 320
10  28  -7  11  -8  54   0 0.00  0.0    M  9.8 23 180   M    M   1        30 180
11  27   6  17  -2  48   0 0.00  0.0    M  5.0 16 360   M    M   0        19 360
12  16  -5   6 -13  59   0 0.00  0.0    M 12.5 22 350   M    M   1        25 350
13  18 -12   3 -16  62   0 0.00  0.0    M  4.6 10 160   M    M   1        12 160
14  27  12  20   1  45   0    T    M    M  8.7 16 200   M    M   8 1      21 210
15  37  17  27   8  38   0 0.00  0.0    M  9.3 18 300   M    M   1 1      22 290
16  45  16  31  12  34   0 0.00  0.0    M  9.3 18 160   M    M   0 1      22 160
17  43  35  39  20  26   0 0.00  0.0    M 17.0 30 300   M    M   5        36 270
18  44  24  34  15  31   0 0.00  0.0    M  9.6 17 280   M    M   0        24 270
19  45  22  34  15  31   0    T    M    M  7.9 16 150   M    M   3 1      20 150
20  40  31  36  17  29   0 0.03    M    M  8.2 16 260   M    M   8 1      19 250
21  34  28  31  12  34   0 0.00  0.0    M 13.8 22 310   M    M  10 1      26 310
22  29  24  27   8  38   0 0.00  0.0    M  8.2 15 310   M    M  10        19 320
23  41  21  31  12  34   0 0.00  0.0    M 11.9 21 200   M    M   2        26 200
24  48  24  36  17  29   0    T    M    M  7.8 17 260   M    M   2 1      20 250
25  37  29  33  14  32   0 0.24    M    M 11.5 28  50   M    M   9 1      34  50
26  47  26  37  18  28   0 0.00  0.0    M 12.2 23 320   M    M   6        27 310
27  38  27  33  13  32   0 0.00  0.0    M  9.6 18 140   M    M   6 1      22 130
28  41  28  35  15  30   0 0.00  0.0    M 15.5 26 150   M    M   6 18     33 130
29  34  21  28   8  37   0 0.00  0.0    M 22.3 32 320   M    M  10 1      40 320
================================================================================
SM  899  354      1251   0  0.32     0.0 342.3          M      132
================================================================================
AV 31.0 12.2                              11.8 FASTST   M    M   5    MAX(MPH)
                                 MISC ---->  # 40 310               # 48  320
================================================================================
NOTES:
# LAST OF SEVERAL OCCURRENCES

COLUMN 17 PEAK WIND IN M.P.H.

PRELIMINARY LOCAL CLIMATOLOGICAL DATA (WS FORM: F-6) , PAGE 2

                                          STATION:  MARSHALLTOWN IA
                                          MONTH:    JANUARY
                                          YEAR:     2015
                                          LATITUDE:   42  6 N
                                          LONGITUDE:  92 55 W

[TEMPERATURE DATA]      [PRECIPITATION DATA]       SYMBOLS USED IN COLUMN 16

AVERAGE MONTHLY: 21.6   TOTAL FOR MONTH:   0.32    1 = FOG OR MIST
DPTR FM NORMAL:   2.5   DPTR FM NORMAL:   -0.46    2 = FOG REDUCING VISIBILITY
HIGHEST:    48 ON 24    GRTST 24HR  0.24 ON 25-25      TO 1/4 MILE OR LESS
LOWEST:    -15 ON  6                               3 = THUNDER
                        SNOW, ICE PELLETS, HAIL    4 = ICE PELLETS
                        TOTAL MONTH:   0.0 INCH    5 = HAIL
                        GRTST 24HR     0.0         6 = FREEZING RAIN OR DRIZZLE
                        GRTST DEPTH:  M  ON   M    7 = DUSTSTORM OR SANDSTORM:
                                                       VSBY 1/2 MILE OR LESS
                                                   8 = SMOKE OR HAZE
[NO. OF DAYS WITH]      [WEATHER - DAYS WITH]      9 = BLOWING SNOW
                                                   X = TORNADO
MAX 32 OR BELOW:  13    0.01 INCH OR MORE:   3
MAX 90 OR ABOVE:   0    0.10 INCH OR MORE:   1
MIN 32 OR BELOW:  28    0.50 INCH OR MORE:   0
MIN  0 OR BELOW:   9    1.00 INCH OR MORE:   0

[HDD (BASE 65) ]
TOTAL THIS MO.  1251    CLEAR  (SCALE 0-3)  11
DPTR FM NORMAL   -81    PTCLDY (SCALE 4-7)  14
TOTAL FM JUL 1  4069    CLOUDY (SCALE 8-10)  4
DPTR FM NORMAL   -75

[CDD (BASE 65) ]
TOTAL THIS MO.     0
DPTR FM NORMAL     0    [PRESSURE DATA]
TOTAL FM JAN 1     0    HIGHEST SLP M ON M
DPTR FM NORMAL     0    LOWEST  SLP 29.55 ON 25

[REMARKS]




U.S. Dept. of Commerce
NOAA National Weather Service
1325 East West Highway
Silver Spring, MD 20910
E-mail: w-nws.webmaster@noaa.gov
Page last modified: May 16, 2007
NATIONAL WEATHER SERVICE: for Safety, for Work, for Fun - FOR LIFE