394
CXUS53 KIND 300730
CF6MIE
PRELIMINARY LOCAL CLIMATOLOGICAL DATA (WS FORM: F-6)

                                          STATION:   MUNCIE IN
                                          MONTH:     SEPTEMBER
                                          YEAR:      2014
                                          LATITUDE:   40 13 N
                                          LONGITUDE:  85 23 W

  TEMPERATURE IN F:       :PCPN:    SNOW:  WIND      :SUNSHINE: SKY     :PK WND
================================================================================
1   2   3   4   5  6A  6B    7    8   9   10  11  12  13   14  15   16   17  18
                                     12Z  AVG MX 2MIN
DY MAX MIN AVG DEP HDD CDD  WTR  SNW DPTH SPD SPD DIR MIN PSBL S-S WX    SPD DR
================================================================================

 1  83  71  77   6   0  12 0.06    M    M  9.5 21 240   M    M   5 13     29 220
 2  77  67  72   2   0   7 0.38    M    M  6.6 14 250   M    M   4 13     22 250
 3  83  59  71   1   0   6 0.00    M    M  2.7 10 250   M    M   2 12     14 250
 4  87  66  77   7   0  12 0.00    M    M  7.5 16 190   M    M   1 18     24 200
 5  90  68  79   9   0  14 0.25    M    M  8.7 33 320   M    M   1 13     47 310
 6  73  55  64  -5   1   0    T    M    M  6.0 14 340   M    M   5 1      20  20
 7  75  51  63  -6   2   0 0.00    M    M  2.7 10  70   M    M   0 1      13  40
 8  79  50  65  -4   0   0 0.00    M    M  2.8 13  70   M    M   0 18     17 130
 9  80  51  66  -2   0   1 0.00    M    M  4.2 12 220   M    M   2        18 260
10  78  65  72   4   0   7 2.42    M    M 11.9 25 190   M    M   4 138    36 190
11  72  55  64  -4   1   0    T    M    M 10.2 20 330   M    M  10 1      23 330
12  61  54  58  -9   7   0 0.00    M    M  6.0 12  50   M    M  10        14  50
13  62  44  53 -14  12   0 0.01    M    M  7.8 18 320   M    M   8 1      23 320
14  68  41  55 -11  10   0 0.00    M    M  2.7 12 240   M    M   3 1      16 220
15  68  45  57  -9   8   0 0.15    M    M  3.7 15 190   M    M   5 1      33 210
16  64  46  55 -11  10   0 0.00    M    M  3.9 12  20   M    M   7 18     15  10
17  67  41  54 -11  11   0 0.00    M    M  1.4  9 250   M    M   2 18     12 280
18  72  43  58  -7   7   0 0.00    M    M  4.4 14  80   M    M   1 128    26  80
19  73  45  59  -5   6   0 0.00    M    M  6.1 15 110   M    M   0 1      22 150
20  80  57  69   5   0   4 0.23    M    M  8.5 22 210   M    M   1 13     28 210
21  71  50  61  -2   4   0 0.07    M    M 12.3 26 290   M    M   5 13     36 300
22  65  42  54  -9  11   0 0.00    M    M  4.3 15  10   M    M   2 1      19 360
23  72  41  57  -5   8   0 0.00    M    M  2.4  8  40   M    M   0 1      16 140
24  78  44  61  -1   4   0 0.00    M    M  3.5 12 130   M    M   0        31 150
25  80  47  64   2   1   0 0.00    M    M  1.5  7 170   M    M   0        13  20
26  82  50  66   5   0   1 0.00    M    M  3.7 12  50   M    M   0        22  30
27  80  49  65   4   0   0 0.00    M    M  3.0 12 110   M    M   1 12     24  90
28  82  51  67   7   0   2 0.00    M    M  1.2  8 310   M    M   0 1      23 140
29  82  50  66   6   0   1 0.00    M    M  1.9 12 340   M    M   0 1      22 330
================================================================================
SM 2184 1498       103  67  3.57    M    151.1          M       79
================================================================================
AV 75.3 51.7                               5.2 FASTST   M    M   3    MAX(MPH)
                                 MISC ---->  # 33 320               # 47  310
================================================================================
NOTES:
# LAST OF SEVERAL OCCURRENCES

COLUMN 17 PEAK WIND IN M.P.H.

PRELIMINARY LOCAL CLIMATOLOGICAL DATA (WS FORM: F-6) , PAGE 2

                                          STATION:  MUNCIE IN
                                          MONTH:    SEPTEMBER
                                          YEAR:     2014
                                          LATITUDE:   40 13 N
                                          LONGITUDE:  85 23 W

[TEMPERATURE DATA]      [PRECIPITATION DATA]       SYMBOLS USED IN COLUMN 16

AVERAGE MONTHLY: 63.5   TOTAL FOR MONTH:   3.57    1 = FOG OR MIST
DPTR FM NORMAL:  -2.2   DPTR FM NORMAL:    0.70    2 = FOG REDUCING VISIBILITY
HIGHEST:    90 ON  5    GRTST 24HR  2.42 ON 10-10      TO 1/4 MILE OR LESS
LOWEST:     41 ON 23,17                            3 = THUNDER
                        SNOW, ICE PELLETS, HAIL    4 = ICE PELLETS
                        TOTAL MONTH:    M          5 = HAIL
                        GRTST 24HR    M  ON   M    6 = FREEZING RAIN OR DRIZZLE
                        GRTST DEPTH:  M  ON   M    7 = DUSTSTORM OR SANDSTORM:
                                                       VSBY 1/2 MILE OR LESS
                                                   8 = SMOKE OR HAZE
[NO. OF DAYS WITH]      [WEATHER - DAYS WITH]      9 = BLOWING SNOW
                                                   X = TORNADO
MAX 32 OR BELOW:   0    0.01 INCH OR MORE:   8
MAX 90 OR ABOVE:   1    0.10 INCH OR MORE:   5
MIN 32 OR BELOW:   0    0.50 INCH OR MORE:   1
MIN  0 OR BELOW:   0    1.00 INCH OR MORE:   1

[HDD (BASE 65) ]
TOTAL THIS MO.   103    CLEAR  (SCALE 0-3)  19
DPTR FM NORMAL    18    PTCLDY (SCALE 4-7)   8
TOTAL FM JUL 1   129    CLOUDY (SCALE 8-10)  2
DPTR FM NORMAL    34

[CDD (BASE 65) ]
TOTAL THIS MO.    67
DPTR FM NORMAL   -38    [PRESSURE DATA]
TOTAL FM JAN 1   822    HIGHEST SLP M ON M
DPTR FM NORMAL  -117    LOWEST  SLP 29.64 ON 10

[REMARKS]




U.S. Dept. of Commerce
NOAA National Weather Service
1325 East West Highway
Silver Spring, MD 20910
E-mail: w-nws.webmaster@noaa.gov
Page last modified: May 16, 2007
NATIONAL WEATHER SERVICE: for Safety, for Work, for Fun - FOR LIFE