815
CXUS53 KIND 300730
CF6MIE
PRELIMINARY LOCAL CLIMATOLOGICAL DATA (WS FORM: F-6)

                                          STATION:   MUNCIE IN
                                          MONTH:     JULY
                                          YEAR:      2014
                                          LATITUDE:   40 13 N
                                          LONGITUDE:  85 23 W

  TEMPERATURE IN F:       :PCPN:    SNOW:  WIND      :SUNSHINE: SKY     :PK WND
================================================================================
1   2   3   4   5  6A  6B    7    8   9   10  11  12  13   14  15   16   17  18
                                     12Z  AVG MX 2MIN
DY MAX MIN AVG DEP HDD CDD  WTR  SNW DPTH SPD SPD DIR MIN PSBL S-S WX    SPD DR
================================================================================

 1  85  66  76   1   0  11 0.25    M    M  9.8 25 320   M    M   3 13     36 330
 2  80  64  72  -3   0   7 0.00    M    M  9.6 17 320   M    M   3        22 280
 3  73  55  64 -11   1   0 0.02    M    M  8.8 21 340   M    M   5 1      27 350
 4  79  50  65 -10   0   0 0.00    M    M  4.8 16  20   M    M   1        20  20
 5  80  55  68  -7   0   3 0.00    M    M  5.5 13 180   M    M   0        18 210
 6  83  65  74  -1   0   9    T    M    M  8.9 18 210   M    M   6        25 210
 7  81  70  76   1   0  11    T    M    M 10.1 20 230   M    M   4 38     26 230
 8  81  67  74  -1   0   9 1.23    M    M 12.7 26 310   M    M   0 13     34 320
 9  80  63  72  -3   0   7 0.00    M    M  8.6 18 270   M    M   1        22 280
10  78  59  69  -6   0   4 0.00    M    M  4.5 12 350   M    M   2        14 360
11  81  55  68  -7   0   3 0.00    M    M  2.8 10 260   M    M   0        15 150
12  81  67  74  -1   0   9    T    M    M  8.1 18 210   M    M   1        26 210
13  84  70  77   2   0  12    T    M    M  8.9 21 260   M    M   4        25 270
14  85  66  76   1   0  11 0.39    M    M  5.4 30 300   M    M   2 13     37 300
15  69  57  63 -12   2   0 0.00    M    M  9.2 21 280   M    M   3        27 280
16  70  54  62 -13   3   0 0.00    M    M  5.7 13 320   M    M   7 1      17 330
17  75  49  62 -12   3   0 0.00    M    M  3.0 10 340   M    M   1        16  20
18  77  53  65  -9   0   0 0.00    M    M  5.5 14 100   M    M   2        17 100
19  76  60  68  -6   0   3 0.02    M    M  2.6 10  30   M    M   8 18     12  30
20  82  55  69  -5   0   4 0.00    M    M  1.9  9 100   M    M   2 12     13 110
21  84  59  72  -2   0   7 0.00    M    M  0.9  8  90   M    M   2 1       9 100
22  88  63  76   2   0  11 0.00    M    M  5.4 14 190   M    M   1        20 180
23  76  62  69  -5   0   4 0.02    M    M  7.3 15  20   M    M   7 3      19  10
24  76  56  66  -8   0   1 0.00    M    M  7.3 20  20   M    M   3 1      25  20
25  76  50  63 -11   2   0    T    M    M  3.9 13 170   M    M   2 1      18 190
26  83  67  75   1   0  10 0.09    M    M  7.7 31 270   M    M   7 3      38 270
27  83  65  74   0   0   9 0.10    M    M  9.3 24 290   M    M   6 13     33 300
28  72  51  62 -12   3   0 0.00    M    M 11.5 21 300   M    M   6        26 300
29  74  47  61 -13   4   0 0.01    M    M  5.0 16 280   M    M   2        20 290
================================================================================
SM 2292 1720        18 145  2.13    M    194.7          M       91
================================================================================
AV 79.0 59.3                               6.7 FASTST   M    M   3    MAX(MPH)
                                 MISC ---->  # 31 270               # 38  270
================================================================================
NOTES:
# LAST OF SEVERAL OCCURRENCES

COLUMN 17 PEAK WIND IN M.P.H.

PRELIMINARY LOCAL CLIMATOLOGICAL DATA (WS FORM: F-6) , PAGE 2

                                          STATION:  MUNCIE IN
                                          MONTH:    JULY
                                          YEAR:     2014
                                          LATITUDE:   40 13 N
                                          LONGITUDE:  85 23 W

[TEMPERATURE DATA]      [PRECIPITATION DATA]       SYMBOLS USED IN COLUMN 16

AVERAGE MONTHLY: 69.2   TOTAL FOR MONTH:   2.13    1 = FOG OR MIST
DPTR FM NORMAL:  -5.4   DPTR FM NORMAL:   -2.00    2 = FOG REDUCING VISIBILITY
HIGHEST:    88 ON 22    GRTST 24HR  1.23 ON  8- 8      TO 1/4 MILE OR LESS
LOWEST:     47 ON 29                               3 = THUNDER
                        SNOW, ICE PELLETS, HAIL    4 = ICE PELLETS
                        TOTAL MONTH:    M          5 = HAIL
                        GRTST 24HR    M  ON   M    6 = FREEZING RAIN OR DRIZZLE
                        GRTST DEPTH:  M  ON   M    7 = DUSTSTORM OR SANDSTORM:
                                                       VSBY 1/2 MILE OR LESS
                                                   8 = SMOKE OR HAZE
[NO. OF DAYS WITH]      [WEATHER - DAYS WITH]      9 = BLOWING SNOW
                                                   X = TORNADO
MAX 32 OR BELOW:   0    0.01 INCH OR MORE:   9
MAX 90 OR ABOVE:   0    0.10 INCH OR MORE:   4
MIN 32 OR BELOW:   0    0.50 INCH OR MORE:   1
MIN  0 OR BELOW:   0    1.00 INCH OR MORE:   1

[HDD (BASE 65) ]
TOTAL THIS MO.    18    CLEAR  (SCALE 0-3)  16
DPTR FM NORMAL    18    PTCLDY (SCALE 4-7)  13
TOTAL FM JUL 1    18    CLOUDY (SCALE 8-10)  0
DPTR FM NORMAL    18

[CDD (BASE 65) ]
TOTAL THIS MO.   145
DPTR FM NORMAL  -134    [PRESSURE DATA]
TOTAL FM JAN 1   505    HIGHEST SLP M ON M
DPTR FM NORMAL   -73    LOWEST  SLP 29.68 ON  8

[REMARKS]




U.S. Dept. of Commerce
NOAA National Weather Service
1325 East West Highway
Silver Spring, MD 20910
E-mail: w-nws.webmaster@noaa.gov
Page last modified: May 16, 2007
NATIONAL WEATHER SERVICE: for Safety, for Work, for Fun - FOR LIFE