778
CXUS53 KIND 290730
CF6MIE
PRELIMINARY LOCAL CLIMATOLOGICAL DATA (WS FORM: F-6)

                                          STATION:   MUNCIE IN
                                          MONTH:     AUGUST
                                          YEAR:      2014
                                          LATITUDE:   40 13 N
                                          LONGITUDE:  85 23 W

  TEMPERATURE IN F:       :PCPN:    SNOW:  WIND      :SUNSHINE: SKY     :PK WND
================================================================================
1   2   3   4   5  6A  6B    7    8   9   10  11  12  13   14  15   16   17  18
                                     12Z  AVG MX 2MIN
DY MAX MIN AVG DEP HDD CDD  WTR  SNW DPTH SPD SPD DIR MIN PSBL S-S WX    SPD DR
================================================================================

 1  82  57  70  -4   0   5 0.03    M    M  2.7 15 300   M    M   4 13     18 300
 2  80  63  72  -1   0   7 0.12    M    M  3.3 13 360   M    M   4 13     17  10
 3  84  57  71  -2   0   6 0.00    M    M  3.8 14 360   M    M   1 128    20  10
 4  84  59  72  -1   0   7 0.00    M    M  3.6 12 260   M    M   0 3      15 260
 5  82  62  72  -1   0   7    T    M    M  3.5 14 260   M    M   4 1      17 260
 6  79  62  71  -2   0   6 0.00    M    M  3.3 10 350   M    M   3 18     14 340
 7  79  57  68  -5   0   3 0.00    M    M  6.9 14 130   M    M   0 1      18 130
 8  83  60  72  -1   0   7 0.00    M    M  9.2 18 100   M    M   1        23  90
 9  84  63  74   1   0   9 0.00    M    M 10.3 20  80   M    M   3        26 110
10  87  66  77   4   0  12 0.15    M    M  6.8 16 130   M    M   7 13     28 110
11  80  70  75   2   0  10 0.27    M    M  6.5 20 290   M    M   7 138    27 300
12  70  60  65  -8   0   0 0.03    M    M 10.8 21 300   M    M   9 1      25 290
13  78  55  67  -6   0   2    T    M    M  7.4 15 300   M    M   4 1      21 290
14  77  52  65  -8   0   0 0.00    M    M  5.2 15 330   M    M   4 1      20 330
15  76  43  60 -13   5   0 0.00    M    M  1.5  8 310   M    M   0        11 290
16  74  50  62 -11   3   0 0.12    M    M  6.1 14 230   M    M   5 1      18 200
17  79  64  72  -1   0   7 0.01    M    M  4.5 13 100   M    M   6 18     16 130
18  85  61  73   0   0   8 0.00    M    M  2.7 10 350   M    M   4 128    14  40
19  86  64  75   2   0  10 0.10    M    M  5.6 18 240   M    M   3 138    24 190
20  84  65  75   3   0  10 0.00    M    M  8.1 18 280   M    M   0        24 250
21  83  69  76   4   0  11 3.96    M    M  7.2 28 340   M    M   5 123    37 340
22  84  70  77   5   0  12 1.21    M    M  5.9 16 330   M    M   3 13     22 330
23  88  67  78   6   0  13 0.03    M    M  3.2 15  60   M    M   3 12     21  60
24  85  69  77   5   0  12 0.00    M    M  6.0 12 140   M    M   3 1      16 140
25  90  69  80   8   0  15 0.03    M    M  4.2 26  10   M    M   2 3      37  10
26  88  66  77   5   0  12 0.00    M    M  4.0 17 340   M    M   1 13     22 320
27  85  66  76   4   0  11 0.00    M    M  3.4 14  10   M    M   2 1      16  10
28  81  62  72   1   0   7 0.00    M    M  6.2 12  80   M    M   2        14 110
================================================================================
SM 2297 1728         8 209  6.06    M    151.9          M       90
================================================================================
AV 82.0 61.7                               5.4 FASTST   M    M   3    MAX(MPH)
                                 MISC ---->  # 28 340               # 37  340
================================================================================
NOTES:
# LAST OF SEVERAL OCCURRENCES

COLUMN 17 PEAK WIND IN M.P.H.

PRELIMINARY LOCAL CLIMATOLOGICAL DATA (WS FORM: F-6) , PAGE 2

                                          STATION:  MUNCIE IN
                                          MONTH:    AUGUST
                                          YEAR:     2014
                                          LATITUDE:   40 13 N
                                          LONGITUDE:  85 23 W

[TEMPERATURE DATA]      [PRECIPITATION DATA]       SYMBOLS USED IN COLUMN 16

AVERAGE MONTHLY: 71.9   TOTAL FOR MONTH:   6.06    1 = FOG OR MIST
DPTR FM NORMAL:  -0.8   DPTR FM NORMAL:    3.09    2 = FOG REDUCING VISIBILITY
HIGHEST:    90 ON 25    GRTST 24HR  4.90 ON 21-22      TO 1/4 MILE OR LESS
LOWEST:     43 ON 15                               3 = THUNDER
                        SNOW, ICE PELLETS, HAIL    4 = ICE PELLETS
                        TOTAL MONTH:    M          5 = HAIL
                        GRTST 24HR    M  ON   M    6 = FREEZING RAIN OR DRIZZLE
                        GRTST DEPTH:  M  ON   M    7 = DUSTSTORM OR SANDSTORM:
                                                       VSBY 1/2 MILE OR LESS
                                                   8 = SMOKE OR HAZE
[NO. OF DAYS WITH]      [WEATHER - DAYS WITH]      9 = BLOWING SNOW
                                                   X = TORNADO
MAX 32 OR BELOW:   0    0.01 INCH OR MORE:  12
MAX 90 OR ABOVE:   1    0.10 INCH OR MORE:   7
MIN 32 OR BELOW:   0    0.50 INCH OR MORE:   2
MIN  0 OR BELOW:   0    1.00 INCH OR MORE:   2

[HDD (BASE 65) ]
TOTAL THIS MO.     8    CLEAR  (SCALE 0-3)  14
DPTR FM NORMAL     8    PTCLDY (SCALE 4-7)  13
TOTAL FM JUL 1    26    CLOUDY (SCALE 8-10)  1
DPTR FM NORMAL    23

[CDD (BASE 65) ]
TOTAL THIS MO.   209
DPTR FM NORMAL   -11    [PRESSURE DATA]
TOTAL FM JAN 1   722    HIGHEST SLP  0.00 ON 27
DPTR FM NORMAL   -91    LOWEST  SLP  0.00 ON 27

[REMARKS]




U.S. Dept. of Commerce
NOAA National Weather Service
1325 East West Highway
Silver Spring, MD 20910
E-mail: w-nws.webmaster@noaa.gov
Page last modified: May 16, 2007
NATIONAL WEATHER SERVICE: for Safety, for Work, for Fun - FOR LIFE