312
CXUS53 KIND 010730
CF6MIE
PRELIMINARY LOCAL CLIMATOLOGICAL DATA (WS FORM: F-6)

                                          STATION:   MUNCIE IN
                                          MONTH:     NOVEMBER
                                          YEAR:      2014
                                          LATITUDE:   40 13 N
                                          LONGITUDE:  85 23 W

  TEMPERATURE IN F:       :PCPN:    SNOW:  WIND      :SUNSHINE: SKY     :PK WND
================================================================================
1   2   3   4   5  6A  6B    7    8   9   10  11  12  13   14  15   16   17  18
                                     12Z  AVG MX 2MIN
DY MAX MIN AVG DEP HDD CDD  WTR  SNW DPTH SPD SPD DIR MIN PSBL S-S WX    SPD DR
================================================================================

 1  43  27  35 -14  30   0 0.00    M    M 14.2 26 360   M    M   5        33 360
 2  50  22  36 -12  29   0 0.00    M    M  3.0 12 260   M    M   0 1      15 200
 3  65  40  53   5  12   0 0.00    M    M 12.3 23 210   M    M   4        33 220
 4  56  45  51   3  14   0 0.22    M    M 12.8 22 230   M    M   6 1      31 220
 5  59  41  50   3  15   0 0.00    M    M  5.9 12 220   M    M   0 1      19 290
 6  48  40  44  -3  21   0 0.06    M    M 14.8 29 300   M    M   9 1      37 310
 7  44  34  39  -7  26   0 0.00    M    M  7.1 18 330   M    M   6        28 210
 8  48  38  43  -3  22   0 0.01    M    M 10.6 20 310   M    M   6 18     26 240
 9  50  32  41  -5  24   0 0.00    M    M  9.0 16 200   M    M   2        22 200
10  61  43  52   7  13   0 0.00    M    M 12.6 21 180   M    M   0        27 190
11  62  36  49   4  16   0 0.10    M    M 14.0 23 290   M    M   5 18     38 310
12  36  28  32 -12  33   0 0.00    M    M  9.8 20 300   M    M  10 8      27 310
13  29  22  26 -18  39   0    T    M    M 11.4 17 270   M    M   7        22 290
14  32  19  26 -18  39   0 0.00    M    M  7.7 14 260   M    M   2        25 320
15  34  16  25 -18  40   0 0.00    M    M  4.5 12 210   M    M   1        15 190
16  34  28  31 -12  34   0 0.23    M    M  3.7 10 210   M    M  10 18     21 330
17  30  14  22 -20  43   0 0.02    M    M 14.9 24 290   M    M   7 18     32 290
18  18   9  14 -28  51   0    T    M    M 15.8 26 260   M    M   8 8      33 280
19  36  14  25 -16  40   0    T    M    M 15.5 28 270   M    M   8        38 280
20  28  19  24 -17  41   0 0.00    M    M 14.5 25 270   M    M   6        33 270
21  31  10  21 -19  44   0 0.00    M    M  6.1 13 180   M    M   0        17 180
22  54  30  42   2  23   0 0.04    M    M 12.7 22 210   M    M  10        30 210
23  59  46  53  14  12   0 1.48    M    M 13.3 21 150   M    M   8 1      30 180
24  59  36  48   9  17   0 0.17    M    M 19.7 35 260   M    M  10 13     47 250
25  36  28  32  -6  33   0 0.00    M    M 10.7 24 250   M    M  10        34 250
26  30  27  29  -9  36   0 0.00    M    M  4.5 10 100   M    M  10        17 100
27  30  22  26 -12  39   0    T    M    M 11.3 20 290   M    M  10 18     25 290
28  33  21  27 -10  38   0 0.00    M    M  8.7 16 170   M    M   5        23 190
29  54  33  44   8  21   0 0.00    M    M 14.2 23 210   M    M   4        31 210
30  63  40  52  16  13   0 0.12    M    M 13.3 21 210   M    M  10 1      29 210
================================================================================
SM 1312  860       858   0  2.45    M    328.6          M      179
================================================================================
AV 43.7 28.7                              11.0 FASTST   M    M   6    MAX(MPH)
                                 MISC ---->  # 35 260               # 47  250
================================================================================
NOTES:
# LAST OF SEVERAL OCCURRENCES

COLUMN 17 PEAK WIND IN M.P.H.

PRELIMINARY LOCAL CLIMATOLOGICAL DATA (WS FORM: F-6) , PAGE 2

                                          STATION:  MUNCIE IN
                                          MONTH:    NOVEMBER
                                          YEAR:     2014
                                          LATITUDE:   40 13 N
                                          LONGITUDE:  85 23 W

[TEMPERATURE DATA]      [PRECIPITATION DATA]       SYMBOLS USED IN COLUMN 16

AVERAGE MONTHLY: 36.2   TOTAL FOR MONTH:   2.45    1 = FOG OR MIST
DPTR FM NORMAL:  -6.4   DPTR FM NORMAL:   -1.00    2 = FOG REDUCING VISIBILITY
HIGHEST:    65 ON  3    GRTST 24HR  1.55 ON 23-24      TO 1/4 MILE OR LESS
LOWEST:      9 ON 18                               3 = THUNDER
                        SNOW, ICE PELLETS, HAIL    4 = ICE PELLETS
                        TOTAL MONTH:    M          5 = HAIL
                        GRTST 24HR    M  ON   M    6 = FREEZING RAIN OR DRIZZLE
                        GRTST DEPTH:  M  ON   M    7 = DUSTSTORM OR SANDSTORM:
                                                       VSBY 1/2 MILE OR LESS
                                                   8 = SMOKE OR HAZE
[NO. OF DAYS WITH]      [WEATHER - DAYS WITH]      9 = BLOWING SNOW
                                                   X = TORNADO
MAX 32 OR BELOW:   8    0.01 INCH OR MORE:  10
MAX 90 OR ABOVE:   0    0.10 INCH OR MORE:   6
MIN 32 OR BELOW:  18    0.50 INCH OR MORE:   1
MIN  0 OR BELOW:   0    1.00 INCH OR MORE:   1

[HDD (BASE 65) ]
TOTAL THIS MO.   858    CLEAR  (SCALE 0-3)   7
DPTR FM NORMAL   187    PTCLDY (SCALE 4-7)  13
TOTAL FM JUL 1  1353    CLOUDY (SCALE 8-10) 10
DPTR FM NORMAL   218

[CDD (BASE 65) ]
TOTAL THIS MO.     0
DPTR FM NORMAL    -1    [PRESSURE DATA]
TOTAL FM JAN 1   831    HIGHEST SLP 30.54 ON 21
DPTR FM NORMAL  -125    LOWEST  SLP 29.13 ON 24

[REMARKS]
#FINAL-11-14#




U.S. Dept. of Commerce
NOAA National Weather Service
1325 East West Highway
Silver Spring, MD 20910
E-mail: w-nws.webmaster@noaa.gov
Page last modified: May 16, 2007
NATIONAL WEATHER SERVICE: for Safety, for Work, for Fun - FOR LIFE