387
CXUS53 KMPX 011000
CF6MIC
PRELIMINARY LOCAL CLIMATOLOGICAL DATA (WS FORM: F-6)

                                          STATION:   MINNEAPOLIS CRYSTAL MN
                                          MONTH:     JANUARY
                                          YEAR:      2015
                                          LATITUDE:   45  4 N
                                          LONGITUDE:  93 21 W

  TEMPERATURE IN F:       :PCPN:    SNOW:  WIND      :SUNSHINE: SKY     :PK WND
================================================================================
1   2   3   4   5  6A  6B    7    8   9   10  11  12  13   14  15   16   17  18
                                     12Z  AVG MX 2MIN
DY MAX MIN AVG DEP HDD CDD  WTR  SNW DPTH SPD SPD DIR MIN PSBL S-S WX    SPD DR
================================================================================

 1  31  12  22   6  43   0    M    M    M  9.4 17 320   M    M   5        23 240
 2  29   3  16   0  49   0    M    M    M  6.7 13 160   M    M   7        17 200
 3  33  11  22   6  43   0    M    M    M 11.3 25 350   M    M   5 18     35 360
 4  11  -7   2 -14  63   0    M    M    M 14.3 23 310   M    M   2 8      33 340
 5   2 -10  -4 -19  69   0    M    M    M  5.9 13 230   M    M   3 8      18 290
 6   9  -9   0 -15  65   0    M    M    M 11.9 25 320   M    M   1 8      34 330
 7   0  -8  -4 -19  69   0    M    M    M 12.3 23 330   M    M   0        29 320
 8  16  -4   6  -9  59   0    M    M    M 14.3 31 310   M    M   8 189    43 300
 9   7  -3   2 -13  63   0    M    M    M 13.3 29 300   M    M   2 89     37 300
10  18  -5   7  -8  58   0    M    M    M  4.6 10 180   M    M   3        14 160
11  14   2   8  -7  57   0    M    M    M  4.7  9 300   M    M   6        12 360
12  13  -7   3 -12  62   0    M    M    M  5.7 14 350   M    M   0        18 350
13   M -11   M   M   M   M    M    M    M  7.3 16 190   M    M   2 8      20 190
14  25  16  21   6  44   0    M    M    M  6.6 12 230   M    M   8 8      14 220
15  36  20  28  13  37   0    M    M    M  7.4 18 300   M    M   5 8      24 290
16  31  26  29  14  36   0    M    M    M  7.4 15  80   M    M   9 1      19 100
17  39  27  33  18  32   0    M    M    M 10.4 24 280   M    M   7 18     34 280
18  40  24  32  17  33   0    M    M    M  6.1 14 290   M    M   3        20 290
19  37  19  28  13  37   0    M    M    M  5.8 16 160   M    M   7 1      21 160
20  32  29  31  16  34   0    M    M    M  5.8 12  80   M    M  10 18     14  50
21  30  26  28  13  37   0    M    M    M  7.4 13 330   M    M  10 1      15  10
22  30  18  24   9  41   0    M    M    M  8.8 17 200   M    M   7 8      24 210
23  40  30  35  20  30   0    M    M    M  9.6 18 200   M    M   4        24 200
24  44  29  37  22  28   0    M    M    M  5.0 13 280   M    M   4 1      16 270
25  35  20  28  13  37   0    M    M    M  8.0 17  30   M    M   5 18     22  40
26  46  23  35  19  30   0    M    M    M  8.5 17 300   M    M  10        23 310
27  37  32  35  19  30   0    M    M    M  7.1 15 170   M    M  10 8      20 150
28  32  29  31  15  34   0    M    M    M 10.5 20 140   M    M  10 18     26 140
29  35  14  25   9  40   0    M    M    M 14.4 24 310   M    M   7 1      32 310
30  28  12  20   4  45   0    M    M    M  6.5 14 180   M    M   1        19 160
31  30  16  23   7  42   0    M    M    M  6.8 17  50   M    M   8 18     24  60
================================================================================
SM  810  374      1347   0    M     M    263.8          M      169
================================================================================
AV 27.0 12.1                               8.5 FASTST   M    M   5    MAX(MPH)
                                 MISC ---->  # 31 310               # 43  300
================================================================================
NOTES:
# LAST OF SEVERAL OCCURRENCES

COLUMN 17 PEAK WIND IN M.P.H.

PRELIMINARY LOCAL CLIMATOLOGICAL DATA (WS FORM: F-6) , PAGE 2

                                          STATION:  MINNEAPOLIS CRYSTAL MN
                                          MONTH:    JANUARY
                                          YEAR:     2015
                                          LATITUDE:   45  4 N
                                          LONGITUDE:  93 21 W

[TEMPERATURE DATA]      [PRECIPITATION DATA]       SYMBOLS USED IN COLUMN 16

AVERAGE MONTHLY: 19.5   TOTAL FOR MONTH:      M    1 = FOG OR MIST
DPTR FM NORMAL:   4.3   DPTR FM NORMAL:       M    2 = FOG REDUCING VISIBILITY
HIGHEST:    46 ON 26    GRTST 24HR  0.04 ON  4- 5      TO 1/4 MILE OR LESS
LOWEST:    -11 ON 13                               3 = THUNDER
                        SNOW, ICE PELLETS, HAIL    4 = ICE PELLETS
                        TOTAL MONTH:    M          5 = HAIL
                        GRTST 24HR    M  ON   M    6 = FREEZING RAIN OR DRIZZLE
                        GRTST DEPTH:  M  ON   M    7 = DUSTSTORM OR SANDSTORM:
                                                       VSBY 1/2 MILE OR LESS
                                                   8 = SMOKE OR HAZE
[NO. OF DAYS WITH]      [WEATHER - DAYS WITH]      9 = BLOWING SNOW
                                                   X = TORNADO
MAX 32 OR BELOW:  19    0.01 INCH OR MORE:   0
MAX 90 OR ABOVE:   0    0.10 INCH OR MORE:   0
MIN 32 OR BELOW:  31    0.50 INCH OR MORE:   0
MIN  0 OR BELOW:   9    1.00 INCH OR MORE:   0

[HDD (BASE 65) ]
TOTAL THIS MO.  1347    CLEAR  (SCALE 0-3)   9
DPTR FM NORMAL  -195    PTCLDY (SCALE 4-7)  16
TOTAL FM JUL 1  4375    CLOUDY (SCALE 8-10)  6
DPTR FM NORMAL  -241

[CDD (BASE 65) ]
TOTAL THIS MO.     0
DPTR FM NORMAL     0    [PRESSURE DATA]
TOTAL FM JAN 1     0    HIGHEST SLP 30.99 ON  7
DPTR FM NORMAL     0    LOWEST  SLP 29.50 ON 17

[REMARKS]
#FINAL-01-15#




U.S. Dept. of Commerce
NOAA National Weather Service
1325 East West Highway
Silver Spring, MD 20910
E-mail: w-nws.webmaster@noaa.gov
Page last modified: May 16, 2007
NATIONAL WEATHER SERVICE: for Safety, for Work, for Fun - FOR LIFE