971
CXUS53 KMPX 011000
CF6MIC
PRELIMINARY LOCAL CLIMATOLOGICAL DATA (WS FORM: F-6)

                                          STATION:   MINNEAPOLIS CRYSTAL MN
                                          MONTH:     SEPTEMBER
                                          YEAR:      2014
                                          LATITUDE:   45  4 N
                                          LONGITUDE:  93 21 W

  TEMPERATURE IN F:       :PCPN:    SNOW:  WIND      :SUNSHINE: SKY     :PK WND
================================================================================
1   2   3   4   5  6A  6B    7    8   9   10  11  12  13   14  15   16   17  18
                                     12Z  AVG MX 2MIN
DY MAX MIN AVG DEP HDD CDD  WTR  SNW DPTH SPD SPD DIR MIN PSBL S-S WX    SPD DR
================================================================================

 1  78  61  70   2   0   5    T    M    M  7.3 17 270   M    M   5        24 270
 2  79  61  70   3   0   5 0.00    M    M  6.2 15 230   M    M   1        22 240
 3  80  59  70   3   0   5 0.23    M    M  6.8 15 130   M    M   6 13     21 210
 4  85  66  76  10   0  11 0.01    M    M  9.5 21 290   M    M   4 13     27 290
 5  67  53  60  -6   5   0 0.00    M    M  9.3 18 310   M    M   3        27 300
 6  77  53  65  -1   0   0 0.00    M    M  5.9 14 260   M    M   0        18 260
 7  77  52  65   0   0   0 0.00    M    M  8.6 17 220   M    M   0        21 210
 8  77  60  69   4   0   4 0.00    M    M 10.8 21 200   M    M   4        27 170
 9  76  61  69   5   0   4 0.29    M    M  5.7 14 160   M    M   7 138    16 150
10  68  48  58  -6   7   0 0.18    M    M 13.3 24 350   M    M  10 18     32 350
11  58  41  50 -13  15   0 0.00    M    M  5.7 16  20   M    M   5 8      23  20
12  57  40  49 -14  16   0 0.00    M    M  5.5 17 310   M    M   5        25 290
13  62  35  49 -13  16   0 0.00    M    M  6.2 18 190   M    M   2 1      24 190
14  65  51  58  -4   7   0 0.00    M    M  8.1 20 240   M    M   2        24 230
15  63  43  53  -9  12   0 0.08    M    M  3.6 14 310   M    M   5 1      20 300
16  69  41  55  -6  10   0 0.00    M    M  4.3 15 250   M    M   2        18 250
17  76  54  65   5   0   0 0.00    M    M  3.4 10  30   M    M   5        13  20
18  76  46  61   1   4   0 0.00    M    M  7.1 14 160   M    M   2        20 140
19  77  59  68   8   0   3    T    M    M  8.5 24 160   M    M   5 18     32 170
20  78  58  68   9   0   3 0.23    M    M 10.8 36 290   M    M   1 3      45 310
21  69  51  60   1   5   0 0.00    M    M 10.5 21 310   M    M   3        29 300
22  72  44  58   0   7   0 0.00    M    M  3.5 14 260   M    M   0 1      17 240
23  76  47  62   4   3   0 0.00    M    M  7.0 17 160   M    M   2 1      23 200
24  65  60  63   6   2   0 0.02    M    M  9.7 21 170   M    M  10        26 170
25  79  59  69  12   0   4 0.00    M    M  6.1 12 160   M    M   4 1      16 150
26  83  55  69  13   0   4 0.00    M    M  7.0 17 160   M    M   1 1      23 150
27  85  62  74  18   0   9 0.00    M    M  6.9 16 150   M    M   2        20 200
28  84  57  71  15   0   6 0.00    M    M  3.5 14 200   M    M   0 18     18 220
29  67  43  55   0  10   0 0.09    M    M  9.2 17  10   M    M   6 18     23  10
30  59  43  51  -4  14   0 0.00    M    M 10.5 20 130   M    M   6        27 120
================================================================================
SM 2184 1563       133  63  1.13    M    220.5          M      108
================================================================================
AV 72.8 52.1                               7.3 FASTST   M    M   4    MAX(MPH)
                                 MISC ---->  # 36 290               # 45  310
================================================================================
NOTES:
# LAST OF SEVERAL OCCURRENCES

COLUMN 17 PEAK WIND IN M.P.H.

PRELIMINARY LOCAL CLIMATOLOGICAL DATA (WS FORM: F-6) , PAGE 2

                                          STATION:  MINNEAPOLIS CRYSTAL MN
                                          MONTH:    SEPTEMBER
                                          YEAR:     2014
                                          LATITUDE:   45  4 N
                                          LONGITUDE:  93 21 W

[TEMPERATURE DATA]      [PRECIPITATION DATA]       SYMBOLS USED IN COLUMN 16

AVERAGE MONTHLY: 62.5   TOTAL FOR MONTH:   1.13    1 = FOG OR MIST
DPTR FM NORMAL:   1.2   DPTR FM NORMAL:   -2.36    2 = FOG REDUCING VISIBILITY
HIGHEST:    85 ON 27, 4 GRTST 24HR  0.58 ON 31- 1      TO 1/4 MILE OR LESS
LOWEST:     35 ON 13                               3 = THUNDER
                        SNOW, ICE PELLETS, HAIL    4 = ICE PELLETS
                        TOTAL MONTH:    M          5 = HAIL
                        GRTST 24HR    M  ON   M    6 = FREEZING RAIN OR DRIZZLE
                        GRTST DEPTH:  M  ON   M    7 = DUSTSTORM OR SANDSTORM:
                                                       VSBY 1/2 MILE OR LESS
                                                   8 = SMOKE OR HAZE
[NO. OF DAYS WITH]      [WEATHER - DAYS WITH]      9 = BLOWING SNOW
                                                   X = TORNADO
MAX 32 OR BELOW:   0    0.01 INCH OR MORE:   8
MAX 90 OR ABOVE:   0    0.10 INCH OR MORE:   4
MIN 32 OR BELOW:   0    0.50 INCH OR MORE:   0
MIN  0 OR BELOW:   0    1.00 INCH OR MORE:   0

[HDD (BASE 65) ]
TOTAL THIS MO.   133    CLEAR  (SCALE 0-3)  15
DPTR FM NORMAL   -37    PTCLDY (SCALE 4-7)  13
TOTAL FM JUL 1   137    CLOUDY (SCALE 8-10)  2
DPTR FM NORMAL   -51

[CDD (BASE 65) ]
TOTAL THIS MO.    63
DPTR FM NORMAL     7    [PRESSURE DATA]
TOTAL FM JAN 1   744    HIGHEST SLP 30.45 ON 12
DPTR FM NORMAL    58    LOWEST  SLP 29.57 ON  1

[REMARKS]
#FINAL-09-14#




U.S. Dept. of Commerce
NOAA National Weather Service
1325 East West Highway
Silver Spring, MD 20910
E-mail: w-nws.webmaster@noaa.gov
Page last modified: May 16, 2007
NATIONAL WEATHER SERVICE: for Safety, for Work, for Fun - FOR LIFE