630
CXUS53 KMPX 011000
CF6MIC
PRELIMINARY LOCAL CLIMATOLOGICAL DATA (WS FORM: F-6)

                                          STATION:   MINNEAPOLIS CRYSTAL MN
                                          MONTH:     NOVEMBER
                                          YEAR:      2014
                                          LATITUDE:   45  4 N
                                          LONGITUDE:  93 21 W

  TEMPERATURE IN F:       :PCPN:    SNOW:  WIND      :SUNSHINE: SKY     :PK WND
================================================================================
1   2   3   4   5  6A  6B    7    8   9   10  11  12  13   14  15   16   17  18
                                     12Z  AVG MX 2MIN
DY MAX MIN AVG DEP HDD CDD  WTR  SNW DPTH SPD SPD DIR MIN PSBL S-S WX    SPD DR
================================================================================

 1  45  19  32  -9  33   0    M    M    M  9.5 20 150   M    M   0        26 160
 2  59  34  47   6  18   0    M    M    M 12.4 21 140   M    M   0        28 170
 3  56  43  50  10  15   0    M    M    M  8.6 18 290   M    M   5        24 290
 4  55  37  46   6  19   0    M    M    M 13.4 25 280   M    M   6        33 250
 5  45  30  38  -1  27   0    M    M    M  6.3 16 360   M    M   8 18     21  20
 6  46  26  36  -3  29   0    M    M    M  8.1 20 330   M    M   4        24 320
 7  48  26  37  -1  28   0    M    M    M 11.8 29 310   M    M   7 1      38 320
 8  43  35  39   1  26   0    M    M    M 13.8 26 320   M    M   8        37 340
 9  42  31  37   0  28   0    M    M    M  7.2 17 320   M    M   7        21 330
10  32  26  29  -7  36   0    M    M    M 13.7 23 350   M    M  10 18     33  30
11  27  19  23 -13  42   0    M    M    M 13.8 22 350   M    M  10 18     32 350
12  24  14  19 -16  46   0    M    M    M  8.4 15 280   M    M   8 18     20 280
13  25  18  22 -13  43   0    M    M    M 12.1 20 320   M    M   8        24 310
14  21   8  15 -19  50   0    M    M    M  5.9 13 310   M    M   3 18     17 290
15  23   2  13 -21  52   0    M    M    M  2.2  7 160   M    M   7 18      7 160
16  23   9  16 -17  49   0    M    M    M  9.9 20 220   M    M   4 18     25 190
17  17   7  12 -20  53   0    M    M    M 15.0 23 300   M    M   3 8      32 320
18  19   8  14 -18  51   0    M    M    M 10.5 20 290   M    M   8 1      24 290
19  25  16  21 -10  44   0    M    M    M 14.2 25 300   M    M   8 18     34 310
20  18   4  11 -19  54   0    M    M    M  9.7 22 320   M    M   0        27 310
21  34   2  18 -12  47   0    M    M    M  9.9 21 180   M    M   3        28 170
22  40  34  37   8  28   0    M    M    M  9.6 16 190   M    M   9 18     23 210
23  50  33  42  13  23   0    M    M    M  8.5 20 310   M    M   9 12     27 310
24  33  15  24  -4  41   0    M    M    M 17.0 25 300   M    M  10 18     33 310
25  26  10  18 -10  47   0    M    M    M  5.7 13 300   M    M   6        18 300
26  27  10  19  -8  46   0    M    M    M  8.4 17 330   M    M  10 18     23 330
27  12  -3   5 -22  60   0    M    M    M  6.0 14 350   M    M   2 8      18 350
28  25   8  17  -9  48   0    M    M    M  7.9 13 130   M    M   8        19 140
29  41  24  33   7  32   0    M    M    M  7.5 22 310   M    M   1 18     27 310
30  24   6  15 -10  50   0    M    M    M 13.8 21 320   M    M   4        28 320
================================================================================
SM 1005  551      1165   0    M     M    300.8          M      176
================================================================================
AV 33.5 18.4                              10.0 FASTST   M    M   6    MAX(MPH)
                                 MISC ---->  # 29 310               # 38  320
================================================================================
NOTES:
# LAST OF SEVERAL OCCURRENCES

COLUMN 17 PEAK WIND IN M.P.H.

PRELIMINARY LOCAL CLIMATOLOGICAL DATA (WS FORM: F-6) , PAGE 2

                                          STATION:  MINNEAPOLIS CRYSTAL MN
                                          MONTH:    NOVEMBER
                                          YEAR:     2014
                                          LATITUDE:   45  4 N
                                          LONGITUDE:  93 21 W

[TEMPERATURE DATA]      [PRECIPITATION DATA]       SYMBOLS USED IN COLUMN 16

AVERAGE MONTHLY: 25.9   TOTAL FOR MONTH:      M    1 = FOG OR MIST
DPTR FM NORMAL:  -7.3   DPTR FM NORMAL:       M    2 = FOG REDUCING VISIBILITY
HIGHEST:    59 ON  2    GRTST 24HR  0.47 ON  9-10      TO 1/4 MILE OR LESS
LOWEST:     -3 ON 27                               3 = THUNDER
                        SNOW, ICE PELLETS, HAIL    4 = ICE PELLETS
                        TOTAL MONTH:    M          5 = HAIL
                        GRTST 24HR    M  ON   M    6 = FREEZING RAIN OR DRIZZLE
                        GRTST DEPTH:  M  ON   M    7 = DUSTSTORM OR SANDSTORM:
                                                       VSBY 1/2 MILE OR LESS
                                                   8 = SMOKE OR HAZE
[NO. OF DAYS WITH]      [WEATHER - DAYS WITH]      9 = BLOWING SNOW
                                                   X = TORNADO
MAX 32 OR BELOW:  16    0.01 INCH OR MORE:   0
MAX 90 OR ABOVE:   0    0.10 INCH OR MORE:   0
MIN 32 OR BELOW:  24    0.50 INCH OR MORE:   0
MIN  0 OR BELOW:   1    1.00 INCH OR MORE:   0

[HDD (BASE 65) ]
TOTAL THIS MO.  1165    CLEAR  (SCALE 0-3)   7
DPTR FM NORMAL   211    PTCLDY (SCALE 4-7)  14
TOTAL FM JUL 1  1791    CLOUDY (SCALE 8-10)  9
DPTR FM NORMAL   127

[CDD (BASE 65) ]
TOTAL THIS MO.     0
DPTR FM NORMAL     0    [PRESSURE DATA]
TOTAL FM JAN 1   744    HIGHEST SLP 30.58 ON 27
DPTR FM NORMAL    52    LOWEST  SLP 29.31 ON 24

[REMARKS]
#FINAL-11-14#




U.S. Dept. of Commerce
NOAA National Weather Service
1325 East West Highway
Silver Spring, MD 20910
E-mail: w-nws.webmaster@noaa.gov
Page last modified: May 16, 2007
NATIONAL WEATHER SERVICE: for Safety, for Work, for Fun - FOR LIFE