359
CXUS52 KMFL 291000
CF6MIA
PRELIMINARY LOCAL CLIMATOLOGICAL DATA (WS FORM: F-6)

                                          STATION:   MIAMI
                                          MONTH:     JULY
                                          YEAR:      2014
                                          LATITUDE:   25 49 N
                                          LONGITUDE:  80 17 W

  TEMPERATURE IN F:       :PCPN:    SNOW:  WIND      :SUNSHINE: SKY     :PK WND
================================================================================
1   2   3   4   5  6A  6B    7    8   9   10  11  12  13   14  15   16   17  18
                                     12Z  AVG MX 2MIN
DY MAX MIN AVG DEP HDD CDD  WTR  SNW DPTH SPD SPD DIR MIN PSBL S-S WX    SPD DR
================================================================================

 1  89  77  83  -1   0  18 0.02  0.0    0  8.1 15 250   0    M   9 13     19 230
 2  90  77  84   0   0  19 0.66  0.0    0  5.2 21 290 307   37   7 138    26 290
 3  92  77  85   1   0  20 0.03  0.0    0  5.7 16 150 441   54   6 138    26 160
 4  91  79  85   1   0  20    T  0.0    0  4.7 17 120 380   46   7 8      22 140
 5  89  76  83  -1   0  18 0.77  0.0    0  2.9 28 100 210   26   7 138    35 100
 6  88  78  83  -1   0  18    T  0.0    0  5.5 16 110 189    M   7 3      23 150
 7  88  79  84   0   0  19 0.20  0.0    0  4.6 16 270 211   26   8 3      21 270
 8  90  76  83  -1   0  18 0.04  0.0    0  2.7  9 140 303   37   8 3       M  M
 9  92  75  84   0   0  19 0.41  0.0    0  3.8 18 170 327    M   9 38     27 170
10  90  76  83  -1   0  18 0.04  0.0    0  4.1 17  80 237   29   6 3      22 160
11  91  75  83  -1   0  18 0.92  0.0    0  8.2 22 140 712   87   6 13     26 130
12  90  76  83  -1   0  18 0.16  0.0    0  7.3 17 310 500   61   6 13     27 280
13  89  78  84   0   0  19    T  0.0    0  8.1 15 140 628   77   6        21 120
14  90  79  85   1   0  20 0.01  0.0    0  3.5 16 240 254   31   6 3      20 250
15  90  71  81  -3   0  16 1.18  0.0    0  4.7 43 180 461   56   7 1238   51 180
16  89  78  84   0   0  19 0.19  0.0    0  6.2 21 200 337   41   8 3      30 210
17  89  77  83  -1   0  18 0.16  0.0    0  3.9 21 340 227   28   7 38     30 340
18  95  77  86   2   0  21 0.09  0.0    0  5.7 17 120 437   54   6 13     20 120
19  91  78  85   1   0  20 1.53  0.0    0  3.4 17  80 402   49   5 13     24 150
20  92  78  85   1   0  20 0.78  0.0    0  4.4 17  50 386    M   7 13     22  50
21  88  76  82  -2   0  17 0.14  0.0    0  2.9 16 200 121    M   8 13     21 190
22  90  77  84   0   0  19 0.22  0.0    0  4.4 16 140 511   63   8 1      20 170
23  89  79  84   0   0  19 0.55  0.0    0  4.4 15 220 425   53   6 138    21 200
24  90  79  85   1   0  20 0.13  0.0    0  4.5 15 130 421    M   6        20 140
25  91  78  85   1   0  20 0.15  0.0    0  4.1 17  50 477   59   4 3      24  70
26  90  74  82  -2   0  17 0.59  0.0    0  3.7 23 320 420   52   6 13     32 320
27  93  78  86   2   0  21 0.00  0.0    0  5.0 14 140 608   76   6        21 190
28  95  81  88   4   0  23 0.00  0.0    0  5.9 15 160 757   94   6        20 270
================================================================================
SM 2531 2159         0 532  8.97     0.0 137.6        10689    188
================================================================================
AV 90.4 77.1                               4.9 FASTST  382  52   7    MAX(MPH)
                                 MISC ---->  # 43 180               # 51  180
================================================================================
NOTES:
# LAST OF SEVERAL OCCURRENCES

COLUMN 17 PEAK WIND IN M.P.H.

PRELIMINARY LOCAL CLIMATOLOGICAL DATA (WS FORM: F-6) , PAGE 2

                                          STATION:  MIAMI
                                          MONTH:    JULY
                                          YEAR:     2014
                                          LATITUDE:   25 49 N
                                          LONGITUDE:  80 17 W

[TEMPERATURE DATA]      [PRECIPITATION DATA]       SYMBOLS USED IN COLUMN 16

AVERAGE MONTHLY: 83.8   TOTAL FOR MONTH:   8.97    1 = FOG OR MIST
DPTR FM NORMAL:  -0.2   DPTR FM NORMAL:    3.09    2 = FOG REDUCING VISIBILITY
HIGHEST:    95 ON 28,18 GRTST 24HR  1.94 ON 30- 1      TO 1/4 MILE OR LESS
LOWEST:     71 ON 15                               3 = THUNDER
                        SNOW, ICE PELLETS, HAIL    4 = ICE PELLETS
                        TOTAL MONTH:   0.0 INCH    5 = HAIL
                        GRTST 24HR     0.0         6 = FREEZING RAIN OR DRIZZLE
                        GRTST DEPTH:   0           7 = DUSTSTORM OR SANDSTORM:
                                                       VSBY 1/2 MILE OR LESS
                                                   8 = SMOKE OR HAZE
[NO. OF DAYS WITH]      [WEATHER - DAYS WITH]      9 = BLOWING SNOW
                                                   X = TORNADO
MAX 32 OR BELOW:   0    0.01 INCH OR MORE:  23
MAX 90 OR ABOVE:  19    0.10 INCH OR MORE:  17
MIN 32 OR BELOW:   0    0.50 INCH OR MORE:   8
MIN  0 OR BELOW:   0    1.00 INCH OR MORE:   2

[HDD (BASE 65) ]
TOTAL THIS MO.     0    CLEAR  (SCALE 0-3)   0
DPTR FM NORMAL     0    PTCLDY (SCALE 4-7)  26
TOTAL FM JUL 1     0    CLOUDY (SCALE 8-10)  2
DPTR FM NORMAL     0

[CDD (BASE 65) ]
TOTAL THIS MO.   532
DPTR FM NORMAL    -1    [PRESSURE DATA]
TOTAL FM JAN 1  2608    HIGHEST SLP M ON M
DPTR FM NORMAL   187    LOWEST  SLP 29.85 ON  1

[REMARKS]




U.S. Dept. of Commerce
NOAA National Weather Service
1325 East West Highway
Silver Spring, MD 20910
E-mail: w-nws.webmaster@noaa.gov
Page last modified: May 16, 2007
NATIONAL WEATHER SERVICE: for Safety, for Work, for Fun - FOR LIFE