458
CXUS52 KMFL 301000
CF6MIA
PRELIMINARY LOCAL CLIMATOLOGICAL DATA (WS FORM: F-6)

                                          STATION:   MIAMI
                                          MONTH:     SEPTEMBER
                                          YEAR:      2014
                                          LATITUDE:   25 49 N
                                          LONGITUDE:  80 17 W

  TEMPERATURE IN F:       :PCPN:    SNOW:  WIND      :SUNSHINE: SKY     :PK WND
================================================================================
1   2   3   4   5  6A  6B    7    8   9   10  11  12  13   14  15   16   17  18
                                     12Z  AVG MX 2MIN
DY MAX MIN AVG DEP HDD CDD  WTR  SNW DPTH SPD SPD DIR MIN PSBL S-S WX    SPD DR
================================================================================

 1  91  81  86   2   0  21 0.06  0.0    0 10.3 26 110 414    M   4        34 120
 2  91  77  84   0   0  19 0.20  0.0    0  7.6 23 110 290    M   5        29 110
 3  88  75  82  -2   0  17 0.62  0.0    0  6.7 21 120 365   48   6 1      25 110
 4  87  77  82  -1   0  17 0.23  0.0    0  4.1 18 230   M    M   7 3      23 230
 5  91  79  85   2   0  20 0.00  0.0    0  7.2 17 110   M    M   6        23 140
 6  89  78  84   1   0  19 0.32  0.0    0  7.9 22 100   M    M   7 138    27 100
 7  88  77  83   0   0  18 0.11  0.0    0  6.7 17 120   M    M   7 1      23 130
 8  90  77  84   1   0  19    T  0.0    0  7.4 16 120   M    M   6 3      23 140
 9  90  77  84   1   0  19 0.04  0.0    0  8.9 20  90   M    M   6        25 120
10  88  75  82  -1   0  17 0.53  0.0    0  6.7 24 110 624    M   7 1      28 110
11  89  76  83   0   0  18 0.08  0.0    0  3.5 18 210 501   67   8        29 220
12  85  75  80  -3   0  15 0.66  0.0    0  6.7 18 100 429    M   7 13     25 200
13  88  74  81  -2   0  16 0.88  0.0    0  6.9 24 110 546   74   8 13     30 100
14  89  75  82  -1   0  17    T  0.0    0  5.6 15 120 634   86   7        19 150
15  90  79  85   2   0  20    T  0.0    0  7.6 15  90 613    M   5        18  90
16  90  78  84   1   0  19 0.00  0.0    0  3.2 13 110 417   57   6 3      17 130
17  92  77  85   2   0  20 0.42  0.0    0  4.3 14 190 560   76   8        19 200
18  88  77  83   0   0  18 0.01  0.0    0  5.6 13 280 520   71   8        22 210
19  86  75  81  -2   0  16 0.99  0.0    0  2.6 21 210 370    M   8 13     26 210
20  90  74  82  -1   0  17 0.27  0.0    0  3.5 20 250 275   38   8 13     27 250
21  88  73  81  -2   0  16 0.02  0.0    0  3.0 13 340 469   64   7 3      20 340
22  88  75  82  -1   0  17 0.22  0.0    0  4.9 16 110 462   63   8 138    21 130
23  83  72  78  -5   0  13 0.80  0.0    0  4.6 28 140 330   45   8 13     33 140
24  87  75  81  -1   0  16 0.05  0.0    0  4.8 21 100 328   45   8 18     24 100
25  86  77  82   0   0  17 0.05  0.0    0  6.0 23 130 448   62   7 3      32 130
26  89  77  83   1   0  18    T  0.0    0  6.3 15 100 349   48   8        23 170
27  90  77  84   2   0  19 0.23  0.0    0  7.8 23 100 517   72   6        27  90
28  90  77  84   2   0  19 0.08  0.0    0  7.5 16  80 535   74   7        21 130
29  90  76  83   1   0  18 0.38  0.0    0  4.6 16 260 440   61   7 13     22 260
================================================================================
SM 2571 2212         0 515  7.25     0.0 172.5        10436    200
================================================================================
AV 88.7 76.3                               5.9 FASTST  454  62   7    MAX(MPH)
                                 MISC ---->  # 28 140               # 34  120
================================================================================
NOTES:
# LAST OF SEVERAL OCCURRENCES

COLUMN 17 PEAK WIND IN M.P.H.

PRELIMINARY LOCAL CLIMATOLOGICAL DATA (WS FORM: F-6) , PAGE 2

                                          STATION:  MIAMI
                                          MONTH:    SEPTEMBER
                                          YEAR:     2014
                                          LATITUDE:   25 49 N
                                          LONGITUDE:  80 17 W

[TEMPERATURE DATA]      [PRECIPITATION DATA]       SYMBOLS USED IN COLUMN 16

AVERAGE MONTHLY: 82.5   TOTAL FOR MONTH:   7.25    1 = FOG OR MIST
DPTR FM NORMAL:  -0.4   DPTR FM NORMAL:   -2.29    2 = FOG REDUCING VISIBILITY
HIGHEST:    92 ON 17    GRTST 24HR  1.49 ON 12-13      TO 1/4 MILE OR LESS
LOWEST:     72 ON 23                               3 = THUNDER
                        SNOW, ICE PELLETS, HAIL    4 = ICE PELLETS
                        TOTAL MONTH:   0.0 INCH    5 = HAIL
                        GRTST 24HR     0.0         6 = FREEZING RAIN OR DRIZZLE
                        GRTST DEPTH:   0           7 = DUSTSTORM OR SANDSTORM:
                                                       VSBY 1/2 MILE OR LESS
                                                   8 = SMOKE OR HAZE
[NO. OF DAYS WITH]      [WEATHER - DAYS WITH]      9 = BLOWING SNOW
                                                   X = TORNADO
MAX 32 OR BELOW:   0    0.01 INCH OR MORE:  23
MAX 90 OR ABOVE:  12    0.10 INCH OR MORE:  15
MIN 32 OR BELOW:   0    0.50 INCH OR MORE:   6
MIN  0 OR BELOW:   0    1.00 INCH OR MORE:   0

[HDD (BASE 65) ]
TOTAL THIS MO.     0    CLEAR  (SCALE 0-3)   0
DPTR FM NORMAL     0    PTCLDY (SCALE 4-7)  27
TOTAL FM JUL 1     0    CLOUDY (SCALE 8-10)  2
DPTR FM NORMAL     0

[CDD (BASE 65) ]
TOTAL THIS MO.   515
DPTR FM NORMAL    -4    [PRESSURE DATA]
TOTAL FM JAN 1  3810    HIGHEST SLP M ON M
DPTR FM NORMAL   216    LOWEST  SLP 29.83 ON 29

[REMARKS]




U.S. Dept. of Commerce
NOAA National Weather Service
1325 East West Highway
Silver Spring, MD 20910
E-mail: w-nws.webmaster@noaa.gov
Page last modified: May 16, 2007
NATIONAL WEATHER SERVICE: for Safety, for Work, for Fun - FOR LIFE