765
CXUS52 KMFL 231000
CF6MIA
PRELIMINARY LOCAL CLIMATOLOGICAL DATA (WS FORM: F-6)

                                          STATION:   MIAMI
                                          MONTH:     APRIL
                                          YEAR:      2014
                                          LATITUDE:   25 49 N
                                          LONGITUDE:  80 17 W

  TEMPERATURE IN F:       :PCPN:    SNOW:  WIND      :SUNSHINE: SKY     :PK WND
================================================================================
1   2   3   4   5  6A  6B    7    8   9   10  11  12  13   14  15   16   17  18
                                     12Z  AVG MX 2MIN
DY MAX MIN AVG DEP HDD CDD  WTR  SNW DPTH SPD SPD DIR MIN PSBL S-S WX    SPD DR
================================================================================

 1  80  63  72  -2   0   7 0.00  0.0    0  6.8 16 120 331   44   3        22 100
 2  80  65  73  -1   0   8 0.00  0.0    0  9.1 17  90 328   44   3        21 140
 3  81  70  76   2   0  11 0.00  0.0    0 11.1 20 100 317   42   5        25 140
 4  83  72  78   4   0  13 0.00  0.0    0  9.9 17 130 204   27   5        24 130
 5  84  69  77   3   0  12 0.00  0.0    0  6.3 15 110 216   29   3        21 140
 6  84  69  77   2   0  12 0.00  0.0    0  8.6 17 130 214   28   5        26 140
 7  85  75  80   5   0  15    T  0.0    0 11.9 21 160 276   37   6 1      28 130
 8  90  68  79   4   0  14 0.22  0.0    0 13.4 29 200   M    M   8 1      38 210
 9  79  67  73  -2   0   8 0.00  0.0    0  8.2 20 310   M    M   6        30 300
10  80  64  72  -3   0   7 0.00  0.0    0  9.6 22  80 180   24   5        29  90
11  80  70  75   0   0  10 0.00  0.0    0  9.0 20 110 113   15   8        22 120
12  83  70  77   2   0  12 0.00  0.0    0 10.8 21  80 176   23   5        26  70
13  84  73  79   4   0  14 0.00  0.0    0 10.1 18 100 340   45   7        22 110
14  86  74  80   4   0  15 0.00  0.0    0  9.4 17 120 654   85   7        24 110
15  88  76  82   6   0  17 0.02  0.0    0  9.9 22 210   M    M   5 3      29 210
16  83  72  78   2   0  13 0.00  0.0    0  8.8 17  80   M    M   8 1      21  90
17  82  76  79   3   0  14 0.15  0.0    0 11.6 21  80 323   42   7 13     24  80
18  84  74  79   3   0  14 0.08  0.0    0 10.9 23 160 539   70   7 1      30 170
19  89  68  79   3   0  14 0.71  0.0    0 10.1 21 240 603   78   6 13     27 250
20  80  65  73  -3   0   8 0.00  0.0    0  7.5 15 300 603   78   6        23 320
21  82  64  73  -3   0   8 0.00  0.0    0  7.3 14 330   M    M   5        20 280
22  85  66  76  -1   0  11 0.00  0.0    0  6.2 14 130   M    M   5        20 160
================================================================================
SM 1832 1530         0 257  1.18     0.0 206.5         5417    125
================================================================================
AV 83.3 69.5                               9.4 FASTST  339  44   6    MAX(MPH)
                                 MISC ---->  # 29 200               # 38  210
================================================================================
NOTES:
# LAST OF SEVERAL OCCURRENCES

COLUMN 17 PEAK WIND IN M.P.H.

PRELIMINARY LOCAL CLIMATOLOGICAL DATA (WS FORM: F-6) , PAGE 2

                                          STATION:  MIAMI
                                          MONTH:    APRIL
                                          YEAR:     2014
                                          LATITUDE:   25 49 N
                                          LONGITUDE:  80 17 W

[TEMPERATURE DATA]      [PRECIPITATION DATA]       SYMBOLS USED IN COLUMN 16

AVERAGE MONTHLY: 76.4   TOTAL FOR MONTH:   1.18    1 = FOG OR MIST
DPTR FM NORMAL:   1.2   DPTR FM NORMAL:   -1.15    2 = FOG REDUCING VISIBILITY
HIGHEST:    90 ON  8    GRTST 24HR  0.72 ON 18-19      TO 1/4 MILE OR LESS
LOWEST:     63 ON  1                               3 = THUNDER
                        SNOW, ICE PELLETS, HAIL    4 = ICE PELLETS
                        TOTAL MONTH:   0.0 INCH    5 = HAIL
                        GRTST 24HR     0.0         6 = FREEZING RAIN OR DRIZZLE
                        GRTST DEPTH:   0           7 = DUSTSTORM OR SANDSTORM:
                                                       VSBY 1/2 MILE OR LESS
                                                   8 = SMOKE OR HAZE
[NO. OF DAYS WITH]      [WEATHER - DAYS WITH]      9 = BLOWING SNOW
                                                   X = TORNADO
MAX 32 OR BELOW:   0    0.01 INCH OR MORE:   5
MAX 90 OR ABOVE:   1    0.10 INCH OR MORE:   3
MIN 32 OR BELOW:   0    0.50 INCH OR MORE:   1
MIN  0 OR BELOW:   0    1.00 INCH OR MORE:   0

[HDD (BASE 65) ]
TOTAL THIS MO.     0    CLEAR  (SCALE 0-3)   3
DPTR FM NORMAL     0    PTCLDY (SCALE 4-7)  19
TOTAL FM JUL 1    61    CLOUDY (SCALE 8-10)  0
DPTR FM NORMAL   -66

[CDD (BASE 65) ]
TOTAL THIS MO.   257
DPTR FM NORMAL    31    [PRESSURE DATA]
TOTAL FM JAN 1   955    HIGHEST SLP M ON M
DPTR FM NORMAL   160    LOWEST  SLP 29.78 ON  8

[REMARKS]




U.S. Dept. of Commerce
NOAA National Weather Service
1325 East West Highway
Silver Spring, MD 20910
E-mail: w-nws.webmaster@noaa.gov
Page last modified: May 16, 2007
NATIONAL WEATHER SERVICE: for Safety, for Work, for Fun - FOR LIFE