452
CXUS52 KMFL 311000
CF6MIA
PRELIMINARY LOCAL CLIMATOLOGICAL DATA (WS FORM: F-6)

                                          STATION:   MIAMI
                                          MONTH:     AUGUST
                                          YEAR:      2014
                                          LATITUDE:   25 49 N
                                          LONGITUDE:  80 17 W

  TEMPERATURE IN F:       :PCPN:    SNOW:  WIND      :SUNSHINE: SKY     :PK WND
================================================================================
1   2   3   4   5  6A  6B    7    8   9   10  11  12  13   14  15   16   17  18
                                     12Z  AVG MX 2MIN
DY MAX MIN AVG DEP HDD CDD  WTR  SNW DPTH SPD SPD DIR MIN PSBL S-S WX    SPD DR
================================================================================

 1  91  78  85   0   0  20 0.00  0.0    0  4.8 14 110 518   65   5        18 170
 2  90  77  84  -1   0  19 0.59  0.0    0  2.3 21  90 354    M   7 138    23 360
 3  84  77  81  -4   0  16 0.03  0.0    0  4.6 16 220  54    M   9 13     24 200
 4  88  74  81  -4   0  16 0.68  0.0    0  6.0 20 200 149   19  10 13     24 280
 5  92  76  84  -1   0  19 0.00  0.0    0  3.7 17 290 523   66   6 3      24 280
 6  94  78  86   2   0  21    T  0.0    0  2.9 20 170 552   70   4 3      26 170
 7  91  75  83  -1   0  18 2.39  0.0    0  3.9 16 320 386   49   5 13     21 340
 8  91  77  84   0   0  19 0.01  0.0    0  4.5 13 140 239   30   8 3      20 150
 9  93  79  86   2   0  21    T  0.0    0  3.9 15 170 662   84   6        23 180
10  92  79  86   2   0  21    T  0.0    0  5.2 17 260 568   72   4 3      23 250
11  92  78  85   1   0  20 0.00  0.0    0  4.4 15 250 643   82   4        21 130
12  92  80  86   2   0  21 0.00  0.0    0  4.8 17 190 312   40   5 3      22 190
13  92  79  86   2   0  21 0.24  0.0    0  4.1 21 230 498   63   4 3      27 230
14  92  77  85   1   0  20 0.43  0.0    0  3.7 22 210 358    M   6 138    29 220
15  89  74  82  -2   0  17 1.10  0.0    0  4.3 20 310 273    M   6 138    29 290
16  92  75  84   0   0  19 0.49  0.0    0  4.5 18 360 492   63   6 38     24  10
17  91  78  85   1   0  20 0.00  0.0    0  6.0 14 110 545   70   4        24  90
18  92  80  86   2   0  21 0.00  0.0    0  5.1 16 110 617    M   3        20 130
19  94  81  88   4   0  23    T  0.0    0  4.1 16  30 443   57   5 3      20 140
20  92  78  85   1   0  20 1.06  0.0    0  4.6 18 100 490   63   5 3      24 110
21  92  81  87   3   0  22 0.00  0.0    0  5.8 15 120 558    M   4        26 120
22  91  80  86   2   0  21 0.15  0.0    0  6.6 20 150 379   49   5 38     27 150
23  92  78  85   1   0  20 0.17  0.0    0  6.7 15  80 509   66   3        19  90
24  94  80  87   3   0  22 0.00  0.0    0  4.6 15  80 625   81   4        18  80
25  92  78  85   1   0  20 1.72  0.0    0  6.8 20  30 220    M   7 1      31 350
26  91  80  86   2   0  21    T  0.0    0  9.9 22  80 406   53   6        28  90
27  91  79  85   1   0  20 0.00  0.0    0  8.7 16  80 613    M   3        24  80
28  92  80  86   2   0  21 0.01  0.0    0  6.0 18 130 265   35   7        26 120
29  92  81  87   3   0  22 0.00  0.0    0  8.1 16 120 537    M   5        22 130
30  92  83  88   4   0  23    T  0.0    0 11.8 20  90 455   60   5        27 120
================================================================================
SM 2743 2350         0 604  9.07     0.0 162.4        13243    161
================================================================================
AV 91.4 78.3                               5.4 FASTST  441  59   5    MAX(MPH)
                                 MISC ---->  # 22 210               # 31  350
================================================================================
NOTES:
# LAST OF SEVERAL OCCURRENCES

COLUMN 17 PEAK WIND IN M.P.H.

PRELIMINARY LOCAL CLIMATOLOGICAL DATA (WS FORM: F-6) , PAGE 2

                                          STATION:  MIAMI
                                          MONTH:    AUGUST
                                          YEAR:     2014
                                          LATITUDE:   25 49 N
                                          LONGITUDE:  80 17 W

[TEMPERATURE DATA]      [PRECIPITATION DATA]       SYMBOLS USED IN COLUMN 16

AVERAGE MONTHLY: 84.9   TOTAL FOR MONTH:   9.07    1 = FOG OR MIST
DPTR FM NORMAL:   0.7   DPTR FM NORMAL:    0.51    2 = FOG REDUCING VISIBILITY
HIGHEST:    94 ON 24,19 GRTST 24HR  2.40 ON  7- 8      TO 1/4 MILE OR LESS
LOWEST:     74 ON 15, 4                            3 = THUNDER
                        SNOW, ICE PELLETS, HAIL    4 = ICE PELLETS
                        TOTAL MONTH:   0.0 INCH    5 = HAIL
                        GRTST 24HR     0.0         6 = FREEZING RAIN OR DRIZZLE
                        GRTST DEPTH:   0           7 = DUSTSTORM OR SANDSTORM:
                                                       VSBY 1/2 MILE OR LESS
                                                   8 = SMOKE OR HAZE
[NO. OF DAYS WITH]      [WEATHER - DAYS WITH]      9 = BLOWING SNOW
                                                   X = TORNADO
MAX 32 OR BELOW:   0    0.01 INCH OR MORE:  14
MAX 90 OR ABOVE:  27    0.10 INCH OR MORE:  11
MIN 32 OR BELOW:   0    0.50 INCH OR MORE:   6
MIN  0 OR BELOW:   0    1.00 INCH OR MORE:   4

[HDD (BASE 65) ]
TOTAL THIS MO.     0    CLEAR  (SCALE 0-3)   1
DPTR FM NORMAL     0    PTCLDY (SCALE 4-7)  27
TOTAL FM JUL 1     0    CLOUDY (SCALE 8-10)  2
DPTR FM NORMAL     0

[CDD (BASE 65) ]
TOTAL THIS MO.   604
DPTR FM NORMAL    26    [PRESSURE DATA]
TOTAL FM JAN 1  3273    HIGHEST SLP M ON M
DPTR FM NORMAL   215    LOWEST  SLP 29.72 ON 25

[REMARKS]




U.S. Dept. of Commerce
NOAA National Weather Service
1325 East West Highway
Silver Spring, MD 20910
E-mail: w-nws.webmaster@noaa.gov
Page last modified: May 16, 2007
NATIONAL WEATHER SERVICE: for Safety, for Work, for Fun - FOR LIFE