495
CXUS52 KMFL 261000
CF6MIA
PRELIMINARY LOCAL CLIMATOLOGICAL DATA (WS FORM: F-6)

                                          STATION:   MIAMI
                                          MONTH:     JANUARY
                                          YEAR:      2015
                                          LATITUDE:   25 49 N
                                          LONGITUDE:  80 17 W

  TEMPERATURE IN F:       :PCPN:    SNOW:  WIND      :SUNSHINE: SKY     :PK WND
================================================================================
1   2   3   4   5  6A  6B    7    8   9   10  11  12  13   14  15   16   17  18
                                     12Z  AVG MX 2MIN
DY MAX MIN AVG DEP HDD CDD  WTR  SNW DPTH SPD SPD DIR MIN PSBL S-S WX    SPD DR
================================================================================

 1  82  70  76   8   0  11 0.00  0.0    0  5.2 15 120 364    M   8 1      19 140
 2  83  72  78  10   0  13 0.01  0.0    0  9.0 18 130 405   64   7        23 140
 3  83  76  80  12   0  15    T  0.0    0 11.7 22 130 421   66   6        29 140
 4  83  74  79  11   0  14 0.00  0.0    0  8.8 21 140 469   74   6        27 130
 5  84  72  78  10   0  13 0.02  0.0    0  6.0 15  40 450    M   5        19  50
 6  84  72  78  10   0  13 0.01  0.0    0  6.1 13 110 495   78   6        19 140
 7  81  65  73   5   0   8 0.00  0.0    0  5.9 13 350 508    M   6        19 330
 8  73  56  65  -3   0   0    T  0.0    0 10.7 18  80 434   68   6        24  40
 9  79  64  72   4   0   7    T  0.0    0  4.4 12 100 360   56   6        15 180
10  78  59  69   1   0   4    T  0.0    0  8.3 16  70 449   70   7 1      22  70
11  80  70  75   7   0  10 0.03  0.0    0 11.8 23  80 352   55   7 1      27 100
12  80  75  78  10   0  13 0.08  0.0    0 12.6 22 110 113   18   9 18     27 120
13  79  70  75   7   0  10 0.77  0.0    0  5.0 14  90 350    M   7 1      17 140
14  77  68  73   5   0   8 0.00  0.0    0  5.5 13 300 314   49   8 12     17 330
15  79  63  71   3   0   6 0.00  0.0    0  5.7 14 330 350    M   8 1      19 320
16  75  61  68   0   0   3 0.00  0.0    0  8.1 16 330 333   52   7        23 330
17  77  56  67  -1   0   2 0.00  0.0    0  8.0 17  90 443   69   4        22  80
18  79  63  71   3   0   6    T  0.0    0  3.5 13 320 530   82   3        19 330
19  75  57  66  -2   0   1 0.00  0.0    0  5.5 15  90 515    M   6        19  50
20  74  65  70   2   0   5 0.00  0.0    0  4.9 14 120  58    9   8        18 140
21  82  67  75   7   0  10 0.00  0.0    0  5.7 15  90 381   59   6        19 100
22  81  68  75   7   0  10 0.00  0.0    0  8.8 16 110 521    M   4        23  70
23  79  70  75   7   0  10 0.00  0.0    0 11.6 20 140 511   79   6        29 160
24  78  59  69   1   0   4 0.00  0.0    0 10.1 22 270 128    M   8        31 270
25  67  52  60  -8   5   0 0.00  0.0    0  6.0 13 300   M    M   3        18 320
================================================================================
SM 1972 1644         5 196  0.92     0.0 188.9         9254    157
================================================================================
AV 78.9 65.8                               7.6 FASTST  386  59   6    MAX(MPH)
                                 MISC ---->  # 23  80               # 31  270
================================================================================
NOTES:
# LAST OF SEVERAL OCCURRENCES

COLUMN 17 PEAK WIND IN M.P.H.

PRELIMINARY LOCAL CLIMATOLOGICAL DATA (WS FORM: F-6) , PAGE 2

                                          STATION:  MIAMI
                                          MONTH:    JANUARY
                                          YEAR:     2015
                                          LATITUDE:   25 49 N
                                          LONGITUDE:  80 17 W

[TEMPERATURE DATA]      [PRECIPITATION DATA]       SYMBOLS USED IN COLUMN 16

AVERAGE MONTHLY: 72.3   TOTAL FOR MONTH:   0.92    1 = FOG OR MIST
DPTR FM NORMAL:   4.3   DPTR FM NORMAL:   -0.37    2 = FOG REDUCING VISIBILITY
HIGHEST:    84 ON  6, 5 GRTST 24HR  0.81 ON 12-13      TO 1/4 MILE OR LESS
LOWEST:     52 ON 25                               3 = THUNDER
                        SNOW, ICE PELLETS, HAIL    4 = ICE PELLETS
                        TOTAL MONTH:   0.0 INCH    5 = HAIL
                        GRTST 24HR     0.0         6 = FREEZING RAIN OR DRIZZLE
                        GRTST DEPTH:   0           7 = DUSTSTORM OR SANDSTORM:
                                                       VSBY 1/2 MILE OR LESS
                                                   8 = SMOKE OR HAZE
[NO. OF DAYS WITH]      [WEATHER - DAYS WITH]      9 = BLOWING SNOW
                                                   X = TORNADO
MAX 32 OR BELOW:   0    0.01 INCH OR MORE:   6
MAX 90 OR ABOVE:   0    0.10 INCH OR MORE:   1
MIN 32 OR BELOW:   0    0.50 INCH OR MORE:   1
MIN  0 OR BELOW:   0    1.00 INCH OR MORE:   0

[HDD (BASE 65) ]
TOTAL THIS MO.     5    CLEAR  (SCALE 0-3)   2
DPTR FM NORMAL   -45    PTCLDY (SCALE 4-7)  21
TOTAL FM JUL 1    34    CLOUDY (SCALE 8-10)  2
DPTR FM NORMAL   -53

[CDD (BASE 65) ]
TOTAL THIS MO.   196
DPTR FM NORMAL    71    [PRESSURE DATA]
TOTAL FM JAN 1   196    HIGHEST SLP M ON M
DPTR FM NORMAL    71    LOWEST  SLP 29.91 ON 24

[REMARKS]




U.S. Dept. of Commerce
NOAA National Weather Service
1325 East West Highway
Silver Spring, MD 20910
E-mail: w-nws.webmaster@noaa.gov
Page last modified: May 16, 2007
NATIONAL WEATHER SERVICE: for Safety, for Work, for Fun - FOR LIFE