645
CXUS56 KMFR 011000
CF6MHS
PRELIMINARY LOCAL CLIMATOLOGICAL DATA (WS FORM: F-6)

                                          STATION:   MT SHASTA CITY CA
                                          MONTH:     NOVEMBER
                                          YEAR:      2014
                                          LATITUDE:   41 19 N
                                          LONGITUDE: 122 19 W

  TEMPERATURE IN F:       :PCPN:    SNOW:  WIND      :SUNSHINE: SKY     :PK WND
================================================================================
1   2   3   4   5  6A  6B    7    8   9   10  11  12  13   14  15   16   17  18
                                     12Z  AVG MX 2MIN
DY MAX MIN AVG DEP HDD CDD  WTR  SNW DPTH SPD SPD DIR MIN PSBL S-S WX    SPD DR
================================================================================

 1  51  38  45   0  20   0 0.05    M    M  6.0 13 350   M    M   6 1      24 360
 2  51  34  43  -2  22   0 0.00    M    M  4.1 10 350   M    M   2 1      18 290
 3  59  33  46   2  19   0 0.00    M    M  0.3  7 310   M    M   0 18     11 300
 4  59  39  49   5  16   0    T    M    M  0.5  5  50   M    M   7 1       8 360
 5  71  38  55  11  10   0 0.00    M    M  1.2  6 140   M    M   0 1      14 150
 6  66  41  54  11  11   0 0.00    M    M  2.5 12  90   M    M   1        20  90
 7  64  38  51   8  14   0 0.00    M    M  2.8 10 290   M    M   1        17 290
 8  66  39  53  10  12   0 0.00    M    M  2.9 10 300   M    M   0        16 300
 9  65  38  52  10  13   0 0.00    M    M  3.2 15 310   M    M   0 1      28 290
10  57  32  45   3  20   0 0.00    M    M  3.2 10 310   M    M   0        17 350
11  59  28  44   2  21   0 0.00    M    M  1.3  7 300   M    M   0 18     12 300
12  54  33  44   3  21   0 0.03    M    M  1.9  7 130   M    M   8 18     12 130
13  52  44  48   7  17   0 0.26    M    M  1.7  8  90   M    M   9 1      14 100
14  52  33  43   2  22   0 0.00    M    M  0.5  6  80   M    M   7 12      9  90
15  55  29  42   2  23   0 0.00    M    M  2.7 14  10   M    M   1 18     24  20
16  43  23  33  -7  32   0 0.00    M    M  2.9  9 310   M    M   0 18     16 300
17  48  20  34  -6  31   0 0.00    M    M  2.7 10 320   M    M   0 8      16 330
18  58  23  41   1  24   0 0.00    M    M  0.8  8  90   M    M   1 8      14 140
19  49  37  43   4  22   0 0.23    M    M  0.7  7  90   M    M   8 18     14 130
20  45  40  43   4  22   0 0.22    M    M  1.1  8 100   M    M  10 1      15  90
21  44  38  41   2  24   0 0.30    M    M  2.7  9 100   M    M  10 1      17  90
22  52  37  45   7  20   0 0.39    M    M  3.5 12 340   M    M   7 1      20 350
23  47  28  38   0  27   0 0.00    M    M  1.0 10 310   M    M   1 18     20 290
24  54  26  40   2  25   0 0.00    M    M  2.0  9 300   M    M   2 18     16 330
25  61  31  46   8  19   0 0.00    M    M  0.4  5 130   M    M   0 18      9 140
26  64  32  48  10  17   0 0.00    M    M  1.0  7 140   M    M   0 1      18 130
27  57  42  50  13  15   0 0.00    M    M  2.9 13  90   M    M   0        20 100
28  51  42  47  10  18   0 0.09    M    M  4.4 12  90   M    M   6 18     20  90
29  47  39  43   6  22   0 0.17    M    M  1.2  9 100   M    M  10 1      17  90
30  44  37  41   4  24   0 0.12    M    M  0.8  9  90   M    M  10 1      13  90
================================================================================
SM 1645 1032       603   0  1.86    M     62.9          M      107
================================================================================
AV 54.8 34.4                               2.1 FASTST   M    M   4    MAX(MPH)
                                 MISC ---->  # 15 310               # 28  290
================================================================================
NOTES:
# LAST OF SEVERAL OCCURRENCES

COLUMN 17 PEAK WIND IN M.P.H.

PRELIMINARY LOCAL CLIMATOLOGICAL DATA (WS FORM: F-6) , PAGE 2

                                          STATION:  MT SHASTA CITY CA
                                          MONTH:    NOVEMBER
                                          YEAR:     2014
                                          LATITUDE:   41 19 N
                                          LONGITUDE: 122 19 W

[TEMPERATURE DATA]      [PRECIPITATION DATA]       SYMBOLS USED IN COLUMN 16

AVERAGE MONTHLY: 44.6   TOTAL FOR MONTH:   1.86    1 = FOG OR MIST
DPTR FM NORMAL:   4.0   DPTR FM NORMAL:   -3.22    2 = FOG REDUCING VISIBILITY
HIGHEST:    71 ON  5    GRTST 24HR  1.10 ON 31- 1      TO 1/4 MILE OR LESS
LOWEST:     20 ON 17                               3 = THUNDER
                        SNOW, ICE PELLETS, HAIL    4 = ICE PELLETS
                        TOTAL MONTH:    M          5 = HAIL
                        GRTST 24HR    M  ON   M    6 = FREEZING RAIN OR DRIZZLE
                        GRTST DEPTH:  M  ON   M    7 = DUSTSTORM OR SANDSTORM:
                                                       VSBY 1/2 MILE OR LESS
                                                   8 = SMOKE OR HAZE
[NO. OF DAYS WITH]      [WEATHER - DAYS WITH]      9 = BLOWING SNOW
                                                   X = TORNADO
MAX 32 OR BELOW:   0    0.01 INCH OR MORE:  10
MAX 90 OR ABOVE:   0    0.10 INCH OR MORE:   7
MIN 32 OR BELOW:  10    0.50 INCH OR MORE:   0
MIN  0 OR BELOW:   0    1.00 INCH OR MORE:   0

[HDD (BASE 65) ]
TOTAL THIS MO.   603    CLEAR  (SCALE 0-3)  18
DPTR FM NORMAL  -130    PTCLDY (SCALE 4-7)   7
TOTAL FM JUL 1  1010    CLOUDY (SCALE 8-10)  5
DPTR FM NORMAL  -387

[CDD (BASE 65) ]
TOTAL THIS MO.     0
DPTR FM NORMAL     0    [PRESSURE DATA]
TOTAL FM JAN 1   547    HIGHEST SLP M ON M
DPTR FM NORMAL   259    LOWEST  SLP  0.00 ON 29

[REMARKS]
#FINAL-11-14#




U.S. Dept. of Commerce
NOAA National Weather Service
1325 East West Highway
Silver Spring, MD 20910
E-mail: w-nws.webmaster@noaa.gov
Page last modified: May 16, 2007
NATIONAL WEATHER SERVICE: for Safety, for Work, for Fun - FOR LIFE