731
CXUS56 KMFR 311000
CF6MHS
PRELIMINARY LOCAL CLIMATOLOGICAL DATA (WS FORM: F-6)

                                          STATION:   MT SHASTA CITY CA
                                          MONTH:     JANUARY
                                          YEAR:      2015
                                          LATITUDE:   41 19 N
                                          LONGITUDE: 122 19 W

  TEMPERATURE IN F:       :PCPN:    SNOW:  WIND      :SUNSHINE: SKY     :PK WND
================================================================================
1   2   3   4   5  6A  6B    7    8   9   10  11  12  13   14  15   16   17  18
                                     12Z  AVG MX 2MIN
DY MAX MIN AVG DEP HDD CDD  WTR  SNW DPTH SPD SPD DIR MIN PSBL S-S WX    SPD DR
================================================================================

 1  44  21  33  -2  32   0 0.00    M    M  3.3 10 300   M    M   0 8      17 290
 2  48  22  35   0  30   0 0.00    M    M  3.5 10 300   M    M   0 8      16 300
 3  55  29  42   7  23   0 0.00    M    M  1.0  7 340   M    M   0 18     14 330
 4  51  30  41   6  24   0 0.00    M    M  0.6  6 210   M    M   4 18     10 210
 5  61  30  46  11  19   0 0.00    M    M  1.7  8 340   M    M   1 18     14 320
 6  68  32  50  15  15   0 0.00    M    M  1.7  7 140   M    M   0 18     12 150
 7  61  31  46  11  19   0 0.00    M    M  2.0  9 290   M    M   0 18     13 320
 8  59  31  45  10  20   0 0.00    M    M  1.8  9 300   M    M   0 8      15 300
 9  53  34  44   9  21   0 0.00    M    M  3.0  9 300   M    M   0 18     16 310
10  57  34  46  10  19   0 0.00    M    M  0.1  6  60   M    M   6 18      9 140
11  48  29  39   3  26   0    T    M    M  2.1  9 320   M    M   5 18     14 320
12  47  38  43   7  22   0    T    M    M  4.6  9 320   M    M  10        15 310
13  48  28  38   2  27   0 0.00    M    M  2.9  9 290   M    M   4 18     14 280
14  54  22  38   2  27   0 0.00    M    M  0.7  6 130   M    M   0 18     11 150
15  49  33  41   5  24   0 0.04    M    M  2.8 10 100   M    M   6        19  90
16  43  39  41   5  24   0 0.33    M    M  1.9 10  90   M    M  10 1      17 140
17  54  41  48  12  17   0 0.02    M    M  2.8 10  90   M    M  10 1      17  80
18  51  36  44   8  21   0 0.09    M    M  2.4  8 100   M    M   8 18     17 140
19  49  29  39   3  26   0 0.00    M    M  2.4 10 300   M    M   0 18     18 310
20  48  27  38   2  27   0 0.00    M    M  2.6  9 300   M    M   0 8      21 320
21  51  24  38   2  27   0 0.00    M    M  3.1  8 300   M    M   0 18     13 300
22  52  31  42   6  23   0 0.00    M    M  2.9 12 300   M    M   2 18     19 340
23  58  31  45   9  20   0 0.00    M    M  3.2 10 290   M    M   0 18     18 300
24  60  32  46  10  19   0 0.00    M    M  2.9 10 300   M    M   0 18     19 310
25  66  33  50  14  15   0 0.00    M    M  2.5  8 290   M    M   0 18     12 300
26  65  34  50  14  15   0 0.00    M    M  2.8 10 300   M    M   0 18     15 310
27  52  36  44   7  21   0 0.00    M    M  2.0  8 130   M    M   3 18     17 140
28  60  30  45   8  20   0 0.00    M    M  1.6  9 300   M    M   2 18     14 290
29  58  32  45   8  20   0 0.00    M    M  2.8 10 300   M    M   0 18     16 300
30  58  33  46   9  19   0 0.00    M    M  4.7 13 340   M    M   0 18     22 330
================================================================================
SM 1628  932       662   0  0.48    M     72.4          M       71
================================================================================
AV 54.3 31.1                               2.4 FASTST   M    M   2    MAX(MPH)
                                 MISC ---->  # 13 340               # 22  330
================================================================================
NOTES:
# LAST OF SEVERAL OCCURRENCES

COLUMN 17 PEAK WIND IN M.P.H.

PRELIMINARY LOCAL CLIMATOLOGICAL DATA (WS FORM: F-6) , PAGE 2

                                          STATION:  MT SHASTA CITY CA
                                          MONTH:    JANUARY
                                          YEAR:     2015
                                          LATITUDE:   41 19 N
                                          LONGITUDE: 122 19 W

[TEMPERATURE DATA]      [PRECIPITATION DATA]       SYMBOLS USED IN COLUMN 16

AVERAGE MONTHLY: 42.7   TOTAL FOR MONTH:   0.48    1 = FOG OR MIST
DPTR FM NORMAL:   6.8   DPTR FM NORMAL:   -6.37    2 = FOG REDUCING VISIBILITY
HIGHEST:    68 ON  6    GRTST 24HR  0.37 ON 15-16      TO 1/4 MILE OR LESS
LOWEST:     21 ON  1                               3 = THUNDER
                        SNOW, ICE PELLETS, HAIL    4 = ICE PELLETS
                        TOTAL MONTH:    M          5 = HAIL
                        GRTST 24HR    M  ON   M    6 = FREEZING RAIN OR DRIZZLE
                        GRTST DEPTH:  M  ON   M    7 = DUSTSTORM OR SANDSTORM:
                                                       VSBY 1/2 MILE OR LESS
                                                   8 = SMOKE OR HAZE
[NO. OF DAYS WITH]      [WEATHER - DAYS WITH]      9 = BLOWING SNOW
                                                   X = TORNADO
MAX 32 OR BELOW:   0    0.01 INCH OR MORE:   4
MAX 90 OR ABOVE:   0    0.10 INCH OR MORE:   1
MIN 32 OR BELOW:  19    0.50 INCH OR MORE:   0
MIN  0 OR BELOW:   0    1.00 INCH OR MORE:   0

[HDD (BASE 65) ]
TOTAL THIS MO.   662    CLEAR  (SCALE 0-3)  21
DPTR FM NORMAL  -214    PTCLDY (SCALE 4-7)   5
TOTAL FM JUL 1  2405    CLOUDY (SCALE 8-10)  4
DPTR FM NORMAL  -793

[CDD (BASE 65) ]
TOTAL THIS MO.     0
DPTR FM NORMAL     0    [PRESSURE DATA]
TOTAL FM JAN 1     0    HIGHEST SLP M ON M
DPTR FM NORMAL     0    LOWEST  SLP  0.00 ON 10

[REMARKS]




U.S. Dept. of Commerce
NOAA National Weather Service
1325 East West Highway
Silver Spring, MD 20910
E-mail: w-nws.webmaster@noaa.gov
Page last modified: May 16, 2007
NATIONAL WEATHER SERVICE: for Safety, for Work, for Fun - FOR LIFE