386
CXUS56 KMFR 271000
CF6MHS
PRELIMINARY LOCAL CLIMATOLOGICAL DATA (WS FORM: F-6)

                                          STATION:   MT SHASTA CITY CA
                                          MONTH:     AUGUST
                                          YEAR:      2014
                                          LATITUDE:   41 19 N
                                          LONGITUDE: 122 19 W

  TEMPERATURE IN F:       :PCPN:    SNOW:  WIND      :SUNSHINE: SKY     :PK WND
================================================================================
1   2   3   4   5  6A  6B    7    8   9   10  11  12  13   14  15   16   17  18
                                     12Z  AVG MX 2MIN
DY MAX MIN AVG DEP HDD CDD  WTR  SNW DPTH SPD SPD DIR MIN PSBL S-S WX    SPD DR
================================================================================

 1  97  53  75   6   0  10 0.00    M    M  1.0  6  50   M    M   0        14 150
 2  94  54  74   5   0   9 0.00    M    M  0.5  7 230   M    M   1        16 230
 3  94  49  72   3   0   7 0.00    M    M  0.3  7  90   M    M   2 8      11 150
 4  83  53  68  -1   0   3 0.17    M    M  0.8  6  60   M    M   4 18     12 150
 5  75  56  66  -2   0   1    T    M    M  0.9  7  60   M    M   5 1      14 130
 6  87  53  70   2   0   5 0.00    M    M  0.8  5 220   M    M   0 1       8 220
 7  92  54  73   5   0   8 0.02    M    M  1.2  9 280   M    M   1 8      16 280
 8  89  54  72   4   0   7 0.00    M    M  2.7 10 340   M    M   1 8      20 340
 9  92  53  73   5   0   8 0.00    M    M  1.1  7 210   M    M   0        13 210
10  93  53  73   5   0   8 0.00    M    M  0.6  6 120   M    M   0        11 140
11  96  57  77   9   0  12 0.00    M    M  0.7  8 140   M    M   0        16 130
12  82  52  67   0   0   2 0.00    M    M  0.6  7  90   M    M   0        15 180
13  81  52  67   0   0   2 0.02    M    M  1.6 10 360   M    M   5 18     19 350
14  80  48  64  -3   1   0 0.00    M    M  0.7  8 290   M    M   6        13 290
15  87  48  68   1   0   3 0.00    M    M  0.7  6 100   M    M   0        12 140
16  91  48  70   3   0   5 0.00    M    M  0.1  6 120   M    M   0        11 140
17  91  48  70   3   0   5 0.00    M    M  0.9  7 300   M    M   0        13 280
18  90  53  72   6   0   7 0.00    M    M  1.5  7 330   M    M   0 8      12 350
19  91  53  72   6   0   7 0.00    M    M  2.7 10 290   M    M   1 8      18 330
20  86  53  70   4   0   5 0.00    M    M  2.0  8 290   M    M   2        13 280
21  85  49  67   1   0   2 0.00    M    M  2.3  7 340   M    M   1 8      13 300
22  80  49  65  -1   0   0 0.00    M    M  4.7 13 350   M    M   1 8      21 350
23  84  45  65   0   0   0 0.00    M    M  3.3  9 300   M    M   0        14 330
24  87  48  68   3   0   3 0.00    M    M  3.8  9 320   M    M   2 8      16 320
25  84  48  66   1   0   1 0.00    M    M  1.0  8  20   M    M   2        12 280
26  89  46  68   3   0   3 0.00    M    M  1.0  9 300   M    M   0        13  20
================================================================================
SM 2280 1329         1 123  0.21    M     37.5          M       34
================================================================================
AV 87.7 51.1                               1.4 FASTST   M    M   1    MAX(MPH)
                                 MISC ---->  # 13 350               # 21  350
================================================================================
NOTES:
# LAST OF SEVERAL OCCURRENCES

COLUMN 17 PEAK WIND IN M.P.H.

PRELIMINARY LOCAL CLIMATOLOGICAL DATA (WS FORM: F-6) , PAGE 2

                                          STATION:  MT SHASTA CITY CA
                                          MONTH:    AUGUST
                                          YEAR:     2014
                                          LATITUDE:   41 19 N
                                          LONGITUDE: 122 19 W

[TEMPERATURE DATA]      [PRECIPITATION DATA]       SYMBOLS USED IN COLUMN 16

AVERAGE MONTHLY: 69.4   TOTAL FOR MONTH:   0.21    1 = FOG OR MIST
DPTR FM NORMAL:   2.3   DPTR FM NORMAL:   -0.06    2 = FOG REDUCING VISIBILITY
HIGHEST:    97 ON  1    GRTST 24HR  0.17 ON  4- 4      TO 1/4 MILE OR LESS
LOWEST:     45 ON 23                               3 = THUNDER
                        SNOW, ICE PELLETS, HAIL    4 = ICE PELLETS
                        TOTAL MONTH:    M          5 = HAIL
                        GRTST 24HR    M  ON   M    6 = FREEZING RAIN OR DRIZZLE
                        GRTST DEPTH:  M  ON   M    7 = DUSTSTORM OR SANDSTORM:
                                                       VSBY 1/2 MILE OR LESS
                                                   8 = SMOKE OR HAZE
[NO. OF DAYS WITH]      [WEATHER - DAYS WITH]      9 = BLOWING SNOW
                                                   X = TORNADO
MAX 32 OR BELOW:   0    0.01 INCH OR MORE:   3
MAX 90 OR ABOVE:  11    0.10 INCH OR MORE:   1
MIN 32 OR BELOW:   0    0.50 INCH OR MORE:   0
MIN  0 OR BELOW:   0    1.00 INCH OR MORE:   0

[HDD (BASE 65) ]
TOTAL THIS MO.     1    CLEAR  (SCALE 0-3)  22
DPTR FM NORMAL   -31    PTCLDY (SCALE 4-7)   4
TOTAL FM JUL 1     2    CLOUDY (SCALE 8-10)  0
DPTR FM NORMAL   -63

[CDD (BASE 65) ]
TOTAL THIS MO.   123
DPTR FM NORMAL    42    [PRESSURE DATA]
TOTAL FM JAN 1   480    HIGHEST SLP M ON M
DPTR FM NORMAL   231    LOWEST  SLP  0.00 ON 19

[REMARKS]




U.S. Dept. of Commerce
NOAA National Weather Service
1325 East West Highway
Silver Spring, MD 20910
E-mail: w-nws.webmaster@noaa.gov
Page last modified: May 16, 2007
NATIONAL WEATHER SERVICE: for Safety, for Work, for Fun - FOR LIFE