297
CXUS53 KTOP 260200
CF6MHK
PRELIMINARY LOCAL CLIMATOLOGICAL DATA (WS FORM: F-6)

                                          STATION:   Manhattan KS
                                          MONTH:     JANUARY
                                          YEAR:      2015
                                          LATITUDE:   39  9 N
                                          LONGITUDE:  96 40 W

  TEMPERATURE IN F:       :PCPN:    SNOW:  WIND      :SUNSHINE: SKY     :PK WND
================================================================================
1   2   3   4   5  6A  6B    7    8   9   10  11  12  13   14  15   16   17  18
                                     12Z  AVG MX 2MIN
DY MAX MIN AVG DEP HDD CDD  WTR  SNW DPTH SPD SPD DIR MIN PSBL S-S WX    SPD DR
================================================================================

 1  35  15  25  -3  40   0 0.00    M    M  6.3 16 210   M    M   3        20 210
 2  40  21  31   3  34   0 0.00    M    M  3.5 13 210   M    M   7 1      15 220
 3  39  11  25  -3  40   0 0.04    M    M  4.0 17 360   M    M   7 128    30 350
 4  17   5  11 -17  54   0    T    M    M  6.2 15 360   M    M   4 18     24 360
 5  27   0  14 -14  51   0 0.00    M    M  4.3 17 170   M    M   2        21 160
 6  25  12  19  -9  46   0    T    M    M  5.6 15  10   M    M   1        23 330
 7  20  -4   8 -20  57   0    T    M    M  8.8 20  10   M    M   4        30  30
 8  35  -3  16 -12  49   0 0.00    M    M 12.8 26 220   M    M   2        36  10
 9  24   2  13 -15  52   0 0.00    M    M  5.7 14 330   M    M   0        23 350
10  43   2  23  -5  42   0 0.00    M    M 11.6 30 220   M    M   1        36 200
11  39  23  31   3  34   0 0.01    M    M  5.5 15  10   M    M   5 1      20  10
12  29  12  21  -7  44   0 0.00    M    M 11.4 20  40   M    M   2        25  30
13  26   5  16 -12  49   0 0.00    M    M  5.1 13  40   M    M   4        15  40
14  42  17  30   2  35   0 0.00    M    M  3.4 10 250   M    M   4        14 250
15  53  13  33   5  32   0 0.00    M    M  4.0 13 280   M    M   0        17 300
16  66  17  42  14  23   0 0.00    M    M  8.4 24 220   M    M   0        32 210
17  58  32  45  16  20   0 0.00    M    M  8.4 20 320   M    M   0        32 320
18  55  21  38   9  27   0 0.00    M    M  3.5 14 240   M    M   0        16 250
19  63  21  42  13  23   0 0.00    M    M  4.7 18 270   M    M   0        29 320
20  55  23  39  10  26   0 0.00    M    M  4.6 12 290   M    M   1        17 270
21  50  20  35   6  30   0 0.00    M    M  4.3 13 290   M    M   1        18 280
22  39  17  28  -1  37   0 0.00    M    M  2.1  8 360   M    M   5         9 360
23  52  13  33   4  32   0 0.00    M    M  5.3 20 220   M    M   0 18     25 240
24  60  22  41  12  24   0    T    M    M  8.1 20 240   M    M   1        26 250
================================================================================
SM  992  317       901   0  0.05    M    147.6          M       54
================================================================================
AV 41.3 13.2                               6.2 FASTST   M    M   2    MAX(MPH)
                                 MISC ---->  # 30 220               # 36   10
================================================================================
NOTES:
# LAST OF SEVERAL OCCURRENCES

COLUMN 17 PEAK WIND IN M.P.H.

PRELIMINARY LOCAL CLIMATOLOGICAL DATA (WS FORM: F-6) , PAGE 2

                                          STATION:  Manhattan KS
                                          MONTH:    JANUARY
                                          YEAR:     2015
                                          LATITUDE:   39  9 N
                                          LONGITUDE:  96 40 W

[TEMPERATURE DATA]      [PRECIPITATION DATA]       SYMBOLS USED IN COLUMN 16

AVERAGE MONTHLY: 27.3   TOTAL FOR MONTH:   0.05    1 = FOG OR MIST
DPTR FM NORMAL:  -1.1   DPTR FM NORMAL:   -0.34    2 = FOG REDUCING VISIBILITY
HIGHEST:    66 ON 16    GRTST 24HR  0.04 ON  3- 3      TO 1/4 MILE OR LESS
LOWEST:     -4 ON  7                               3 = THUNDER
                        SNOW, ICE PELLETS, HAIL    4 = ICE PELLETS
                        TOTAL MONTH:    M          5 = HAIL
                        GRTST 24HR    M  ON   M    6 = FREEZING RAIN OR DRIZZLE
                        GRTST DEPTH:  M  ON   M    7 = DUSTSTORM OR SANDSTORM:
                                                       VSBY 1/2 MILE OR LESS
                                                   8 = SMOKE OR HAZE
[NO. OF DAYS WITH]      [WEATHER - DAYS WITH]      9 = BLOWING SNOW
                                                   X = TORNADO
MAX 32 OR BELOW:   7    0.01 INCH OR MORE:   2
MAX 90 OR ABOVE:   0    0.10 INCH OR MORE:   0
MIN 32 OR BELOW:  24    0.50 INCH OR MORE:   0
MIN  0 OR BELOW:   3    1.00 INCH OR MORE:   0

[HDD (BASE 65) ]
TOTAL THIS MO.   901    CLEAR  (SCALE 0-3)  16
DPTR FM NORMAL    22    PTCLDY (SCALE 4-7)   8
TOTAL FM JUL 1  2972    CLOUDY (SCALE 8-10)  0
DPTR FM NORMAL   -48

[CDD (BASE 65) ]
TOTAL THIS MO.     0
DPTR FM NORMAL     0    [PRESSURE DATA]
TOTAL FM JAN 1     0    HIGHEST SLP M ON M
DPTR FM NORMAL     0    LOWEST  SLP 29.70 ON 24

[REMARKS]




U.S. Dept. of Commerce
NOAA National Weather Service
1325 East West Highway
Silver Spring, MD 20910
E-mail: w-nws.webmaster@noaa.gov
Page last modified: May 16, 2007
NATIONAL WEATHER SERVICE: for Safety, for Work, for Fun - FOR LIFE