527
CXUS53 KTOP 230200
CF6MHK
PRELIMINARY LOCAL CLIMATOLOGICAL DATA (WS FORM: F-6)

                                          STATION:   Manhattan KS
                                          MONTH:     APRIL
                                          YEAR:      2014
                                          LATITUDE:   39  9 N
                                          LONGITUDE:  96 40 W

  TEMPERATURE IN F:       :PCPN:    SNOW:  WIND      :SUNSHINE: SKY     :PK WND
================================================================================
1   2   3   4   5  6A  6B    7    8   9   10  11  12  13   14  15   16   17  18
                                     12Z  AVG MX 2MIN
DY MAX MIN AVG DEP HDD CDD  WTR  SNW DPTH SPD SPD DIR MIN PSBL S-S WX    SPD DR
================================================================================

 1  53  24  39 -10  26   0 0.00    M    M  4.9 15 100   M    M   3        20  80
 2  48  40  44  -6  21   0 0.51    M    M 10.1 18  50   M    M   9 13     22  70
 3  50  37  44  -6  21   0 0.01    M    M  8.4 16 320   M    M  10 1      25 330
 4  49  28  39 -11  26   0 0.00    M    M  6.9 16 330   M    M   5 1      25 330
 5  66  26  46  -5  19   0 0.00    M    M  7.1 21 150   M    M   0 18     28 150
 6  60  45  53   2  12   0 0.01    M    M  3.8 15 180   M    M  10 18     21 180
 7  65  44  55   4  10   0 0.01    M    M  5.3 17 340   M    M   8 138    26 340
 8  63  33  48  -4  17   0 0.00    M    M  7.0 21 360   M    M   0        32 360
 9  83  28  56   4   9   0 0.00    M    M 13.4 31 220   M    M   0        39 210
10  68  44  56   4   9   0 0.00    M    M 12.1 26  30   M    M   0        34  30
11  79  38  59   6   6   0 0.00    M    M  5.9 16 160   M    M   4 8      20 160
12  89  59  74  21   0   9 0.00    M    M 16.4 29 210   M    M   1 138    42 210
13  74  35  55   2  10   0 0.08    M    M 11.8 24  30   M    M   8 13     36  10
14  48  29  39 -15  26   0 0.01    M    M 10.4 21  10   M    M   6 1      32 350
15  62  22  42 -12  23   0 0.00    M    M  8.1 22 170   M    M   0 8      29 210
16  72  40  56   2   9   0 0.00    M    M 18.1 38 210   M    M   1        50 200
17  57  34  46  -8  19   0 0.00    M    M  4.7 14  20   M    M   3 18     19  20
18  71  29  50  -5  15   0 0.00    M    M  6.9 22 160   M    M   3 18     27 160
19  81  51  66  11   0   1 0.00    M    M 13.6 32 210   M    M   0        42 200
20  80  62  71  16   0   6    T    M    M 11.4 24 210   M    M   3 8      30 210
21  79  51  65   9   0   0 0.02    M    M  7.2 20  20   M    M   4 1      27  30
================================================================================
SM 1397  799       278  16  0.65    M    193.5          M       78
================================================================================
AV 66.5 38.0                               9.2 FASTST   M    M   4    MAX(MPH)
                                 MISC ---->  # 38 210               # 50  200
================================================================================
NOTES:
# LAST OF SEVERAL OCCURRENCES

COLUMN 17 PEAK WIND IN M.P.H.

PRELIMINARY LOCAL CLIMATOLOGICAL DATA (WS FORM: F-6) , PAGE 2

                                          STATION:  Manhattan KS
                                          MONTH:    APRIL
                                          YEAR:     2014
                                          LATITUDE:   39  9 N
                                          LONGITUDE:  96 40 W

[TEMPERATURE DATA]      [PRECIPITATION DATA]       SYMBOLS USED IN COLUMN 16

AVERAGE MONTHLY: 52.3   TOTAL FOR MONTH:   0.65    1 = FOG OR MIST
DPTR FM NORMAL:  -0.3   DPTR FM NORMAL:   -1.04    2 = FOG REDUCING VISIBILITY
HIGHEST:    89 ON 12    GRTST 24HR  0.51 ON  2- 2      TO 1/4 MILE OR LESS
LOWEST:     22 ON 15                               3 = THUNDER
                        SNOW, ICE PELLETS, HAIL    4 = ICE PELLETS
                        TOTAL MONTH:    M          5 = HAIL
                        GRTST 24HR    M  ON   M    6 = FREEZING RAIN OR DRIZZLE
                        GRTST DEPTH:  M  ON   M    7 = DUSTSTORM OR SANDSTORM:
                                                       VSBY 1/2 MILE OR LESS
                                                   8 = SMOKE OR HAZE
[NO. OF DAYS WITH]      [WEATHER - DAYS WITH]      9 = BLOWING SNOW
                                                   X = TORNADO
MAX 32 OR BELOW:   0    0.01 INCH OR MORE:   7
MAX 90 OR ABOVE:   0    0.10 INCH OR MORE:   1
MIN 32 OR BELOW:   7    0.50 INCH OR MORE:   1
MIN  0 OR BELOW:   0    1.00 INCH OR MORE:   0

[HDD (BASE 65) ]
TOTAL THIS MO.   278    CLEAR  (SCALE 0-3)  11
DPTR FM NORMAL     8    PTCLDY (SCALE 4-7)   5
TOTAL FM JUL 1  5559    CLOUDY (SCALE 8-10)  5
DPTR FM NORMAL   453

[CDD (BASE 65) ]
TOTAL THIS MO.    16
DPTR FM NORMAL     6    [PRESSURE DATA]
TOTAL FM JAN 1    16    HIGHEST SLP M ON M
DPTR FM NORMAL     4    LOWEST  SLP 29.38 ON 13

[REMARKS]




U.S. Dept. of Commerce
NOAA National Weather Service
1325 East West Highway
Silver Spring, MD 20910
E-mail: w-nws.webmaster@noaa.gov
Page last modified: May 16, 2007
NATIONAL WEATHER SERVICE: for Safety, for Work, for Fun - FOR LIFE