099
CXUS53 KTOP 280200
CF6MHK
PRELIMINARY LOCAL CLIMATOLOGICAL DATA (WS FORM: F-6)

                                          STATION:   Manhattan KS
                                          MONTH:     NOVEMBER
                                          YEAR:      2014
                                          LATITUDE:   39  9 N
                                          LONGITUDE:  96 40 W

  TEMPERATURE IN F:       :PCPN:    SNOW:  WIND      :SUNSHINE: SKY     :PK WND
================================================================================
1   2   3   4   5  6A  6B    7    8   9   10  11  12  13   14  15   16   17  18
                                     12Z  AVG MX 2MIN
DY MAX MIN AVG DEP HDD CDD  WTR  SNW DPTH SPD SPD DIR MIN PSBL S-S WX    SPD DR
================================================================================

 1  57  19  38 -11  27   0 0.00    M    M  9.5 22 160   M    M   4        27 150
 2  65  47  56   7   9   0 0.00    M    M 15.9 30 200   M    M   0        42 200
 3  68  48  58  10   7   0 0.01    M    M 15.2 26 210   M    M   3        35 210
 4  55  36  46  -2  19   0 0.00    M    M  3.9 10 220   M    M   0        16 180
 5  72  30  51   4  14   0 0.00    M    M  6.4 23 230   M    M   0        31 230
 6  57  30  44  -3  21   0 0.00    M    M  4.6 14  20   M    M   0        21 330
 7  69  29  49   3  16   0 0.00    M    M  9.7 30 210   M    M   0        39 210
 8  59  30  45  -1  20   0 0.00    M    M  6.5 17 350   M    M   0        26 330
 9  68  29  49   3  16   0 0.00    M    M  6.0 17 230   M    M   0        23 220
10  71  30  51   6  14   0 0.00    M    M 10.4 22 350   M    M   3        36 340
11  33  19  26 -19  39   0    T    M    M 11.3 20  10   M    M   4        31 350
12  27  16  22 -22  43   0 0.00    M    M  7.5 15 340   M    M   2        23 360
13  31   8  20 -24  45   0 0.00    M    M  4.3 12 320   M    M   1        16 310
14  35   7  21 -22  44   0 0.00    M    M  3.9 13 180   M    M   2        17 150
15  32  22  27 -16  38   0 0.03    M    M  6.6 14 350   M    M   7 128    22 340
16  28  13  21 -21  44   0    T    M    M  5.8 13 250   M    M   2 18     19 330
17  27   7  17 -25  48   0    T    M    M  6.6 17 320   M    M   2        29 350
18  45   2  24 -17  41   0 0.00    M    M  8.9 20 220   M    M   0        25 220
19  43  15  29 -12  36   0 0.00    M    M  3.9 15  20   M    M   1        23 330
20  42  13  28 -12  37   0 0.00    M    M  5.5 13  90   M    M   0        17  60
21  38  20  29 -11  36   0    T    M    M  5.4 10  80   M    M   5 128    13  80
22  62  37  50  10  15   0    T    M    M 11.0 21 200   M    M  10 12     32 200
23  57  38  48   9  17   0 0.07    M    M  7.4 22 360   M    M   8 1      38 360
24  46  24  35  -3  30   0 0.00    M    M  6.9 17 320   M    M   2        26 310
25  50  15  33  -5  32   0 0.00    M    M  8.3 18 210   M    M   2        25 190
26  46  19  33  -5  32   0    T    M    M  7.8 20 320   M    M   5        33 320
================================================================================
SM 1283  603       740   0  0.11    M    199.2          M       63
================================================================================
AV 49.3 23.2                               7.7 FASTST   M    M   2    MAX(MPH)
                                 MISC ---->  # 30 200               # 42  200
================================================================================
NOTES:
# LAST OF SEVERAL OCCURRENCES

COLUMN 17 PEAK WIND IN M.P.H.

PRELIMINARY LOCAL CLIMATOLOGICAL DATA (WS FORM: F-6) , PAGE 2

                                          STATION:  Manhattan KS
                                          MONTH:    NOVEMBER
                                          YEAR:     2014
                                          LATITUDE:   39  9 N
                                          LONGITUDE:  96 40 W

[TEMPERATURE DATA]      [PRECIPITATION DATA]       SYMBOLS USED IN COLUMN 16

AVERAGE MONTHLY: 36.3   TOTAL FOR MONTH:   0.11    1 = FOG OR MIST
DPTR FM NORMAL:  -7.2   DPTR FM NORMAL:   -1.36    2 = FOG REDUCING VISIBILITY
HIGHEST:    72 ON  5    GRTST 24HR  0.07 ON 23-23      TO 1/4 MILE OR LESS
LOWEST:      2 ON 18                               3 = THUNDER
                        SNOW, ICE PELLETS, HAIL    4 = ICE PELLETS
                        TOTAL MONTH:    M          5 = HAIL
                        GRTST 24HR    M  ON   M    6 = FREEZING RAIN OR DRIZZLE
                        GRTST DEPTH:  M  ON   M    7 = DUSTSTORM OR SANDSTORM:
                                                       VSBY 1/2 MILE OR LESS
                                                   8 = SMOKE OR HAZE
[NO. OF DAYS WITH]      [WEATHER - DAYS WITH]      9 = BLOWING SNOW
                                                   X = TORNADO
MAX 32 OR BELOW:   5    0.01 INCH OR MORE:   3
MAX 90 OR ABOVE:   0    0.10 INCH OR MORE:   0
MIN 32 OR BELOW:  21    0.50 INCH OR MORE:   0
MIN  0 OR BELOW:   0    1.00 INCH OR MORE:   0

[HDD (BASE 65) ]
TOTAL THIS MO.   740    CLEAR  (SCALE 0-3)  19
DPTR FM NORMAL   178    PTCLDY (SCALE 4-7)   5
TOTAL FM JUL 1  1040    CLOUDY (SCALE 8-10)  2
DPTR FM NORMAL    79

[CDD (BASE 65) ]
TOTAL THIS MO.     0
DPTR FM NORMAL     0    [PRESSURE DATA]
TOTAL FM JAN 1  1581    HIGHEST SLP M ON M
DPTR FM NORMAL   220    LOWEST  SLP 29.35 ON M

[REMARKS]




U.S. Dept. of Commerce
NOAA National Weather Service
1325 East West Highway
Silver Spring, MD 20910
E-mail: w-nws.webmaster@noaa.gov
Page last modified: May 16, 2007
NATIONAL WEATHER SERVICE: for Safety, for Work, for Fun - FOR LIFE