173
CXUS53 KTOP 020200
CF6MHK
PRELIMINARY LOCAL CLIMATOLOGICAL DATA (WS FORM: F-6)

                                          STATION:   Manhattan KS
                                          MONTH:     JULY
                                          YEAR:      2014
                                          LATITUDE:   39  9 N
                                          LONGITUDE:  96 40 W

  TEMPERATURE IN F:       :PCPN:    SNOW:  WIND      :SUNSHINE: SKY     :PK WND
================================================================================
1   2   3   4   5  6A  6B    7    8   9   10  11  12  13   14  15   16   17  18
                                     12Z  AVG MX 2MIN
DY MAX MIN AVG DEP HDD CDD  WTR  SNW DPTH SPD SPD DIR MIN PSBL S-S WX    SPD DR
================================================================================

 1  89  61  75  -3   0  10    T    M    M  5.8 15 250   M    M   0        24 220
 2  76  53  65 -13   0   0 0.00    M    M  5.1 22  20   M    M   1        27  20
 3  83  47  65 -13   0   0 0.00    M    M  2.4 12 160   M    M   0        17 150
 4  87  57  72  -6   0   7 0.00    M    M  7.5 20 150   M    M   0        26 150
 5  95  74  85   7   0  20 0.00    M    M 13.1 22 210   M    M   0        30 190
 6  99  75  87   9   0  22 0.00    M    M  8.8 18 200   M    M   0        24 200
 7  99  70  85   6   0  20 0.10    M    M  7.2 16 210   M    M   1 3      21 210
 8  99  62  81   2   0  16    M    M    M  5.5 48  20   M    M   1 13     68  20
 9  91  57  74  -5   0   9 0.17    M    M  4.5 15  70   M    M   1 1      19  70
10  89  68  79   0   0  14    T    M    M  8.1 18 170   M    M   2        26 140
11  99  70  85   6   0  20 0.00    M    M  9.7 23 210   M    M   1        28 210
12 100  74  87   8   0  22 0.05    M    M 12.1 21 210   M    M   1        27 200
13  90  69  80   1   0  15 0.07    M    M  6.1 17  40   M    M   4 13     20  40
14  84  57  71  -8   0   6 0.06    M    M  6.6 18  40   M    M   2        27  20
15  78  49  64 -15   1   0 0.00    M    M  4.4 16  40   M    M   0        22  30
16  80  51  66 -13   0   1 0.00    M    M  3.2 12  80   M    M   4        16  70
17  78  59  69 -10   0   4 0.00    M    M  4.1 12 160   M    M   8        16 150
18  82  58  70 -10   0   5 0.00    M    M  5.2 16 180   M    M   7        23 150
19  87  54  71  -9   0   6 0.00    M    M  6.5 15 190   M    M   1 1      21 180
20  96  66  81   1   0  16 0.00    M    M 12.7 22 180   M    M   1        29 170
21 103  75  89   9   0  24 0.00    M    M 12.8 22 180   M    M   0        29 170
22 104  75  90  10   0  25 0.00    M    M  8.4 18  40   M    M   0 18     23  40
23  92  67  80   0   0  15    T    M    M  8.8 20  40   M    M   1 3      25 330
24  92  65  79  -1   0  14 0.00    M    M  9.5 18 160   M    M   0        25 170
25 107  77  92  12   0  27 0.00    M    M 15.0 25 220   M    M   0        34 210
26 103  77  90  10   0  25    T    M    M  9.3 17 230   M    M   0        22 210
27  93  68  81   2   0  16 0.00    M    M  7.0 16  30   M    M   1 18     22  20
28  86  60  73  -6   0   8 0.00    M    M  5.0 15  20   M    M   1        21  30
29  84  63  74  -5   0   9    T    M    M  3.5 10  60   M    M   7        14 330
30  82  60  71  -8   0   6 0.40    M    M  2.9 12  60   M    M   4 1      17  90
31  86  55  71  -8   0   6 0.00    M    M  2.1  9 220   M    M   0 1      13 250
================================================================================
SM 2813 1973         1 388  0.85    M    222.9          M       49
================================================================================
AV 90.7 63.6                               7.2 FASTST   M    M   2    MAX(MPH)
                                 MISC ---->  # 48  20               # 68   20
================================================================================
NOTES:
# LAST OF SEVERAL OCCURRENCES

COLUMN 17 PEAK WIND IN M.P.H.

PRELIMINARY LOCAL CLIMATOLOGICAL DATA (WS FORM: F-6) , PAGE 2

                                          STATION:  Manhattan KS
                                          MONTH:    JULY
                                          YEAR:     2014
                                          LATITUDE:   39  9 N
                                          LONGITUDE:  96 40 W

[TEMPERATURE DATA]      [PRECIPITATION DATA]       SYMBOLS USED IN COLUMN 16

AVERAGE MONTHLY: 77.2   TOTAL FOR MONTH:   0.85    1 = FOG OR MIST
DPTR FM NORMAL:  -1.8   DPTR FM NORMAL:   -3.12    2 = FOG REDUCING VISIBILITY
HIGHEST:   107 ON 25    GRTST 24HR  0.40 ON 30-30      TO 1/4 MILE OR LESS
LOWEST:     47 ON  3                               3 = THUNDER
                        SNOW, ICE PELLETS, HAIL    4 = ICE PELLETS
                        TOTAL MONTH:    M          5 = HAIL
                        GRTST 24HR    M  ON   M    6 = FREEZING RAIN OR DRIZZLE
                        GRTST DEPTH:  M  ON   M    7 = DUSTSTORM OR SANDSTORM:
                                                       VSBY 1/2 MILE OR LESS
                                                   8 = SMOKE OR HAZE
[NO. OF DAYS WITH]      [WEATHER - DAYS WITH]      9 = BLOWING SNOW
                                                   X = TORNADO
MAX 32 OR BELOW:   0    0.01 INCH OR MORE:   6
MAX 90 OR ABOVE:  16    0.10 INCH OR MORE:   3
MIN 32 OR BELOW:   0    0.50 INCH OR MORE:   0
MIN  0 OR BELOW:   0    1.00 INCH OR MORE:   0

[HDD (BASE 65) ]
TOTAL THIS MO.     1    CLEAR  (SCALE 0-3)  25
DPTR FM NORMAL     0    PTCLDY (SCALE 4-7)   6
TOTAL FM JUL 1     1    CLOUDY (SCALE 8-10)  0
DPTR FM NORMAL     0

[CDD (BASE 65) ]
TOTAL THIS MO.   388
DPTR FM NORMAL   -48    [PRESSURE DATA]
TOTAL FM JAN 1   896    HIGHEST SLP 30.27 ON 28
DPTR FM NORMAL    90    LOWEST  SLP 29.57 ON  7

[REMARKS]
#FINAL-07-14#




U.S. Dept. of Commerce
NOAA National Weather Service
1325 East West Highway
Silver Spring, MD 20910
E-mail: w-nws.webmaster@noaa.gov
Page last modified: May 16, 2007
NATIONAL WEATHER SERVICE: for Safety, for Work, for Fun - FOR LIFE