592
CXUS55 KFSD 012209
CF6MHE

PRELIMINARY LOCAL CLIMATOLOGICAL DATA (WS FORM: F-6)

                                          STATION:   MITCHELL SD
                                          MONTH:     NOVEMBER
                                          YEAR:      2014
                                          LATITUDE:   43 46 N
                                          LONGITUDE:  98  2 W

  TEMPERATURE IN F:       :PCPN:    SNOW:  WIND      :SUNSHINE: SKY     :PK WND
================================================================================
1   2   3   4   5  6A  6B    7    8   9   10  11  12  13   14  15   16   17  18
                                     12Z  AVG MX 2MIN
DY MAX MIN AVG DEP HDD CDD  WTR  SNW DPTH SPD SPD DIR MIN PSBL S-S WX    SPD DR
================================================================================

 1  53  30  42  -1  23   0 0.00  0.0    0 21.4 32 160   M    M   0        44 170
 2  63  39  51   9  14   0 0.00  0.0    0 13.7 22 170   M    M   0        28 160
 3  54  38  46   4  19   0 0.12  0.0    0 11.2 25 320   M    M   6 1      31 320
 4  58  34  46   5  19   0 0.00  0.0    0  9.6 17 300   M    M   0        23 280
 5  62  37  50  10  15   0 0.02  0.0    0 13.4 35 340   M    M   3        46 340
 6  54  29  42   2  23   0 0.00  0.0    0  8.5 21 340   M    M   1        25 340
 7  70  40  55  16  10   0 0.00  0.0    0 18.4 40 330   M    M   3        53 330
 8  46  30  38  -1  27   0 0.00  0.0    0 10.9 36 340   M    M   4        44 350
 9  45  33  39   1  26   0    T  0.0    0  8.4 20 100   M    M   6        25 100
10  34  19  27 -10  38   0 0.02  0.4    0 21.4 33 350   M    M   9 16     41  10
11  20   9  15 -22  50   0 0.00  0.0    T 18.4 25 320   M    M   6        31 320
12  21   7  14 -22  51   0 0.01  0.2    T 17.8 24 320   M    M   7 1      31 290
13  19  -1   9 -27  56   0 0.00  0.0    T 11.3 21 320   M    M   1        25 320
14  28  -3  13 -22  52   0 0.00  0.0    T  7.1 18 150   M    M   3        26 150
15  24   3  14 -20  51   0 0.29  4.7    T 11.3 24 320   M    M   9 129    29 320
16  23  -3  10 -24  55   0    T    T    5 16.3 30 330   M    M   4 1      35 330
17  16   3  10 -23  55   0    T    T    4 16.5 26 320   M    M   1        32 320
18  32   8  20 -12  45   0 0.00  0.0    3 11.5 29 330   M    M   8        39 330
19  29  13  21 -11  44   0    T    T    3 16.9 33 340   M    M   8 19     39 340
20  23   7  15 -16  50   0 0.00  0.0    2  6.4 18 160   M    M   5        22 150
21  41  16  29  -2  36   0 0.00  0.0    2 12.4 22 190   M    M   1 1      28 190
22  50  22  36   6  29   0 0.00  0.0    1  8.5 18 160   M    M   1 1      22 160
23  46  25  36   6  29   0    T  0.0    T 17.1 32 320   M    M   7        40 320
24  30  15  23  -6  42   0    T    T    0 20.9 33 320   M    M   5        40 330
25  40  14  27  -1  38   0 0.01    T    0  7.2 17 150   M    M   6 1      22 140
26  36   7  22  -6  43   0 0.03  0.3    T 16.3 32 350   M    M   8 19     39 350
27  22   0  11 -16  54   0    T    T    T 12.6 24 160   M    M   8        31 160
28  42  21  32   5  33   0 0.00  0.0    0  7.8 16 150   M    M   0 1      20 150
29  52  11  32   6  33   0    T    T    0 12.1 29 340   M    M   2 1      36 350
30  15   3   9 -17  56   0 0.00  0.0    0 16.3 25 330   M    M   2        31 330
================================================================================
SM 1148  506      1116   0  0.50     5.6 401.6          M      124
================================================================================
AV 38.3 16.9                              13.4 FASTST   M    M   4    MAX(MPH)
                                 MISC ---->  # 40 330               # 53  330
================================================================================
NOTES:
# LAST OF SEVERAL OCCURRENCES
-COLUMN 17 PEAK WIND IN M.P.H.
-PRECIPITATION AMOUNTS IN COLUMN 7,8 AND 9 ARE THE OFFICIAL
PRECIPITATION AMOUNTS FOR MITCHELL,SD.
-SNOW DEPTH IN COLUMN 9 IS RECORDED AT 6 AM CST (12Z).

PRELIMINARY LOCAL CLIMATOLOGICAL DATA (WS FORM: F-6) , PAGE 2

                                          STATION:  MITCHELL SD
                                          MONTH:    NOVEMBER
                                          YEAR:     2014
                                          LATITUDE:   43 46 N
                                          LONGITUDE:  98  2 W

[TEMPERATURE DATA]      [PRECIPITATION DATA]       SYMBOLS USED IN COLUMN 16

AVERAGE MONTHLY: 27.6   TOTAL FOR MONTH:   0.50    1 = FOG OR MIST
DPTR FM NORMAL:  -6.5   DPTR FM NORMAL:   -0.28    2 = FOG REDUCING VISIBILITY
HIGHEST:    70 ON  7    GRTST 24HR  0.29 ON 15-15      TO 1/4 MILE OR LESS
LOWEST:     -3 ON 16,14                            3 = THUNDER
                        SNOW, ICE PELLETS, HAIL    4 = ICE PELLETS
                        TOTAL MONTH:   5.6 INCHES  5 = HAIL
                        GRTST 24HR   4.7 ON 15-15  6 = FREEZING RAIN OR DRIZZLE
                        GRTST DEPTH:   5 ON 16     7 = DUSTSTORM OR SANDSTORM:
                                                       VSBY 1/2 MILE OR LESS
                                                   8 = SMOKE OR HAZE
[NO. OF DAYS WITH]      [WEATHER - DAYS WITH]      9 = BLOWING SNOW
                                                   X = TORNADO
MAX 32 OR BELOW:  13    0.01 INCH OR MORE:   7
MAX 90 OR ABOVE:   0    0.10 INCH OR MORE:   2
MIN 32 OR BELOW:  24    0.50 INCH OR MORE:   0
MIN  0 OR BELOW:   4    1.00 INCH OR MORE:   0

[HDD (BASE 65) ]
TOTAL THIS MO.  1116    CLEAR  (SCALE 0-3)  12
DPTR FM NORMAL   189    PTCLDY (SCALE 4-7)  14
TOTAL FM JUL 1  1656    CLOUDY (SCALE 8-10)  4
DPTR FM NORMAL    88

[CDD (BASE 65) ]
TOTAL THIS MO.     0
DPTR FM NORMAL     0    [PRESSURE DATA]
TOTAL FM JAN 1   724    HIGHEST SLP 30.70 ON 30
DPTR FM NORMAL  -100    LOWEST  SLP 29.42 ON 23

[REMARKS]

RECORD DAILY MAXIMUM SNOWFALL WAS ESTABLISHED ON THE 15TH WITH 4.7
INCHES.  THE PREVIOUS RECORD WAS 4.0 INCHES SET IN 1985, 1956 AND
1947.

#FINAL-11-14#




U.S. Dept. of Commerce
NOAA National Weather Service
1325 East West Highway
Silver Spring, MD 20910
E-mail: w-nws.webmaster@noaa.gov
Page last modified: May 16, 2007
NATIONAL WEATHER SERVICE: for Safety, for Work, for Fun - FOR LIFE