451
CXUS55 KFSD 300905
CF6MHE
PRELIMINARY LOCAL CLIMATOLOGICAL DATA (WS FORM: F-6)

                                          STATION:   MITCHELL SD
                                          MONTH:     JULY
                                          YEAR:      2014
                                          LATITUDE:   43 46 N
                                          LONGITUDE:  98  2 W

  TEMPERATURE IN F:       :PCPN:    SNOW:  WIND      :SUNSHINE: SKY     :PK WND
================================================================================
1   2   3   4   5  6A  6B    7    8   9   10  11  12  13   14  15   16   17  18
                                     12Z  AVG MX 2MIN
DY MAX MIN AVG DEP HDD CDD  WTR  SNW DPTH SPD SPD DIR MIN PSBL S-S WX    SPD DR
================================================================================

 1  67  57  62 -12   3   0 0.01  0.0    0 14.9 30 320   M    M   9        38 300
 2  76  55  66  -8   0   1 0.00  0.0    0  8.1 18 360   M    M   3        23 350
 3  81  52  67  -7   0   2 0.00  0.0    0 10.6 20 140   M    M   4        24 150
 4  86  64  75   0   0  10 0.00  0.0    0 17.2 31 160   M    M   1        37 170
 5  91  69  80   5   0  15    T  0.0    0 10.9 20 160   M    M   0        25 180
 6  90  69  80   5   0  15 0.00  0.0    0 10.4 23 320   M    M   0        27 310
 7  87  61  74  -1   0   9 0.05  0.0    0  9.9 24 340   M    M   1 13     32 340
 8  82  57  70  -5   0   5 0.00  0.0    0 12.7 24 350   M    M   1        30 330
 9  85  58  72  -3   0   7 0.00  0.0    0  3.8 10  80   M    M   1 8      12 280
10  87  58  73  -2   0   8 0.03  0.0    0 13.2 25 160   M    M   1 13     32 160
11  89  71  80   5   0  15 0.36  0.0    0  9.0 26 210   M    M   2 13     37 200
12  83  69  76   1   0  11 0.00  0.0    0  6.8 18 360   M    M   3 1      22 360
13  85  58  72  -3   0   7 0.00  0.0    0  8.0 20 340   M    M   1        26 320
14  72  53  63 -12   2   0 0.00  0.0    0 13.7 24 340   M    M   2        32 330
15  76  50  63 -12   2   0 0.00  0.0    0  7.8 20  10   M    M   4        25  10
16  78  47  63 -12   2   0 0.00  0.0    0  3.5  9  70   M    M   2        13 130
17  81  61  71  -4   0   6 0.00  0.0    0 10.5 20 150   M    M   4 8      25 170
18  79  59  69  -6   0   4 0.00  0.0    0 14.0 23 170   M    M   1        31 160
19  84  65  75   0   0  10 0.00  0.0    0  8.8 17 180   M    M   1        24 170
20  85  68  77   2   0  12 0.00  0.0    0 10.7 18 160   M    M   2        23 140
21  94  70  82   7   0  17 0.00  0.0    0 10.1 20 160   M    M   1 1      25 140
22  85  65  75   0   0  10 0.04  0.0    0 10.7 29 320   M    M   0 3      40 310
23  83  58  71  -4   0   6 0.00  0.0    0  6.7 13 130   M    M   0        16 150
24  87  63  75   0   0  10 0.09  0.0    0 16.9 33 150   M    M   3 3      42 140
25  89  67  78   3   0  13 0.00  0.0    0  8.7 20 140   M    M   1        25 140
26  86  64  75   1   0  10 0.64  0.0    0  8.2 21  10   M    M   2 13     28 360
27  75  57  66  -8   0   1 0.00  0.0    0 12.8 23 320   M    M   2        29 340
28  78  53  66  -8   0   1 0.00  0.0    0  6.6 15  20   M    M   2        22 350
29  79  50  65  -9   0   0 0.00  0.0    0  3.2 13 320   M    M   2        16 320
================================================================================
SM 2400 1748         9 205  1.22     0.0 288.4          M       56
================================================================================
AV 82.8 60.3                               9.9 FASTST   M    M   2    MAX(MPH)
                                 MISC ---->  # 33 150               # 42  140
================================================================================
NOTES:
# LAST OF SEVERAL OCCURRENCES

COLUMN 17 PEAK WIND IN M.P.H.

PRELIMINARY LOCAL CLIMATOLOGICAL DATA (WS FORM: F-6) , PAGE 2

                                          STATION:  MITCHELL SD
                                          MONTH:    JULY
                                          YEAR:     2014
                                          LATITUDE:   43 46 N
                                          LONGITUDE:  98  2 W

[TEMPERATURE DATA]      [PRECIPITATION DATA]       SYMBOLS USED IN COLUMN 16

AVERAGE MONTHLY: 71.5   TOTAL FOR MONTH:   1.22    1 = FOG OR MIST
DPTR FM NORMAL:  -3.2   DPTR FM NORMAL:   -1.70    2 = FOG REDUCING VISIBILITY
HIGHEST:    94 ON 21    GRTST 24HR  0.64 ON 26-26      TO 1/4 MILE OR LESS
LOWEST:     47 ON 16                               3 = THUNDER
                        SNOW, ICE PELLETS, HAIL    4 = ICE PELLETS
                        TOTAL MONTH:   0.0 INCH    5 = HAIL
                        GRTST 24HR     0.0         6 = FREEZING RAIN OR DRIZZLE
                        GRTST DEPTH:   0           7 = DUSTSTORM OR SANDSTORM:
                                                       VSBY 1/2 MILE OR LESS
                                                   8 = SMOKE OR HAZE
[NO. OF DAYS WITH]      [WEATHER - DAYS WITH]      9 = BLOWING SNOW
                                                   X = TORNADO
MAX 32 OR BELOW:   0    0.01 INCH OR MORE:   7
MAX 90 OR ABOVE:   3    0.10 INCH OR MORE:   2
MIN 32 OR BELOW:   0    0.50 INCH OR MORE:   1
MIN  0 OR BELOW:   0    1.00 INCH OR MORE:   0

[HDD (BASE 65) ]
TOTAL THIS MO.     9    CLEAR  (SCALE 0-3)  25
DPTR FM NORMAL     9    PTCLDY (SCALE 4-7)   3
TOTAL FM JUL 1     9    CLOUDY (SCALE 8-10)  1
DPTR FM NORMAL     9

[CDD (BASE 65) ]
TOTAL THIS MO.   205
DPTR FM NORMAL   -81    [PRESSURE DATA]
TOTAL FM JAN 1   441    HIGHEST SLP M ON M
DPTR FM NORMAL   -55    LOWEST  SLP 29.64 ON 25

[REMARKS]




U.S. Dept. of Commerce
NOAA National Weather Service
1325 East West Highway
Silver Spring, MD 20910
E-mail: w-nws.webmaster@noaa.gov
Page last modified: May 16, 2007
NATIONAL WEATHER SERVICE: for Safety, for Work, for Fun - FOR LIFE