983
CXUS55 KFSD 230905
CF6MHE
PRELIMINARY LOCAL CLIMATOLOGICAL DATA (WS FORM: F-6)

                                          STATION:   MITCHELL SD
                                          MONTH:     SEPTEMBER
                                          YEAR:      2014
                                          LATITUDE:   43 46 N
                                          LONGITUDE:  98  2 W

  TEMPERATURE IN F:       :PCPN:    SNOW:  WIND      :SUNSHINE: SKY     :PK WND
================================================================================
1   2   3   4   5  6A  6B    7    8   9   10  11  12  13   14  15   16   17  18
                                     12Z  AVG MX 2MIN
DY MAX MIN AVG DEP HDD CDD  WTR  SNW DPTH SPD SPD DIR MIN PSBL S-S WX    SPD DR
================================================================================

 1  79  59  69   0   0   4 0.39  0.0    0  8.1 22 310   M    M   3 13     30 330
 2  79  54  67  -1   0   2 0.00  0.0    0  7.8 16 160   M    M   0        21 150
 3  85  64  75   7   0  10 0.00  0.0    0 13.7 22 170   M    M   3        29 180
 4  78  56  67  -1   0   2    T  0.0    0 12.6 24 340   M    M   1 3      32 340
 5  68  51  60  -7   5   0 0.00  0.0    0  6.0 15 350   M    M   1        18 350
 6  76  51  64  -3   1   0 0.00  0.0    0  8.3 26 320   M    M   0        28 320
 7  80  53  67   1   0   2    T  0.0    0 11.5 22 360   M    M   1 3      30 360
 8  81  61  71   5   0   6 0.18  0.0    0 12.6 26 170   M    M   1 13     35 170
 9  70  55  63  -3   2   0 0.29  0.0    0  9.2 22  10   M    M   9 123    29 350
10  55  48  52 -13  13   0    T  0.0    0 14.2 24 350   M    M  10 1      33 340
11  52  45  49 -16  16   0 0.01  0.0    0  8.8 15 340   M    M  10        18 360
12  57  42  50 -14  15   0 0.01  0.0    0  5.2  9 170   M    M   6        13 310
13  65  37  51 -13  14   0 0.00  0.0    0 11.6 25 200   M    M   0        36 180
14  61  37  49 -15  16   0    T  0.0    0  4.5 12  40   M    M   6        15  40
15  65  42  54  -9  11   0    T  0.0    0  4.7 14  20   M    M   3        19  10
16  74  41  58  -5   7   0 0.00  0.0    0 10.4 18 190   M    M   1        26 180
17  79  45  62   0   3   0    T  0.0    0  4.8 10  40   M    M   0 1      17  10
18  78  49  64   2   1   0    T  0.0    0 11.4 24 170   M    M   2 12     30 150
19  88  62  75  14   0  10    T  0.0    0 10.6 24 170   M    M   3        32 170
20  85  53  69   8   0   4    T  0.0    0 10.9 30 320   M    M   2 1      39 320
21  73  46  60   0   5   0 0.00  0.0    0  7.9 17 330   M    M   0        23 330
22  78  41  60   0   5   0 0.00  0.0    0  9.3 17 160   M    M   1        23 160
================================================================================
SM 1606 1092       114  40  0.88     0.0 204.1          M       63
================================================================================
AV 73.0 49.6                               9.3 FASTST   M    M   3    MAX(MPH)
                                 MISC ---->  # 30 320               # 39  320
================================================================================
NOTES:
# LAST OF SEVERAL OCCURRENCES

COLUMN 17 PEAK WIND IN M.P.H.

PRELIMINARY LOCAL CLIMATOLOGICAL DATA (WS FORM: F-6) , PAGE 2

                                          STATION:  MITCHELL SD
                                          MONTH:    SEPTEMBER
                                          YEAR:     2014
                                          LATITUDE:   43 46 N
                                          LONGITUDE:  98  2 W

[TEMPERATURE DATA]      [PRECIPITATION DATA]       SYMBOLS USED IN COLUMN 16

AVERAGE MONTHLY: 61.3   TOTAL FOR MONTH:   0.88    1 = FOG OR MIST
DPTR FM NORMAL:  -3.2   DPTR FM NORMAL:   -0.85    2 = FOG REDUCING VISIBILITY
HIGHEST:    88 ON 19    GRTST 24HR  0.39 ON  1- 1      TO 1/4 MILE OR LESS
LOWEST:     37 ON 14,13                            3 = THUNDER
                        SNOW, ICE PELLETS, HAIL    4 = ICE PELLETS
                        TOTAL MONTH:   0.0 INCH    5 = HAIL
                        GRTST 24HR     0.0         6 = FREEZING RAIN OR DRIZZLE
                        GRTST DEPTH:   0           7 = DUSTSTORM OR SANDSTORM:
                                                       VSBY 1/2 MILE OR LESS
                                                   8 = SMOKE OR HAZE
[NO. OF DAYS WITH]      [WEATHER - DAYS WITH]      9 = BLOWING SNOW
                                                   X = TORNADO
MAX 32 OR BELOW:   0    0.01 INCH OR MORE:   5
MAX 90 OR ABOVE:   0    0.10 INCH OR MORE:   3
MIN 32 OR BELOW:   0    0.50 INCH OR MORE:   0
MIN  0 OR BELOW:   0    1.00 INCH OR MORE:   0

[HDD (BASE 65) ]
TOTAL THIS MO.   114    CLEAR  (SCALE 0-3)  15
DPTR FM NORMAL    37    PTCLDY (SCALE 4-7)   4
TOTAL FM JUL 1   126    CLOUDY (SCALE 8-10)  3
DPTR FM NORMAL    32

[CDD (BASE 65) ]
TOTAL THIS MO.    40
DPTR FM NORMAL   -25    [PRESSURE DATA]
TOTAL FM JAN 1   686    HIGHEST SLP M ON M
DPTR FM NORMAL  -124    LOWEST  SLP 29.49 ON  4

[REMARKS]




U.S. Dept. of Commerce
NOAA National Weather Service
1325 East West Highway
Silver Spring, MD 20910
E-mail: w-nws.webmaster@noaa.gov
Page last modified: May 16, 2007
NATIONAL WEATHER SERVICE: for Safety, for Work, for Fun - FOR LIFE