100
CXUS55 KFSD 260905
CF6MHE
PRELIMINARY LOCAL CLIMATOLOGICAL DATA (WS FORM: F-6)

                                          STATION:   MITCHELL SD
                                          MONTH:     JANUARY
                                          YEAR:      2015
                                          LATITUDE:   43 46 N
                                          LONGITUDE:  98  2 W

  TEMPERATURE IN F:       :PCPN:    SNOW:  WIND      :SUNSHINE: SKY     :PK WND
================================================================================
1   2   3   4   5  6A  6B    7    8   9   10  11  12  13   14  15   16   17  18
                                     12Z  AVG MX 2MIN
DY MAX MIN AVG DEP HDD CDD  WTR  SNW DPTH SPD SPD DIR MIN PSBL S-S WX    SPD DR
================================================================================

 1  33  17  25   6  40   0 0.00  0.0    4 10.1 20 260   M    M   5        26 260
 2  29  18  24   6  41   0 0.00  0.0    4 10.1 21 160   M    M   3        24 160
 3  26  -2  12  -6  53   0 0.02  0.3    4 19.3 33 350   M    M   6 129    43 340
 4   4  -7  -1 -19  66   0 0.00  0.0    4 13.0 24 340   M    M   1        30 350
 5  10 -10   0 -18  65   0 0.31  4.3    4 11.2 25 140   M    M   6 12     31 130
 6  12 -10   1 -17  64   0    T    T    7 14.9 32 330   M    M   4 19     38 330
 7   5  -7  -1 -19  66   0 0.00  0.0    7 13.6 28 340   M    M   0 89     34 340
 8  25   5  15  -3  50   0 0.01  0.1    7 24.9 46 320   M    M   6 129    55 320
 9   9   0   5 -13  60   0 0.00  0.0    7 14.1 28 310   M    M   0 8      33 320
10  20  -3   9  -9  56   0 0.00  0.0    7  8.6 18 330   M    M   0        22 330
11  16   0   8 -10  57   0 0.00  0.0    7  6.9 16 360   M    M   4        18 360
12   5  -9  -2 -20  67   0 0.00  0.0    7  7.2 16 350   M    M   0        20 340
13  23 -10   7 -11  58   0    T    T    7 11.8 22 170   M    M   6         M  M
14  31  13  22   4  43   0 0.00  0.0    7  8.1 14 250   M    M   2        19 250
15  37  24  31  13  34   0 0.00  0.0    7 10.4 17 310   M    M   0        22 290
16  38  15  27   9  38   0 0.00  0.0    5  4.2 10 170   M    M   0 1      12 270
17  42  28  35  16  30   0 0.00  0.0    3 19.3 33 300   M    M   3        44 300
18  44  27  36  17  29   0 0.00  0.0    2  6.4 16 270   M    M   1        21 260
19  50  28  39  20  26   0    T  0.0    1 10.1 23 300   M    M   2 6      28 290
20  40  30  35  16  30   0    T  0.2    0 14.1 29 300   M    M  10 1      37 300
21  31  25  28   9  37   0 0.02  0.3    T  5.9 15 360   M    M  10 1      16 360
22  41  18  30  11  35   0 0.00  0.0    T  9.2 17 200   M    M   4 1      21 190
23  45  28  37  18  28   0 0.00  0.0    0 10.7 20 330   M    M   0        24 330
24  46  32  39  20  26   0 0.04    T    0 12.6 29 340   M    M   5 1      40 360
25  37  32  35  16  30   0    T    T    0  8.8 23 340   M    M   9 1      28 330
================================================================================
SM  699  282      1129   0  0.40     5.2 285.5          M       87
================================================================================
AV 28.0 11.3                              11.4 FASTST   M    M   3    MAX(MPH)
                                 MISC ---->  # 46 320               # 55  320
================================================================================
NOTES:
# LAST OF SEVERAL OCCURRENCES

COLUMN 17 PEAK WIND IN M.P.H.

PRELIMINARY LOCAL CLIMATOLOGICAL DATA (WS FORM: F-6) , PAGE 2

                                          STATION:  MITCHELL SD
                                          MONTH:    JANUARY
                                          YEAR:     2015
                                          LATITUDE:   43 46 N
                                          LONGITUDE:  98  2 W

[TEMPERATURE DATA]      [PRECIPITATION DATA]       SYMBOLS USED IN COLUMN 16

AVERAGE MONTHLY: 19.6   TOTAL FOR MONTH:   0.40    1 = FOG OR MIST
DPTR FM NORMAL:   1.2   DPTR FM NORMAL:    0.22    2 = FOG REDUCING VISIBILITY
HIGHEST:    50 ON 19    GRTST 24HR  0.31 ON  5- 5      TO 1/4 MILE OR LESS
LOWEST:    -10 ON 13, 6                            3 = THUNDER
                        SNOW, ICE PELLETS, HAIL    4 = ICE PELLETS
                        TOTAL MONTH:   5.2 INCHES  5 = HAIL
                        GRTST 24HR   4.3 ON   M    6 = FREEZING RAIN OR DRIZZLE
                        GRTST DEPTH:   7 ON 15,14  7 = DUSTSTORM OR SANDSTORM:
                                                       VSBY 1/2 MILE OR LESS
                                                   8 = SMOKE OR HAZE
[NO. OF DAYS WITH]      [WEATHER - DAYS WITH]      9 = BLOWING SNOW
                                                   X = TORNADO
MAX 32 OR BELOW:  14    0.01 INCH OR MORE:   5
MAX 90 OR ABOVE:   0    0.10 INCH OR MORE:   1
MIN 32 OR BELOW:  25    0.50 INCH OR MORE:   0
MIN  0 OR BELOW:  10    1.00 INCH OR MORE:   0

[HDD (BASE 65) ]
TOTAL THIS MO.  1129    CLEAR  (SCALE 0-3)  13
DPTR FM NORMAL   -32    PTCLDY (SCALE 4-7)   9
TOTAL FM JUL 1  4010    CLOUDY (SCALE 8-10)  3
DPTR FM NORMAL   -86

[CDD (BASE 65) ]
TOTAL THIS MO.     0
DPTR FM NORMAL     0    [PRESSURE DATA]
TOTAL FM JAN 1     0    HIGHEST SLP M ON M
DPTR FM NORMAL     0    LOWEST  SLP 29.59 ON 24

[REMARKS]




U.S. Dept. of Commerce
NOAA National Weather Service
1325 East West Highway
Silver Spring, MD 20910
E-mail: w-nws.webmaster@noaa.gov
Page last modified: May 16, 2007
NATIONAL WEATHER SERVICE: for Safety, for Work, for Fun - FOR LIFE