991
CXUS51 KPBZ 280901
CF6MGW
PRELIMINARY LOCAL CLIMATOLOGICAL DATA (WS FORM: F-6)

                                          STATION:   MORGANTOWN WV
                                          MONTH:     JULY
                                          YEAR:      2014
                                          LATITUDE:   39 39 N
                                          LONGITUDE:  79 55 W

  TEMPERATURE IN F:       :PCPN:    SNOW:  WIND      :SUNSHINE: SKY     :PK WND
================================================================================
1   2   3   4   5  6A  6B    7    8   9   10  11  12  13   14  15   16   17  18
                                     12Z  AVG MX 2MIN
DY MAX MIN AVG DEP HDD CDD  WTR  SNW DPTH SPD SPD DIR MIN PSBL S-S WX    SPD DR
================================================================================

 1  89  70  80   7   0  15 0.00    M    M  5.4 15 170   M    M   3        22 210
 2  88  70  79   6   0  14 0.00    M    M  4.1 12 230   M    M   3        16 230
 3  83  65  74   1   0   9 0.00    M    M  4.3 13 220   M    M   4 18     21 270
 4  77  56  67  -6   0   2 0.00    M    M  6.6 16 360   M    M   5        24 360
 5  80  50  65  -8   0   0 0.00    M    M  1.9  9 360   M    M   0        13 360
 6  85  55  70  -3   0   5 0.02    M    M  3.6 13 240   M    M   3        19 230
 7  88  70  79   6   0  14 0.02    M    M  8.4 18 200   M    M   3        30 190
 8  86  70  78   5   0  13 0.87    M    M  7.4 13 220   M    M   4 123    24 220
 9  85  65  75   2   0  10 0.00    M    M  5.3 12 300   M    M   3        20 240
10  83  61  72  -1   0   7 0.00    M    M  1.9 12 330   M    M   3 1      18 320
11  87  62  75   2   0  10 0.00    M    M  2.1  9  80   M    M   1 18     12 250
12  88  64  76   3   0  11 0.00    M    M  2.2  9 200   M    M   2 18     14 210
13  89  69  79   6   0  14 1.13    M    M  5.3 14 160   M    M   5 13     22 220
14  82  70  76   3   0  11 0.79    M    M  4.6 12 260   M    M   8 1      20 250
15  81  60  71  -2   0   6 0.26    M    M  4.2 13 280   M    M   6 1      25 260
16  76  57  67  -6   0   2 0.00    M    M  3.7 12 270   M    M   5        16 300
17  77  58  68  -5   0   3 0.07    M    M  2.3 10 350   M    M   6 12     12 350
18  81  54  68  -5   0   3 0.06    M    M  2.2 12 200   M    M   3 18     15 210
19  72  65  69  -4   0   4 0.20    M    M  4.6 10 150   M    M  10 18     15 190
20  83  64  74   1   0   9 0.00    M    M  2.8 12 150   M    M   7        16 150
21  89  67  78   5   0  13 0.01    M    M  2.6  7 280   M    M   5 1      12 200
22  90  69  80   7   0  15 0.00    M    M  3.7  8 270   M    M   2        12 150
23  88  69  79   6   0  14    T    M    M  5.9 15 360   M    M   4 13     20 260
24  80  62  71  -2   0   6 0.00    M    M  6.8 15 360   M    M   6        19  10
25  81  54  68  -5   0   3 0.00    M    M  2.2  9 290   M    M   1        13 240
26  85  63  74   1   0   9 0.67    M    M  3.9 22 350   M    M   5 13     31 360
27  83  66  75   2   0  10 1.33    M    M  6.1 16 170   M    M   6 13     24 160
================================================================================
SM 2256 1705         0 232  5.43    M    114.1          M      113
================================================================================
AV 83.6 63.1                               4.2 FASTST   M    M   4    MAX(MPH)
                                 MISC ---->  # 22 350               # 31  360
================================================================================
NOTES:
# LAST OF SEVERAL OCCURRENCES

COLUMN 17 PEAK WIND IN M.P.H.

PRELIMINARY LOCAL CLIMATOLOGICAL DATA (WS FORM: F-6) , PAGE 2

                                          STATION:  MORGANTOWN WV
                                          MONTH:    JULY
                                          YEAR:     2014
                                          LATITUDE:   39 39 N
                                          LONGITUDE:  79 55 W

[TEMPERATURE DATA]      [PRECIPITATION DATA]       SYMBOLS USED IN COLUMN 16

AVERAGE MONTHLY: 73.4   TOTAL FOR MONTH:   5.43    1 = FOG OR MIST
DPTR FM NORMAL:   0.4   DPTR FM NORMAL:    1.34    2 = FOG REDUCING VISIBILITY
HIGHEST:    90 ON 22    GRTST 24HR  1.95 ON 26-27      TO 1/4 MILE OR LESS
LOWEST:     50 ON  5                               3 = THUNDER
                        SNOW, ICE PELLETS, HAIL    4 = ICE PELLETS
                        TOTAL MONTH:    M          5 = HAIL
                        GRTST 24HR    M  ON   M    6 = FREEZING RAIN OR DRIZZLE
                        GRTST DEPTH:  M  ON   M    7 = DUSTSTORM OR SANDSTORM:
                                                       VSBY 1/2 MILE OR LESS
                                                   8 = SMOKE OR HAZE
[NO. OF DAYS WITH]      [WEATHER - DAYS WITH]      9 = BLOWING SNOW
                                                   X = TORNADO
MAX 32 OR BELOW:   0    0.01 INCH OR MORE:  12
MAX 90 OR ABOVE:   1    0.10 INCH OR MORE:   7
MIN 32 OR BELOW:   0    0.50 INCH OR MORE:   5
MIN  0 OR BELOW:   0    1.00 INCH OR MORE:   2

[HDD (BASE 65) ]
TOTAL THIS MO.     0    CLEAR  (SCALE 0-3)   9
DPTR FM NORMAL     0    PTCLDY (SCALE 4-7)  17
TOTAL FM JUL 1     0    CLOUDY (SCALE 8-10)  1
DPTR FM NORMAL     0

[CDD (BASE 65) ]
TOTAL THIS MO.   232
DPTR FM NORMAL    16    [PRESSURE DATA]
TOTAL FM JAN 1   581    HIGHEST SLP  0.00 ON  8
DPTR FM NORMAL   136    LOWEST  SLP  0.00 ON  8

[REMARKS]




U.S. Dept. of Commerce
NOAA National Weather Service
1325 East West Highway
Silver Spring, MD 20910
E-mail: w-nws.webmaster@noaa.gov
Page last modified: May 16, 2007
NATIONAL WEATHER SERVICE: for Safety, for Work, for Fun - FOR LIFE