876
CXUS51 KPBZ 301001
CF6MGW
PRELIMINARY LOCAL CLIMATOLOGICAL DATA (WS FORM: F-6)

                                          STATION:   MORGANTOWN WV
                                          MONTH:     JANUARY
                                          YEAR:      2015
                                          LATITUDE:   39 39 N
                                          LONGITUDE:  79 55 W

  TEMPERATURE IN F:       :PCPN:    SNOW:  WIND      :SUNSHINE: SKY     :PK WND
================================================================================
1   2   3   4   5  6A  6B    7    8   9   10  11  12  13   14  15   16   17  18
                                     12Z  AVG MX 2MIN
DY MAX MIN AVG DEP HDD CDD  WTR  SNW DPTH SPD SPD DIR MIN PSBL S-S WX    SPD DR
================================================================================

 1  36  22  29  -3  36   0 0.00    M    M 10.2 18 210   M    M   1        29 220
 2  40  26  33   1  32   0 0.00    M    M  4.9 14 220   M    M   2        20 210
 3  63  25  44  12  21   0 0.36    M    M  9.2 18 160   M    M   8 8      26 180
 4  64  35  50  19  15   0 0.40    M    M 10.2 21 290   M    M   9 1      34 280
 5  35  18  27  -4  38   0 0.00    M    M  9.0 22 280   M    M   4        30 280
 6  23  17  20 -11  45   0 0.19    M    M  4.7 15 230   M    M  10 18     22 280
 7  19   4  12 -19  53   0 0.01    M    M  8.8 16 290   M    M   8 8      26 320
 8  24  -1  12 -19  53   0    T    M    M  7.0 15 210   M    M   3 8      23 210
 9  27  10  19 -12  46   0 0.02    M    M  8.7 24 220   M    M   6 8      38 230
10  19   0  10 -21  55   0 0.00    M    M  5.3 13 220   M    M   0        20 230
11  40   7  24  -7  41   0 0.04    M    M  2.2 10 170   M    M   5        16 200
12  38  29  34   3  31   0 0.47    M    M  3.3 15 350   M    M  10 128    22 330
13  29  19  24  -7  41   0 0.00    M    M  7.6 17 360   M    M   4        23 360
14  30  24  27  -4  38   0    T    M    M  2.8  9  90   M    M   9 8      14 230
15  33  19  26  -5  39   0 0.00    M    M  5.6 13 210   M    M   6        16 230
16  34  27  31   0  34   0 0.00    M    M  7.2 15 220   M    M   9 8      22 220
17  55  21  38   7  27   0 0.00    M    M  4.9 15 200   M    M   2        24 210
18  48  35  42  11  23   0 0.02    M    M  6.6 16 280   M    M   6        24 300
19  44  29  37   6  28   0    T    M    M  4.4 12 230   M    M   7        16 280
20  42  28  35   4  30   0    T    M    M  2.0  9  40   M    M   5 18     11  20
21  41  28  35   4  30   0 0.21    M    M  3.9 14 300   M    M   8 168    21 220
22  35  30  33   2  32   0 0.01    M    M  3.0  8 270   M    M  10 128    13 260
23  39  24  32   1  33   0 0.23    M    M  1.5  7  20   M    M   6 1268    9 350
24  33  29  31   0  34   0 0.09    M    M  5.3 13 220   M    M  10 1268   19 240
25  37  32  35   3  30   0 0.03    M    M  4.2 10 220   M    M  10 18     16 260
26  36  24  30  -2  35   0 0.30    M    M  4.8  9 290   M    M  10 18     13 270
27  24  19  22 -10  43   0    T    M    M  5.7 10 290   M    M  10 8      14 290
28  27  15  21 -11  44   0 0.00    M    M  2.7  8 230   M    M   5 8      11 290
29  47  19  33   1  32   0 0.15    M    M  5.8 16 280   M    M   7 8      26 270
================================================================================
SM 1062  614      1039   0  2.53    M    161.5          M      190
================================================================================
AV 36.6 21.2                               5.6 FASTST   M    M   7    MAX(MPH)
                                 MISC ---->  # 24 220               # 38  230
================================================================================
NOTES:
# LAST OF SEVERAL OCCURRENCES

COLUMN 17 PEAK WIND IN M.P.H.

PRELIMINARY LOCAL CLIMATOLOGICAL DATA (WS FORM: F-6) , PAGE 2

                                          STATION:  MORGANTOWN WV
                                          MONTH:    JANUARY
                                          YEAR:     2015
                                          LATITUDE:   39 39 N
                                          LONGITUDE:  79 55 W

[TEMPERATURE DATA]      [PRECIPITATION DATA]       SYMBOLS USED IN COLUMN 16

AVERAGE MONTHLY: 28.9   TOTAL FOR MONTH:   2.53    1 = FOG OR MIST
DPTR FM NORMAL:  -2.4   DPTR FM NORMAL:   -0.10    2 = FOG REDUCING VISIBILITY
HIGHEST:    64 ON  4    GRTST 24HR  0.55 ON  3- 4      TO 1/4 MILE OR LESS
LOWEST:     -1 ON  8                               3 = THUNDER
                        SNOW, ICE PELLETS, HAIL    4 = ICE PELLETS
                        TOTAL MONTH:    M          5 = HAIL
                        GRTST 24HR    M  ON   M    6 = FREEZING RAIN OR DRIZZLE
                        GRTST DEPTH:  M  ON   M    7 = DUSTSTORM OR SANDSTORM:
                                                       VSBY 1/2 MILE OR LESS
                                                   8 = SMOKE OR HAZE
[NO. OF DAYS WITH]      [WEATHER - DAYS WITH]      9 = BLOWING SNOW
                                                   X = TORNADO
MAX 32 OR BELOW:   9    0.01 INCH OR MORE:  15
MAX 90 OR ABOVE:   0    0.10 INCH OR MORE:   8
MIN 32 OR BELOW:  27    0.50 INCH OR MORE:   0
MIN  0 OR BELOW:   2    1.00 INCH OR MORE:   0

[HDD (BASE 65) ]
TOTAL THIS MO.  1039    CLEAR  (SCALE 0-3)   5
DPTR FM NORMAL    60    PTCLDY (SCALE 4-7)  12
TOTAL FM JUL 1  2896    CLOUDY (SCALE 8-10) 12
DPTR FM NORMAL   -67

[CDD (BASE 65) ]
TOTAL THIS MO.     0
DPTR FM NORMAL     0    [PRESSURE DATA]
TOTAL FM JAN 1     0    HIGHEST SLP  0.00 ON  7
DPTR FM NORMAL     0    LOWEST  SLP  0.00 ON  7

[REMARKS]




U.S. Dept. of Commerce
NOAA National Weather Service
1325 East West Highway
Silver Spring, MD 20910
E-mail: w-nws.webmaster@noaa.gov
Page last modified: May 16, 2007
NATIONAL WEATHER SERVICE: for Safety, for Work, for Fun - FOR LIFE