634
CXUS51 KPBZ 300901
CF6MGW
PRELIMINARY LOCAL CLIMATOLOGICAL DATA (WS FORM: F-6)

                                          STATION:   MORGANTOWN WV
                                          MONTH:     SEPTEMBER
                                          YEAR:      2014
                                          LATITUDE:   39 39 N
                                          LONGITUDE:  79 55 W

  TEMPERATURE IN F:       :PCPN:    SNOW:  WIND      :SUNSHINE: SKY     :PK WND
================================================================================
1   2   3   4   5  6A  6B    7    8   9   10  11  12  13   14  15   16   17  18
                                     12Z  AVG MX 2MIN
DY MAX MIN AVG DEP HDD CDD  WTR  SNW DPTH SPD SPD DIR MIN PSBL S-S WX    SPD DR
================================================================================

 1  85  72  79   9   0  14 0.23    M    M  4.8 12 220   M    M   8 18     18 210
 2  86  72  79   9   0  14 0.29    M    M  5.2 18 210   M    M   7 38     28 200
 3  86  68  77   7   0  12 0.00    M    M  1.2  7 140   M    M   5 18      9 100
 4  90  64  77   8   0  12 0.00    M    M  2.1  8 170   M    M   3 18     12 220
 5  90  70  80  11   0  15 0.00    M    M  3.5  9 200   M    M   2        13 150
 6  84  63  74   5   0   9 0.02    M    M  5.6 15 360   M    M   7 3      21  10
 7  77  57  67  -1   0   2 0.00    M    M  5.7 13  10   M    M   3        17  10
 8  79  57  68   0   0   3 0.00    M    M  7.1 18 130   M    M   4        24 120
 9  83  64  74   6   0   9 0.00    M    M  4.8 12 120   M    M   5        16 150
10  87  66  77  10   0  12 0.00    M    M  6.7 13 220   M    M   1        20 170
11  80  61  71   4   0   6 0.15    M    M  6.4 14 360   M    M   9 18     20 360
12  64  56  60  -7   5   0 0.00    M    M  4.6 10  10   M    M   8 18     15 360
13  69  50  60  -6   5   0 0.73    M    M  2.5  9 320   M    M   7 128    15 350
14  68  46  57  -9   8   0 0.00    M    M  1.7  9  60   M    M   4 12     13  80
15  72  45  59  -7   6   0 0.00    M    M  1.9 13 160   M    M   2 128    15 160
16  71  52  62  -3   3   0 0.02    M    M  2.3 12 350   M    M   7        14 350
17  73  47  60  -5   5   0 0.00    M    M  1.1  8 270   M    M   3 18     12 280
18  72  50  61  -3   4   0 0.00    M    M  4.0 12 360   M    M   3 128    15 320
19  77  49  63  -1   2   0 0.00    M    M  5.1 15 160   M    M   4 18     20 160
20  81  58  70   6   0   5 0.00    M    M  3.8 12 160   M    M   2        17 200
21  79  61  70   7   0   5 0.19    M    M  6.7 14 200   M    M   4        24 200
22  63  48  56  -7   9   0 0.02    M    M  4.1 13 360   M    M   8 18     19 320
23  72  41  57  -5   8   0 0.00    M    M  2.7 10 360   M    M   1 128    15 350
24  75  49  62   0   3   0 0.00    M    M  5.7 17 120   M    M   0        24 120
25  75  55  65   3   0   0 0.00    M    M  3.3  9 130   M    M   3        12 130
26  80  55  68   7   0   3 0.00    M    M  3.7 10  10   M    M   0 1      13 360
27  81  51  66   5   0   1 0.00    M    M  3.5 12 120   M    M   0 18     16 130
28  76  53  65   5   0   0 0.00    M    M  1.1  7 170   M    M   0         9 180
29  81  57  69   9   0   4 0.00    M    M  1.2  7 150   M    M   2        11 210
================================================================================
SM 2256 1637        58 126  1.65    M    112.1          M      112
================================================================================
AV 77.8 56.4                               3.9 FASTST   M    M   4    MAX(MPH)
                                 MISC ---->  # 18 210               # 28  200
================================================================================
NOTES:
# LAST OF SEVERAL OCCURRENCES

COLUMN 17 PEAK WIND IN M.P.H.

PRELIMINARY LOCAL CLIMATOLOGICAL DATA (WS FORM: F-6) , PAGE 2

                                          STATION:  MORGANTOWN WV
                                          MONTH:    SEPTEMBER
                                          YEAR:     2014
                                          LATITUDE:   39 39 N
                                          LONGITUDE:  79 55 W

[TEMPERATURE DATA]      [PRECIPITATION DATA]       SYMBOLS USED IN COLUMN 16

AVERAGE MONTHLY: 67.1   TOTAL FOR MONTH:   1.65    1 = FOG OR MIST
DPTR FM NORMAL:   1.7   DPTR FM NORMAL:   -1.45    2 = FOG REDUCING VISIBILITY
HIGHEST:    90 ON  5, 4 GRTST 24HR  0.73 ON 13-13      TO 1/4 MILE OR LESS
LOWEST:     41 ON 23                               3 = THUNDER
                        SNOW, ICE PELLETS, HAIL    4 = ICE PELLETS
                        TOTAL MONTH:    M          5 = HAIL
                        GRTST 24HR    M  ON   M    6 = FREEZING RAIN OR DRIZZLE
                        GRTST DEPTH:  M  ON   M    7 = DUSTSTORM OR SANDSTORM:
                                                       VSBY 1/2 MILE OR LESS
                                                   8 = SMOKE OR HAZE
[NO. OF DAYS WITH]      [WEATHER - DAYS WITH]      9 = BLOWING SNOW
                                                   X = TORNADO
MAX 32 OR BELOW:   0    0.01 INCH OR MORE:   8
MAX 90 OR ABOVE:   2    0.10 INCH OR MORE:   5
MIN 32 OR BELOW:   0    0.50 INCH OR MORE:   1
MIN  0 OR BELOW:   0    1.00 INCH OR MORE:   0

[HDD (BASE 65) ]
TOTAL THIS MO.    58    CLEAR  (SCALE 0-3)  13
DPTR FM NORMAL   -23    PTCLDY (SCALE 4-7)  15
TOTAL FM JUL 1    64    CLOUDY (SCALE 8-10)  1
DPTR FM NORMAL   -28

[CDD (BASE 65) ]
TOTAL THIS MO.   126
DPTR FM NORMAL    36    [PRESSURE DATA]
TOTAL FM JAN 1   959    HIGHEST SLP  0.00 ON 17
DPTR FM NORMAL   160    LOWEST  SLP  0.00 ON 17

[REMARKS]




U.S. Dept. of Commerce
NOAA National Weather Service
1325 East West Highway
Silver Spring, MD 20910
E-mail: w-nws.webmaster@noaa.gov
Page last modified: May 16, 2007
NATIONAL WEATHER SERVICE: for Safety, for Work, for Fun - FOR LIFE