351
CXUS51 KPBZ 011001
CF6MGW
PRELIMINARY LOCAL CLIMATOLOGICAL DATA (WS FORM: F-6)

                                          STATION:   MORGANTOWN WV
                                          MONTH:     NOVEMBER
                                          YEAR:      2014
                                          LATITUDE:   39 39 N
                                          LONGITUDE:  79 55 W

  TEMPERATURE IN F:       :PCPN:    SNOW:  WIND      :SUNSHINE: SKY     :PK WND
================================================================================
1   2   3   4   5  6A  6B    7    8   9   10  11  12  13   14  15   16   17  18
                                     12Z  AVG MX 2MIN
DY MAX MIN AVG DEP HDD CDD  WTR  SNW DPTH SPD SPD DIR MIN PSBL S-S WX    SPD DR
================================================================================

 1  46  37  42  -8  23   0 0.11    M    M  9.4 18 350   M    M  10 18     28 350
 2  48  31  40  -9  25   0 0.00    M    M  5.9 15 340   M    M   5        21 340
 3  59  29  44  -5  21   0 0.00    M    M  6.4 13 210   M    M   2        20 210
 4  69  54  62  13   3   0 0.00    M    M  7.9 16 210   M    M   1        23 230
 5  64  52  58  10   7   0 0.04    M    M  3.8 14 240   M    M  10 18     21 240
 6  60  46  53   5  12   0 0.27    M    M  6.6 20 270   M    M   8 1      32 270
 7  46  32  39  -9  26   0 0.07    M    M  6.6 16 300   M    M   6        25 300
 8  54  29  42  -6  23   0 0.00    M    M  4.7 14 200   M    M   4        22 230
 9  53  39  46  -1  19   0 0.00    M    M  5.2 13 210   M    M   6        19 200
10  72  38  55   8  10   0 0.00    M    M  3.8 12 150   M    M   1        14 160
11  74  44  59  12   6   0 0.00    M    M  4.9 15 210   M    M   1        26 210
12  64  38  51   5  14   0 0.05    M    M  5.9 13 290   M    M  10 18     18 340
13  38  30  34 -12  31   0 0.01    M    M  4.4 12 290   M    M  10        20 320
14  35  25  30 -16  35   0 0.00    M    M  5.3 12 270   M    M   8        17 270
15  38  20  29 -16  36   0 0.00    M    M  2.1  8 220   M    M   0        12 190
16  45  29  37  -8  28   0 0.10    M    M  3.9 12 200   M    M  10 1      17 230
17  46  22  34 -10  31   0 0.73    M    M  6.1 20 280   M    M  10 128    31 230
18  23  17  20 -24  45   0    T    M    M  9.3 17 260   M    M   5 8      29 260
19  45  16  31 -13  34   0    T    M    M  8.1 16 210   M    M   4        26 280
20  41  28  35  -8  30   0    T    M    M  9.3 16 230   M    M   6 8      26 220
21  31  20  26 -17  39   0    T    M    M  3.7 12 280   M    M   2 8      17 280
22  52  16  34  -9  31   0 0.00    M    M  2.3 10 210   M    M   6        16 220
23  65  49  57  15   8   0 0.19    M    M  7.2 18 160   M    M   4        27 140
24  71  47  59  17   6   0    T    M    M 11.4 23 210   M    M   5        37 240
25  52  35  44   2  21   0 0.00    M    M  7.8 17 220   M    M   1        25 240
26  36  33  35  -6  30   0 0.29    M    M  2.6  8  80   M    M   8 1268   11  90
27  37  29  33  -8  32   0 0.01    M    M  4.2 13 280   M    M  10 18     20 280
28  29  24  27 -13  38   0 0.02    M    M  4.7 12 280   M    M   9 8      17 290
29  55  29  42   2  23   0 0.00    M    M  6.0 13 200   M    M   8        21 200
30  64  54  59  19   6   0 0.00    M    M  9.0 16 200   M    M  10        28 240
================================================================================
SM 1512  992       693   0  1.89    M    178.5          M      180
================================================================================
AV 50.4 33.1                               5.9 FASTST   M    M   6    MAX(MPH)
                                 MISC ---->  # 23 210               # 37  240
================================================================================
NOTES:
# LAST OF SEVERAL OCCURRENCES

COLUMN 17 PEAK WIND IN M.P.H.

PRELIMINARY LOCAL CLIMATOLOGICAL DATA (WS FORM: F-6) , PAGE 2

                                          STATION:  MORGANTOWN WV
                                          MONTH:    NOVEMBER
                                          YEAR:     2014
                                          LATITUDE:   39 39 N
                                          LONGITUDE:  79 55 W

[TEMPERATURE DATA]      [PRECIPITATION DATA]       SYMBOLS USED IN COLUMN 16

AVERAGE MONTHLY: 41.7   TOTAL FOR MONTH:   1.89    1 = FOG OR MIST
DPTR FM NORMAL:  -3.2   DPTR FM NORMAL:   -1.57    2 = FOG REDUCING VISIBILITY
HIGHEST:    74 ON 11    GRTST 24HR  0.83 ON 16-17      TO 1/4 MILE OR LESS
LOWEST:     16 ON 22,19                            3 = THUNDER
                        SNOW, ICE PELLETS, HAIL    4 = ICE PELLETS
                        TOTAL MONTH:    M          5 = HAIL
                        GRTST 24HR    M  ON   M    6 = FREEZING RAIN OR DRIZZLE
                        GRTST DEPTH:  M  ON   M    7 = DUSTSTORM OR SANDSTORM:
                                                       VSBY 1/2 MILE OR LESS
                                                   8 = SMOKE OR HAZE
[NO. OF DAYS WITH]      [WEATHER - DAYS WITH]      9 = BLOWING SNOW
                                                   X = TORNADO
MAX 32 OR BELOW:   3    0.01 INCH OR MORE:  12
MAX 90 OR ABOVE:   0    0.10 INCH OR MORE:   6
MIN 32 OR BELOW:  17    0.50 INCH OR MORE:   1
MIN  0 OR BELOW:   0    1.00 INCH OR MORE:   0

[HDD (BASE 65) ]
TOTAL THIS MO.   693    CLEAR  (SCALE 0-3)   7
DPTR FM NORMAL    87    PTCLDY (SCALE 4-7)  12
TOTAL FM JUL 1  1030    CLOUDY (SCALE 8-10) 11
DPTR FM NORMAL   -18

[CDD (BASE 65) ]
TOTAL THIS MO.     0
DPTR FM NORMAL    -1    [PRESSURE DATA]
TOTAL FM JAN 1   981    HIGHEST SLP 30.54 ON 21
DPTR FM NORMAL   167    LOWEST  SLP 29.43 ON 24

[REMARKS]
#FINAL-11-14#




U.S. Dept. of Commerce
NOAA National Weather Service
1325 East West Highway
Silver Spring, MD 20910
E-mail: w-nws.webmaster@noaa.gov
Page last modified: May 16, 2007
NATIONAL WEATHER SERVICE: for Safety, for Work, for Fun - FOR LIFE