732
CXUS51 KPBZ 160901
CF6MGW
PRELIMINARY LOCAL CLIMATOLOGICAL DATA (WS FORM: F-6)

                                          STATION:   MORGANTOWN WV
                                          MONTH:     APRIL
                                          YEAR:      2014
                                          LATITUDE:   39 39 N
                                          LONGITUDE:  79 55 W

  TEMPERATURE IN F:       :PCPN:    SNOW:  WIND      :SUNSHINE: SKY     :PK WND
================================================================================
1   2   3   4   5  6A  6B    7    8   9   10  11  12  13   14  15   16   17  18
                                     12Z  AVG MX 2MIN
DY MAX MIN AVG DEP HDD CDD  WTR  SNW DPTH SPD SPD DIR MIN PSBL S-S WX    SPD DR
================================================================================

 1  77  35  56   8   9   0 0.00    M    M  5.6 20 220   M    M   1        31 210
 2  63  44  54   6  11   0 0.15    M    M  2.8 13  10   M    M   7 1      19 360
 3  68  47  58  10   7   0 0.22    M    M  5.8 14 140   M    M   8 1      19 150
 4  68  47  58   9   7   0 0.46    M    M  7.5 18 230   M    M   6 1      33 230
 5  48  33  41  -8  24   0 0.00    M    M  7.7 16 280   M    M   7        25 290
 6  63  27  45  -5  20   0 0.00    M    M  4.4 13 110   M    M   0        17 120
 7  61  47  54   4  11   0 0.03    M    M  9.6 23 150   M    M   6 1      31 120
 8  62  43  53   3  12   0 0.01    M    M  7.5 25 230   M    M   8        38 230
 9  60  35  48  -3  17   0    T    M    M  4.0 15 290   M    M   5        22 290
10  74  34  54   3  11   0 0.00    M    M  6.7 18 220   M    M   0        29 140
11  68  52  60   9   5   0 0.66    M    M  3.8 14 220   M    M   7 18     23 210
12  78  40  59   7   6   0 0.00    M    M  4.0 13 140   M    M   1 128    19 180
13  85  67  76  24   0  11 0.00    M    M  8.0 17 210   M    M   2        28 210
14  78  66  72  20   0   7 0.04    M    M  8.7 23 220   M    M   4        33 220
15  68  29  49  -4  16   0 0.45    M    M  8.0 14 310   M    M   9 18     25 290
================================================================================
SM 1021  646       156  18  2.02    M     94.1          M       71
================================================================================
AV 68.1 43.1                               6.3 FASTST   M    M   5    MAX(MPH)
                                 MISC ---->  # 25 230               # 38  230
================================================================================
NOTES:
# LAST OF SEVERAL OCCURRENCES

COLUMN 17 PEAK WIND IN M.P.H.

PRELIMINARY LOCAL CLIMATOLOGICAL DATA (WS FORM: F-6) , PAGE 2

                                          STATION:  MORGANTOWN WV
                                          MONTH:    APRIL
                                          YEAR:     2014
                                          LATITUDE:   39 39 N
                                          LONGITUDE:  79 55 W

[TEMPERATURE DATA]      [PRECIPITATION DATA]       SYMBOLS USED IN COLUMN 16

AVERAGE MONTHLY: 55.6   TOTAL FOR MONTH:   2.02    1 = FOG OR MIST
DPTR FM NORMAL:   5.3   DPTR FM NORMAL:    0.26    2 = FOG REDUCING VISIBILITY
HIGHEST:    85 ON 13    GRTST 24HR  0.66 ON 11-11      TO 1/4 MILE OR LESS
LOWEST:     27 ON  6                               3 = THUNDER
                        SNOW, ICE PELLETS, HAIL    4 = ICE PELLETS
                        TOTAL MONTH:    M          5 = HAIL
                        GRTST 24HR    M  ON   M    6 = FREEZING RAIN OR DRIZZLE
                        GRTST DEPTH:  M  ON   M    7 = DUSTSTORM OR SANDSTORM:
                                                       VSBY 1/2 MILE OR LESS
                                                   8 = SMOKE OR HAZE
[NO. OF DAYS WITH]      [WEATHER - DAYS WITH]      9 = BLOWING SNOW
                                                   X = TORNADO
MAX 32 OR BELOW:   0    0.01 INCH OR MORE:   8
MAX 90 OR ABOVE:   0    0.10 INCH OR MORE:   5
MIN 32 OR BELOW:   2    0.50 INCH OR MORE:   1
MIN  0 OR BELOW:   0    1.00 INCH OR MORE:   0

[HDD (BASE 65) ]
TOTAL THIS MO.   156    CLEAR  (SCALE 0-3)   5
DPTR FM NORMAL   -69    PTCLDY (SCALE 4-7)   9
TOTAL FM JUL 1  5145    CLOUDY (SCALE 8-10)  1
DPTR FM NORMAL   319

[CDD (BASE 65) ]
TOTAL THIS MO.    18
DPTR FM NORMAL    18    [PRESSURE DATA]
TOTAL FM JAN 1    18    HIGHEST SLP M ON M
DPTR FM NORMAL    16    LOWEST  SLP 29.37 ON  8

[REMARKS]




U.S. Dept. of Commerce
NOAA National Weather Service
1325 East West Highway
Silver Spring, MD 20910
E-mail: w-nws.webmaster@noaa.gov
Page last modified: May 16, 2007
NATIONAL WEATHER SERVICE: for Safety, for Work, for Fun - FOR LIFE