778
CXUS54 KBMX 221216
CF6MGM
PRELIMINARY LOCAL CLIMATOLOGICAL DATA (WS FORM: F-6)

                                          STATION:   MONTGOMERY
                                          MONTH:     NOVEMBER
                                          YEAR:      2014
                                          LATITUDE:   32 17 N
                                          LONGITUDE:  86 24 W

  TEMPERATURE IN F:       :PCPN:    SNOW:  WIND      :SUNSHINE: SKY     :PK WND
================================================================================
1   2   3   4   5  6A  6B    7    8   9   10  11  12  13   14  15   16   17  18
                                     12Z  AVG MX 2MIN
DY MAX MIN AVG DEP HDD CDD  WTR  SNW DPTH SPD SPD DIR MIN PSBL S-S WX    SPD DR
================================================================================

 1  57  37  47 -14  18   0 0.00  0.0    0 12.2 23 320   M    M   0        32 320
 2  65  30  48 -12  17   0 0.00  0.0    0  4.9 15  20   M    M   0        20  20
 3  70  33  52  -8  13   0 0.00  0.0    0  2.9  9 120   M    M   0        15 140
 4  76  39  58  -2   7   0 0.00  0.0    0  2.6 10 180   M    M   0        21 260
 5  76  50  63   3   2   0 0.00  0.0    0  2.4 10 160   M    M   1        13 210
 6  74  53  64   5   1   0    T  0.0    0  7.6 16 320   M    M   4 1      61  80
 7  63  37  50  -9  15   0 0.00  0.0    0  5.4 15  10   M    M   0        20  20
 8  65  37  51  -8  14   0 0.00  0.0    0  1.1  7 290   M    M   0 1       9 350
 9  71  38  55  -3  10   0 0.00  0.0    0  2.1  9 300   M    M   0 1      13 290
10  73  34  54  -4  11   0 0.00  0.0    0  1.4  8 110   M    M   1 1      10  90
11  75  38  57  -1   8   0 0.00  0.0    0  1.8 10  80   M    M   0 18     20 150
12  63  47  55  -3  10   0 0.00  0.0    0  6.4 15 330   M    M   8 128    20 320
13  47  37  42 -15  23   0    T  0.0    0 10.4 18 330   M    M   9 8      25 320
14  50  29  40 -17  25   0 0.00  0.0    0  8.5 18 320   M    M   0        23 350
15  58  26  42 -15  23   0 0.00  0.0    0  3.7 10 110   M    M   0        14 130
16  70  38  54  -2  11   0 0.00  0.0    0  7.1 15 170   M    M   7        20 180
17  69  32  51  -5  14   0 0.55    M    0 12.2 26 280   M    M   6 13     33 290
18  44  19  32 -24  33   0 0.00  0.0    0  7.4 20 310   M    M   0        23 300
19  54  16  35 -20  30   0 0.00  0.0    0  2.4  9 210   M    M   0        16 230
20  66  28  47  -8  18   0 0.00  0.0    0  2.6 13 260   M    M   0        17 260
21  70  36  53  -2  12   0 0.00  0.0    0  3.7 12  70   M    M   1 18     15  70
================================================================================
SM 1356  734       315   0  0.55     0.0 108.8          M       37
================================================================================
AV 64.6 35.0                               5.2 FASTST   M    M   2    MAX(MPH)
                                 MISC ---->  # 26 280               # 61   80
================================================================================
NOTES:
# LAST OF SEVERAL OCCURRENCES

COLUMN 17 PEAK WIND IN M.P.H.

PRELIMINARY LOCAL CLIMATOLOGICAL DATA (WS FORM: F-6) , PAGE 2

                                          STATION:  MONTGOMERY
                                          MONTH:    NOVEMBER
                                          YEAR:     2014
                                          LATITUDE:   32 17 N
                                          LONGITUDE:  86 24 W

[TEMPERATURE DATA]      [PRECIPITATION DATA]       SYMBOLS USED IN COLUMN 16

AVERAGE MONTHLY: 49.8   TOTAL FOR MONTH:   0.55    1 = FOG OR MIST
DPTR FM NORMAL:  -8.0   DPTR FM NORMAL:   -2.53    2 = FOG REDUCING VISIBILITY
HIGHEST:    76 ON  5, 4 GRTST 24HR  0.55 ON 17-17      TO 1/4 MILE OR LESS
LOWEST:     16 ON 19                               3 = THUNDER
                        SNOW, ICE PELLETS, HAIL    4 = ICE PELLETS
                        TOTAL MONTH:   0.0 INCH    5 = HAIL
                        GRTST 24HR     0.0         6 = FREEZING RAIN OR DRIZZLE
                        GRTST DEPTH:   0           7 = DUSTSTORM OR SANDSTORM:
                                                       VSBY 1/2 MILE OR LESS
                                                   8 = SMOKE OR HAZE
[NO. OF DAYS WITH]      [WEATHER - DAYS WITH]      9 = BLOWING SNOW
                                                   X = TORNADO
MAX 32 OR BELOW:   0    0.01 INCH OR MORE:   1
MAX 90 OR ABOVE:   0    0.10 INCH OR MORE:   1
MIN 32 OR BELOW:   7    0.50 INCH OR MORE:   1
MIN  0 OR BELOW:   0    1.00 INCH OR MORE:   0

[HDD (BASE 65) ]
TOTAL THIS MO.   315    CLEAR  (SCALE 0-3)  16
DPTR FM NORMAL   144    PTCLDY (SCALE 4-7)   4
TOTAL FM JUL 1   362    CLOUDY (SCALE 8-10)  1
DPTR FM NORMAL   100

[CDD (BASE 65) ]
TOTAL THIS MO.     0
DPTR FM NORMAL   -22    [PRESSURE DATA]
TOTAL FM JAN 1  2491    HIGHEST SLP M ON M
DPTR FM NORMAL   224    LOWEST  SLP 29.71 ON 17

[REMARKS]




U.S. Dept. of Commerce
NOAA National Weather Service
1325 East West Highway
Silver Spring, MD 20910
E-mail: w-nws.webmaster@noaa.gov
Page last modified: May 16, 2007
NATIONAL WEATHER SERVICE: for Safety, for Work, for Fun - FOR LIFE