250
CXUS54 KBMX 281216
CF6MGM
PRELIMINARY LOCAL CLIMATOLOGICAL DATA (WS FORM: F-6)

                                          STATION:   MONTGOMERY
                                          MONTH:     JULY
                                          YEAR:      2014
                                          LATITUDE:   32 17 N
                                          LONGITUDE:  86 24 W

  TEMPERATURE IN F:       :PCPN:    SNOW:  WIND      :SUNSHINE: SKY     :PK WND
================================================================================
1   2   3   4   5  6A  6B    7    8   9   10  11  12  13   14  15   16   17  18
                                     12Z  AVG MX 2MIN
DY MAX MIN AVG DEP HDD CDD  WTR  SNW DPTH SPD SPD DIR MIN PSBL S-S WX    SPD DR
================================================================================

 1  95  72  84   3   0  19 0.00  0.0    0  1.6 10 300   M    M   1        15 300
 2  97  72  85   4   0  20    T  0.0    0  4.2 26 300   M    M   2 18     35 310
 3  91  68  80  -1   0  15 0.00  0.0    0  7.2 16 300   M    M   0        20 290
 4  88  65  77  -4   0  12 0.00  0.0    0  5.6 15 360   M    M   0        23 310
 5  91  64  78  -3   0  13 0.00  0.0    0  3.3 13  10   M    M   1        15  10
 6  92  70  81  -1   0  16 0.00  0.0    0  4.1 14 100   M    M   1        20  20
 7  94  69  82   0   0  17 0.00  0.0    0  2.8 10 290   M    M   1 18     14 290
 8  95  68  82   0   0  17 0.00  0.0    0  4.2 12 280   M    M   0        15 250
 9  94  73  84   2   0  19    T  0.0    0  5.4 20 320   M    M   2 138    29 320
10  93  73  83   1   0  18 0.01  0.0    0  3.0 21 360   M    M   2 1      24 360
11  94  72  83   1   0  18 0.00  0.0    0  2.3  8 340   M    M   2 1      14 230
12  96  74  85   3   0  20 0.00  0.0    0  4.8 13 110   M    M   1        16  80
13  94  72  83   1   0  18 0.00  0.0    0  3.4  9 150   M    M   1        14 150
14  95  74  85   3   0  20 0.00  0.0    0  5.8 17 190   M    M   2        23 180
15  92  72  82   0   0  17 0.04  0.0    0  5.2 21 320   M    M   5 18     28 310
16  89  68  79  -3   0  14 0.00  0.0    0  5.6 14 290   M    M   2 12     17 310
17  89  62  76  -6   0  11 0.00  0.0    0  2.9 14 300   M    M   0        18 310
18  83  68  76  -6   0  11 0.14  0.0    0  5.5 14 170   M    M   3 1      20 160
19  88  73  81  -1   0  16 0.45  0.0    0  3.4 16 220   M    M   8 12     22 230
20  86  74  80  -2   0  15 1.63  0.0    0  3.5 15 300   M    M   7 13     21 180
21  88  75  82   0   0  17    T  0.0    0  4.2 13 120   M    M   6 1      18 150
22  89  74  82   0   0  17 0.01  0.0    0  4.6 12  70   M    M   5 1      14 110
23  92  72  82   0   0  17 0.00  0.0    0  2.5  9 210   M    M   2 1      13 210
24  92  73  83   1   0  18 0.00  0.0    0  4.2 10 240   M    M   2 18     15 290
25  93  75  84   2   0  19    T  0.0    0  2.7  9 210   M    M   4 18     21 200
26  95  72  84   2   0  19 0.00  0.0    0  3.8 14 290   M    M   1 18     18 280
27  97  75  86   4   0  21 0.00  0.0    0  5.0 13 270   M    M   1 18     16 260
================================================================================
SM 2482 1919         0 454  2.28     0.0 110.8          M       62
================================================================================
AV 91.9 71.1                               4.1 FASTST   M    M   2    MAX(MPH)
                                 MISC ---->  # 26 300               # 35  310
================================================================================
NOTES:
# LAST OF SEVERAL OCCURRENCES

COLUMN 17 PEAK WIND IN M.P.H.

PRELIMINARY LOCAL CLIMATOLOGICAL DATA (WS FORM: F-6) , PAGE 2

                                          STATION:  MONTGOMERY
                                          MONTH:    JULY
                                          YEAR:     2014
                                          LATITUDE:   32 17 N
                                          LONGITUDE:  86 24 W

[TEMPERATURE DATA]      [PRECIPITATION DATA]       SYMBOLS USED IN COLUMN 16

AVERAGE MONTHLY: 81.5   TOTAL FOR MONTH:   2.28    1 = FOG OR MIST
DPTR FM NORMAL:  -0.3   DPTR FM NORMAL:   -2.38    2 = FOG REDUCING VISIBILITY
HIGHEST:    97 ON 27, 2 GRTST 24HR  2.08 ON 19-20      TO 1/4 MILE OR LESS
LOWEST:     62 ON 17                               3 = THUNDER
                        SNOW, ICE PELLETS, HAIL    4 = ICE PELLETS
                        TOTAL MONTH:   0.0 INCH    5 = HAIL
                        GRTST 24HR     0.0         6 = FREEZING RAIN OR DRIZZLE
                        GRTST DEPTH:   0           7 = DUSTSTORM OR SANDSTORM:
                                                       VSBY 1/2 MILE OR LESS
                                                   8 = SMOKE OR HAZE
[NO. OF DAYS WITH]      [WEATHER - DAYS WITH]      9 = BLOWING SNOW
                                                   X = TORNADO
MAX 32 OR BELOW:   0    0.01 INCH OR MORE:   6
MAX 90 OR ABOVE:  19    0.10 INCH OR MORE:   3
MIN 32 OR BELOW:   0    0.50 INCH OR MORE:   1
MIN  0 OR BELOW:   0    1.00 INCH OR MORE:   1

[HDD (BASE 65) ]
TOTAL THIS MO.     0    CLEAR  (SCALE 0-3)  21
DPTR FM NORMAL     0    PTCLDY (SCALE 4-7)   6
TOTAL FM JUL 1     0    CLOUDY (SCALE 8-10)  0
DPTR FM NORMAL     0

[CDD (BASE 65) ]
TOTAL THIS MO.   454
DPTR FM NORMAL     1    [PRESSURE DATA]
TOTAL FM JAN 1  1292    HIGHEST SLP M ON M
DPTR FM NORMAL    81    LOWEST  SLP 29.85 ON 15

[REMARKS]




U.S. Dept. of Commerce
NOAA National Weather Service
1325 East West Highway
Silver Spring, MD 20910
E-mail: w-nws.webmaster@noaa.gov
Page last modified: May 16, 2007
NATIONAL WEATHER SERVICE: for Safety, for Work, for Fun - FOR LIFE