563
CXUS56 KMFR 191000
CF6MFR
PRELIMINARY LOCAL CLIMATOLOGICAL DATA (WS FORM: F-6)

                                          STATION:   MEDFORD OR
                                          MONTH:     APRIL
                                          YEAR:      2014
                                          LATITUDE:   42 22 N
                                          LONGITUDE: 122 52 W

  TEMPERATURE IN F:       :PCPN:    SNOW:  WIND      :SUNSHINE: SKY     :PK WND
================================================================================
1   2   3   4   5  6A  6B    7    8   9   10  11  12  13   14  15   16   17  18
                                     12Z  AVG MX 2MIN
DY MAX MIN AVG DEP HDD CDD  WTR  SNW DPTH SPD SPD DIR MIN PSBL S-S WX    SPD DR
================================================================================

 1  59  35  47  -3  18   0    T  0.0    0  4.3 15 220   M    M   7 18     19 230
 2  63  38  51   1  14   0    T  0.0    0  2.5 10 300   M    M   5        15  80
 3  61  40  51   0  14   0 0.18  0.0    0  3.5 24 150   M    M   6 1      30 150
 4  61  45  53   2  12   0 0.07  0.0    0  3.5 10  20   M    M   8 1      14 180
 5  59  46  53   2  12   0 0.02  0.0    0  2.9  9 300   M    M   9 8      12 350
 6  70  50  60   9   5   0 0.00  0.0    0  2.9  9 170   M    M   6        11 300
 7  80  42  61  10   4   0 0.00  0.0    0  3.0 13 340   M    M   0        18 360
 8  80  46  63  12   2   0 0.00  0.0    0  3.7 16 290   M    M   0 8      20 290
 9  76  45  61   9   4   0 0.00  0.0    0  4.8 17 360   M    M   1        22 360
10  77  49  63  11   2   0 0.00  0.0    0  4.5 10 320   M    M   4        14 320
11  80  43  62  10   3   0 0.00  0.0    0  2.7 14 360   M    M   0        17 360
12  76  43  60   8   5   0 0.00  0.0    0  3.9 17 350   M    M   0        24 270
13  79  38  59   7   6   0 0.00  0.0    0  4.1 14 320   M    M   0        20 300
14  78  42  60   8   5   0 0.00  0.0    0  4.7 13 360   M    M   1        15 270
15  68  45  57   4   8   0 0.00  0.0    0  5.1 14 350   M    M   4        17 300
16  72  40  56   3   9   0 0.00  0.0    0  3.0 10  10   M    M   1        13 350
17  61  44  53   0  12   0 0.09  0.0    0  3.3 17 300   M    M   7 1      22 290
18  71  45  58   5   7   0 0.00  0.0    0  2.7  9 190   M    M   4 18     12 190
================================================================================
SM 1271  776       142   0  0.36     0.0  65.0          M       63
================================================================================
AV 70.6 43.1                               3.6 FASTST   M    M   4    MAX(MPH)
                                 MISC ---->  # 24 150               # 30  150
================================================================================
NOTES:
# LAST OF SEVERAL OCCURRENCES

COLUMN 17 PEAK WIND IN M.P.H.

PRELIMINARY LOCAL CLIMATOLOGICAL DATA (WS FORM: F-6) , PAGE 2

                                          STATION:  MEDFORD OR
                                          MONTH:    APRIL
                                          YEAR:     2014
                                          LATITUDE:   42 22 N
                                          LONGITUDE: 122 52 W

[TEMPERATURE DATA]      [PRECIPITATION DATA]       SYMBOLS USED IN COLUMN 16

AVERAGE MONTHLY: 56.9   TOTAL FOR MONTH:   0.36    1 = FOG OR MIST
DPTR FM NORMAL:   5.2   DPTR FM NORMAL:   -0.49    2 = FOG REDUCING VISIBILITY
HIGHEST:    80 ON 11, 8 GRTST 24HR  0.25 ON  3- 4      TO 1/4 MILE OR LESS
LOWEST:     35 ON  1                               3 = THUNDER
                        SNOW, ICE PELLETS, HAIL    4 = ICE PELLETS
                        TOTAL MONTH:   0.0 INCH    5 = HAIL
                        GRTST 24HR     0.0         6 = FREEZING RAIN OR DRIZZLE
                        GRTST DEPTH:   0           7 = DUSTSTORM OR SANDSTORM:
                                                       VSBY 1/2 MILE OR LESS
                                                   8 = SMOKE OR HAZE
[NO. OF DAYS WITH]      [WEATHER - DAYS WITH]      9 = BLOWING SNOW
                                                   X = TORNADO
MAX 32 OR BELOW:   0    0.01 INCH OR MORE:   4
MAX 90 OR ABOVE:   0    0.10 INCH OR MORE:   1
MIN 32 OR BELOW:   0    0.50 INCH OR MORE:   0
MIN  0 OR BELOW:   0    1.00 INCH OR MORE:   0

[HDD (BASE 65) ]
TOTAL THIS MO.   142    CLEAR  (SCALE 0-3)   8
DPTR FM NORMAL   -98    PTCLDY (SCALE 4-7)   9
TOTAL FM JUL 1  3933    CLOUDY (SCALE 8-10)  1
DPTR FM NORMAL    61

[CDD (BASE 65) ]
TOTAL THIS MO.     0
DPTR FM NORMAL     0    [PRESSURE DATA]
TOTAL FM JAN 1     0    HIGHEST SLP M ON M
DPTR FM NORMAL     0    LOWEST  SLP 29.80 ON  1

[REMARKS]




U.S. Dept. of Commerce
NOAA National Weather Service
1325 East West Highway
Silver Spring, MD 20910
E-mail: w-nws.webmaster@noaa.gov
Page last modified: May 16, 2007
NATIONAL WEATHER SERVICE: for Safety, for Work, for Fun - FOR LIFE