524
CXUS56 KMFR 281000
CF6MFR
PRELIMINARY LOCAL CLIMATOLOGICAL DATA (WS FORM: F-6)

                                          STATION:   MEDFORD OR
                                          MONTH:     JULY
                                          YEAR:      2014
                                          LATITUDE:   42 22 N
                                          LONGITUDE: 122 52 W

  TEMPERATURE IN F:       :PCPN:    SNOW:  WIND      :SUNSHINE: SKY     :PK WND
================================================================================
1   2   3   4   5  6A  6B    7    8   9   10  11  12  13   14  15   16   17  18
                                     12Z  AVG MX 2MIN
DY MAX MIN AVG DEP HDD CDD  WTR  SNW DPTH SPD SPD DIR MIN PSBL S-S WX    SPD DR
================================================================================

 1 105  62  84  13   0  19 0.00  0.0    0  5.6 20 300   M    M   0        26 290
 2  94  69  82  11   0  17 0.00  0.0    0  6.3 22 360   M    M   1        24 360
 3  90  62  76   5   0  11 0.00  0.0    0  6.9 17 350   M    M   1        22 290
 4  94  56  75   3   0  10 0.00  0.0    0  5.4 17 310   M    M   0        23 290
 5  98  58  78   6   0  13 0.00  0.0    0  5.4 14 350   M    M   0        18 280
 6  99  62  81   9   0  16 0.00  0.0    0  4.9 16 350   M    M   0        20 280
 7 102  60  81   9   0  16 0.00  0.0    0  4.1 18 350   M    M   0        21 340
 8  89  68  79   6   0  14 0.00  0.0    0  3.7 12 320   M    M   3        22 230
 9 101  68  85  12   0  20 0.00  0.0    0  4.5 18 360   M    M   1        23 250
10 102  65  84  11   0  19 0.00  0.0    0  5.0 18 360   M    M   0        23 350
11  89  64  77   3   0  12 0.01  0.0    0  4.3 13  30   M    M   4 3      15  20
12 102  64  83   9   0  18 0.00  0.0    0  5.0 17 350   M    M   0        22 360
13  99  71  85  11   0  20 0.00  0.0    0  7.3 21 350   M    M   1        25 360
14 101  62  82   8   0  17 0.00  0.0    0  5.6 16 350   M    M   0        20 270
15 104  66  85  11   0  20 0.00  0.0    0  3.9 14 350   M    M   0 8      19 360
16 103  70  87  13   0  22 0.00  0.0    0  4.2 18 320   M    M   0        24 320
17 100  69  85  10   0  20 0.00  0.0    0  6.0 20 360   M    M   0        24 350
18  99  60  80   5   0  15 0.00  0.0    0  4.0 17 320   M    M   0        22 320
19  99  58  79   4   0  14 0.00  0.0    0  4.1 17 350   M    M   0 8      21 350
20  98  64  81   6   0  16 0.00  0.0    0  5.8 22 360   M    M   1        26 360
21  88  64  76   1   0  11    T  0.0    0  7.0 18 300   M    M   2        24 300
22  89  66  78   3   0  13    T  0.0    0  6.2 22 160   M    M   4 3      24 170
23  75  59  67  -8   0   2 0.09  0.0    0  7.9 21 300   M    M   8 1      26 300
24  83  48  66 -10   0   1 0.00  0.0    0  5.2 17 360   M    M   1        20 330
25  92  52  72  -4   0   7 0.00  0.0    0  3.9 18 360   M    M   0        23 360
26  98  57  78   2   0  13 0.00  0.0    0  4.6 17 350   M    M   0        22 350
27  97  62  80   4   0  15 0.00  0.0    0  1.6  9  20   M    M   2        11  10
================================================================================
SM 2590 1686         0 391  0.10     0.0 138.4          M       29
================================================================================
AV 95.9 62.4                               5.1 FASTST   M    M   1    MAX(MPH)
                                 MISC ---->  # 22 360               # 26  290
================================================================================
NOTES:
# LAST OF SEVERAL OCCURRENCES

COLUMN 17 PEAK WIND IN M.P.H.

PRELIMINARY LOCAL CLIMATOLOGICAL DATA (WS FORM: F-6) , PAGE 2

                                          STATION:  MEDFORD OR
                                          MONTH:    JULY
                                          YEAR:     2014
                                          LATITUDE:   42 22 N
                                          LONGITUDE: 122 52 W

[TEMPERATURE DATA]      [PRECIPITATION DATA]       SYMBOLS USED IN COLUMN 16

AVERAGE MONTHLY: 79.2   TOTAL FOR MONTH:   0.10    1 = FOG OR MIST
DPTR FM NORMAL:   5.4   DPTR FM NORMAL:   -0.15    2 = FOG REDUCING VISIBILITY
HIGHEST:   105 ON  1    GRTST 24HR  0.09 ON 23-23      TO 1/4 MILE OR LESS
LOWEST:     48 ON 24                               3 = THUNDER
                        SNOW, ICE PELLETS, HAIL    4 = ICE PELLETS
                        TOTAL MONTH:   0.0 INCH    5 = HAIL
                        GRTST 24HR     0.0         6 = FREEZING RAIN OR DRIZZLE
                        GRTST DEPTH:   0           7 = DUSTSTORM OR SANDSTORM:
                                                       VSBY 1/2 MILE OR LESS
                                                   8 = SMOKE OR HAZE
[NO. OF DAYS WITH]      [WEATHER - DAYS WITH]      9 = BLOWING SNOW
                                                   X = TORNADO
MAX 32 OR BELOW:   0    0.01 INCH OR MORE:   2
MAX 90 OR ABOVE:  21    0.10 INCH OR MORE:   0
MIN 32 OR BELOW:   0    0.50 INCH OR MORE:   0
MIN  0 OR BELOW:   0    1.00 INCH OR MORE:   0

[HDD (BASE 65) ]
TOTAL THIS MO.     0    CLEAR  (SCALE 0-3)  23
DPTR FM NORMAL    -1    PTCLDY (SCALE 4-7)   4
TOTAL FM JUL 1     0    CLOUDY (SCALE 8-10)  0
DPTR FM NORMAL    -1

[CDD (BASE 65) ]
TOTAL THIS MO.   391
DPTR FM NORMAL   147    [PRESSURE DATA]
TOTAL FM JAN 1   558    HIGHEST SLP M ON M
DPTR FM NORMAL   168    LOWEST  SLP 29.70 ON  1

[REMARKS]




U.S. Dept. of Commerce
NOAA National Weather Service
1325 East West Highway
Silver Spring, MD 20910
E-mail: w-nws.webmaster@noaa.gov
Page last modified: May 16, 2007
NATIONAL WEATHER SERVICE: for Safety, for Work, for Fun - FOR LIFE