732
CXUS56 KMFR 311000
CF6MFR
PRELIMINARY LOCAL CLIMATOLOGICAL DATA (WS FORM: F-6)

                                          STATION:   MEDFORD OR
                                          MONTH:     JANUARY
                                          YEAR:      2015
                                          LATITUDE:   42 22 N
                                          LONGITUDE: 122 52 W

  TEMPERATURE IN F:       :PCPN:    SNOW:  WIND      :SUNSHINE: SKY     :PK WND
================================================================================
1   2   3   4   5  6A  6B    7    8   9   10  11  12  13   14  15   16   17  18
                                     12Z  AVG MX 2MIN
DY MAX MIN AVG DEP HDD CDD  WTR  SNW DPTH SPD SPD DIR MIN PSBL S-S WX    SPD DR
================================================================================

 1  45  20  33  -6  32   0 0.00  0.0    0  1.0  7  40   M    M   0 18      7 150
 2  48  23  36  -3  29   0 0.00  0.0    0  0.3  5 180   M    M   1 18      6 350
 3  43  25  34  -5  31   0 0.00  0.0    0  0.3  6 360   M    M   4 12      7  40
 4  50  32  41   2  24   0    T  0.0    0  1.2  7 160   M    M   6 1       9 290
 5  52  36  44   5  21   0 0.00  0.0    0  0.8  5  60   M    M   4 18     11 290
 6  56  31  44   5  21   0 0.00  0.0    0  1.1  6 230   M    M   3 12      7 280
 7  54  32  43   4  22   0 0.00  0.0    0  1.4  6 260   M    M   5 128     7 260
 8  44  32  38  -1  27   0    T    T    0  1.0  7 160   M    M   8 128     8 150
 9  43  34  39  -1  26   0    T  0.0    0  1.1 10 250   M    M   8 12     12 250
10  48  36  42   2  23   0    T  0.0    0  0.7  6 360   M    M   8 12      7  30
11  45  39  42   2  23   0 0.15  0.0    0  1.1  6 160   M    M  10 12      7  30
12  48  43  46   6  19   0 0.11  0.0    0  0.3  5 280   M    M  10 18      7 170
13  57  36  47   7  18   0 0.00  0.0    0  3.1 10  40   M    M   5 12     11  20
14  53  29  41   1  24   0 0.00  0.0    0  1.5  8  10   M    M   0        10 150
15  44  34  39  -1  26   0 0.13  0.0    0  2.0 10 280   M    M   7 18     12 270
16  53  43  48   8  17   0 0.47  0.0    0  1.9  8 320   M    M   6 128     9 310
17  53  44  49   9  16   0 0.24  0.0    0  1.9 12 100   M    M  10 12     13 100
18  58  38  48   8  17   0 0.15  0.0    0  4.4 13 320   M    M   7 1      15 320
19  48  31  40   0  25   0 0.00  0.0    0  1.0  6  80   M    M   4 1       8 150
20  38  34  36  -5  29   0 0.00  0.0    0  1.4  6 360   M    M  10 12      M  M
21  43  31  37  -4  28   0 0.00  0.0    0  1.4  6  10   M    M   6 18      7 350
22  53  34  44   3  21   0 0.00  0.0    0  1.6 10 330   M    M   3 1      14 300
23  57  33  45   4  20   0 0.00  0.0    0  0.8  7 130   M    M   4 1       7 120
24  60  32  46   5  19   0 0.00  0.0    0  1.2  7 150   M    M   2 12      8 240
25  58  32  45   4  20   0 0.00  0.0    0  0.3  8 260   M    M   4 128     8 260
26  50  35  43   2  22   0 0.00  0.0    0  0.7  7 280   M    M   6 12      9 300
27  51  35  43   1  22   0 0.00  0.0    0  0.6  5 150   M    M   8 12     16 270
28  55  35  45   3  20   0 0.00  0.0    0  0.3  5 290   M    M   6 128     9 120
29  60  35  48   6  17   0 0.00  0.0    0  0.7  6 180   M    M   3 12      8 180
30  56  31  44   2  21   0 0.00  0.0    0  2.0  9 320   M    M   4 128    12 310
================================================================================
SM 1523 1005       680   0  1.25    T     37.1          M      162
================================================================================
AV 50.8 33.5                               1.2 FASTST   M    M   5    MAX(MPH)
                                 MISC ---->  # 13 320               # 16  270
================================================================================
NOTES:
# LAST OF SEVERAL OCCURRENCES

COLUMN 17 PEAK WIND IN M.P.H.

PRELIMINARY LOCAL CLIMATOLOGICAL DATA (WS FORM: F-6) , PAGE 2

                                          STATION:  MEDFORD OR
                                          MONTH:    JANUARY
                                          YEAR:     2015
                                          LATITUDE:   42 22 N
                                          LONGITUDE: 122 52 W

[TEMPERATURE DATA]      [PRECIPITATION DATA]       SYMBOLS USED IN COLUMN 16

AVERAGE MONTHLY: 42.1   TOTAL FOR MONTH:   1.25    1 = FOG OR MIST
DPTR FM NORMAL:   1.9   DPTR FM NORMAL:   -1.12    2 = FOG REDUCING VISIBILITY
HIGHEST:    60 ON 29,24 GRTST 24HR  0.60 ON 15-16      TO 1/4 MILE OR LESS
LOWEST:     20 ON  1                               3 = THUNDER
                        SNOW, ICE PELLETS, HAIL    4 = ICE PELLETS
                        TOTAL MONTH:    T          5 = HAIL
                        GRTST 24HR    T  ON  8- 8  6 = FREEZING RAIN OR DRIZZLE
                        GRTST DEPTH:   0           7 = DUSTSTORM OR SANDSTORM:
                                                       VSBY 1/2 MILE OR LESS
                                                   8 = SMOKE OR HAZE
[NO. OF DAYS WITH]      [WEATHER - DAYS WITH]      9 = BLOWING SNOW
                                                   X = TORNADO
MAX 32 OR BELOW:   0    0.01 INCH OR MORE:   6
MAX 90 OR ABOVE:   0    0.10 INCH OR MORE:   6
MIN 32 OR BELOW:  13    0.50 INCH OR MORE:   0
MIN  0 OR BELOW:   0    1.00 INCH OR MORE:   0

[HDD (BASE 65) ]
TOTAL THIS MO.   680    CLEAR  (SCALE 0-3)   7
DPTR FM NORMAL   -63    PTCLDY (SCALE 4-7)  19
TOTAL FM JUL 1  1946    CLOUDY (SCALE 8-10)  4
DPTR FM NORMAL  -563

[CDD (BASE 65) ]
TOTAL THIS MO.     0
DPTR FM NORMAL     0    [PRESSURE DATA]
TOTAL FM JAN 1     0    HIGHEST SLP M ON M
DPTR FM NORMAL     0    LOWEST  SLP 30.03 ON 10

[REMARKS]




U.S. Dept. of Commerce
NOAA National Weather Service
1325 East West Highway
Silver Spring, MD 20910
E-mail: w-nws.webmaster@noaa.gov
Page last modified: May 16, 2007
NATIONAL WEATHER SERVICE: for Safety, for Work, for Fun - FOR LIFE