584
CXUS56 KMFR 281432
CF6MFR
PRELIMINARY LOCAL CLIMATOLOGICAL DATA (WS FORM: F-6)

                                          STATION:   MEDFORD OR
                                          MONTH:     NOVEMBER
                                          YEAR:      2014
                                          LATITUDE:   42 22 N
                                          LONGITUDE: 122 52 W

  TEMPERATURE IN F:       :PCPN:    SNOW:  WIND      :SUNSHINE: SKY     :PK WND
================================================================================
1   2   3   4   5  6A  6B    7    8   9   10  11  12  13   14  15   16   17  18
                                     12Z  AVG MX 2MIN
DY MAX MIN AVG DEP HDD CDD  WTR  SNW DPTH SPD SPD DIR MIN PSBL S-S WX    SPD DR
================================================================================

 1  55  43  49   0  16   0 0.08  0.0    0  3.7 15 350   M    M   9 1      20 340
 2  60  42  51   2  14   0 0.00  0.0    0  2.4  8 190   M    M   6 1      10 320
 3  62  44  53   4  12   0 0.00  0.0    0  1.5  8 190   M    M   4        21  30
 4  57  45  51   3  14   0 0.02  0.0    0  1.6  7 170   M    M   8         9 160
 5  65  44  55   7  10   0 0.00  0.0    0  0.9  5 130   M    M   5 18      M  M
 6  62  46  54   6  11   0    T  0.0    0  2.0  8 300   M    M   9 12      M  M
 7  59  47  53   6  12   0 0.00  0.0    0  2.6  7 150   M    M   8         M  M
 8  61  46  54   7  11   0 0.00  0.0    0  1.4  7  20   M    M   6 1       M  M
 9  58  43  51   5  14   0 0.00  0.0    0  1.7  6 350   M    M   9 12      M  M
10  62  37  50   4  15   0 0.00  0.0    0  2.2  7 180   M    M   5 12     10 290
11  60  30  45  -1  20   0 0.00  0.0    0  0.6  7 210   M    M   1 12      9 210
12  54  31  43  -3  22   0 0.17  0.0    0  1.5  8  40   M    M   4 1       9 150
13  60  43  52   7  13   0 0.09  0.0    0  2.6 14 260   M    M   9 1      18 240
14  63  48  56  11   9   0 0.00  0.0    0  5.0 18 270   M    M   9        23 270
15  60  37  49   4  16   0 0.07  0.0    0  3.5 10  30   M    M   5 1      16 340
16  56  29  43  -1  22   0 0.00  0.0    0  1.7 15 160   M    M   1        22 150
17  54  23  39  -5  26   0 0.00  0.0    0  0.7  6 150   M    M   0 18      7 130
18  48  25  37  -7  28   0 0.00  0.0    0  1.3  7 160   M    M   4 18      9 230
19  54  35  45   2  20   0 0.10  0.0    0  2.9 16 150   M    M   7 1      20 140
20  53  44  49   6  16   0    T  0.0    0  1.4  7  60   M    M   9 128     8  60
21  49  41  45   2  20   0 0.41  0.0    0  3.8 10  40   M    M  10 12     12  30
22  56  40  48   5  17   0 0.26    M    0  4.3 21 300   M    M   8 18     27 300
23  47  39  43   1  22   0 0.00  0.0    0  1.5  7  50   M    M   9 1       9 150
24  51  39  45   3  20   0 0.00  0.0    0  2.2  7 160   M    M   8         7 150
25  59  41  50   8  15   0    T    M    0  1.3  6 350   M    M   6 1       8 320
26  51  43  47   5  18   0 0.00  0.0    0  1.4  8  10   M    M   9 18      9  10
27  59  45  52  10  13   0    T    M    0  3.5 10  50   M    M   7 12     13  50
================================================================================
SM 1535 1070       446   0  1.20     0.0  59.2          M      175
================================================================================
AV 56.9 39.6                               2.2 FASTST   M    M   6    MAX(MPH)
                                 MISC ---->  # 21 300               # 27  300
================================================================================
NOTES:
# LAST OF SEVERAL OCCURRENCES

COLUMN 17 PEAK WIND IN M.P.H.

PRELIMINARY LOCAL CLIMATOLOGICAL DATA (WS FORM: F-6) , PAGE 2

                                          STATION:  MEDFORD OR
                                          MONTH:    NOVEMBER
                                          YEAR:     2014
                                          LATITUDE:   42 22 N
                                          LONGITUDE: 122 52 W

[TEMPERATURE DATA]      [PRECIPITATION DATA]       SYMBOLS USED IN COLUMN 16

AVERAGE MONTHLY: 48.2   TOTAL FOR MONTH:   1.20    1 = FOG OR MIST
DPTR FM NORMAL:   3.1   DPTR FM NORMAL:   -1.46    2 = FOG REDUCING VISIBILITY
HIGHEST:    65 ON  5    GRTST 24HR  0.58 ON 21-22      TO 1/4 MILE OR LESS
LOWEST:     23 ON 17                               3 = THUNDER
                        SNOW, ICE PELLETS, HAIL    4 = ICE PELLETS
                        TOTAL MONTH:   0.0 INCH    5 = HAIL
                        GRTST 24HR     0.0         6 = FREEZING RAIN OR DRIZZLE
                        GRTST DEPTH:   0           7 = DUSTSTORM OR SANDSTORM:
                                                       VSBY 1/2 MILE OR LESS
                                                   8 = SMOKE OR HAZE
[NO. OF DAYS WITH]      [WEATHER - DAYS WITH]      9 = BLOWING SNOW
                                                   X = TORNADO
MAX 32 OR BELOW:   0    0.01 INCH OR MORE:   8
MAX 90 OR ABOVE:   0    0.10 INCH OR MORE:   4
MIN 32 OR BELOW:   5    0.50 INCH OR MORE:   0
MIN  0 OR BELOW:   0    1.00 INCH OR MORE:   0

[HDD (BASE 65) ]
TOTAL THIS MO.   446    CLEAR  (SCALE 0-3)   3
DPTR FM NORMAL   -91    PTCLDY (SCALE 4-7)  13
TOTAL FM JUL 1   615    CLOUDY (SCALE 8-10) 11
DPTR FM NORMAL  -282

[CDD (BASE 65) ]
TOTAL THIS MO.     0
DPTR FM NORMAL     0    [PRESSURE DATA]
TOTAL FM JAN 1  1238    HIGHEST SLP M ON M
DPTR FM NORMAL   409    LOWEST  SLP 29.77 ON  1

[REMARKS]




U.S. Dept. of Commerce
NOAA National Weather Service
1325 East West Highway
Silver Spring, MD 20910
E-mail: w-nws.webmaster@noaa.gov
Page last modified: May 16, 2007
NATIONAL WEATHER SERVICE: for Safety, for Work, for Fun - FOR LIFE