457
CXUS56 KMFR 301000
CF6MFR
PRELIMINARY LOCAL CLIMATOLOGICAL DATA (WS FORM: F-6)

                                          STATION:   MEDFORD OR
                                          MONTH:     SEPTEMBER
                                          YEAR:      2014
                                          LATITUDE:   42 22 N
                                          LONGITUDE: 122 52 W

  TEMPERATURE IN F:       :PCPN:    SNOW:  WIND      :SUNSHINE: SKY     :PK WND
================================================================================
1   2   3   4   5  6A  6B    7    8   9   10  11  12  13   14  15   16   17  18
                                     12Z  AVG MX 2MIN
DY MAX MIN AVG DEP HDD CDD  WTR  SNW DPTH SPD SPD DIR MIN PSBL S-S WX    SPD DR
================================================================================

 1  92  53  73   2   0   8 0.00  0.0    0  2.6 14 350   M    M   0        17 350
 2  92  55  74   4   0   9 0.00  0.0    0  5.2 23 360   M    M   0        29 360
 3  86  54  70   0   0   5 0.00  0.0    0  3.2 16 350   M    M   0        19 320
 4  93  47  70   0   0   5 0.00  0.0    0  3.3 15 350   M    M   0 8      19 360
 5  98  51  75   5   0  10 0.00  0.0    0  2.8 13  10   M    M   0 8      16  10
 6  96  51  74   5   0   9 0.00  0.0    0  3.6 15 280   M    M   1 8      19 280
 7  93  52  73   4   0   8 0.00  0.0    0  3.0 14 280   M    M   2 8      17 290
 8  92  55  74   5   0   9 0.00  0.0    0  3.5 17 350   M    M   0 8      22 340
 9  86  53  70   1   0   5 0.00  0.0    0  3.0 15 360   M    M   0        18 360
10  93  51  72   4   0   7 0.00  0.0    0  2.3 12  10   M    M   0 8      15  10
11  95  54  75   7   0  10 0.00  0.0    0  1.9 10 170   M    M   0        14 170
12  97  54  76   8   0  11 0.00  0.0    0  3.3 14 320   M    M   0        18 310
13  96  54  75   7   0  10 0.00  0.0    0  2.1 13 310   M    M   2        16 310
14  95  54  75   8   0  10 0.00  0.0    0  2.4 12 320   M    M   0        14 320
15  97  56  77  10   0  12 0.00  0.0    0  4.3 16 290   M    M   0        21 300
16  86  54  70   3   0   5 0.00  0.0    0  3.9 15 300   M    M   1 8      19 290
17  86  61  74   8   0   9    T  0.0    0  5.7 22 300   M    M   3 8      28 290
18  84  61  73   7   0   8    T  0.0    0  5.6 14 320   M    M   5 8      21 270
19  92  57  75   9   0  10 0.00  0.0    0  3.1 10 340   M    M   0        14 320
20 100  58  79  13   0  14 0.00  0.0    0  1.8 10 290   M    M   0        13 290
21  94  61  78  13   0  13 0.00  0.0    0  4.7 15 330   M    M   2        22 330
22  88  58  73   8   0   8 0.00  0.0    0  4.6 17 300   M    M   2 8      23 310
23  87  59  73   8   0   8 0.00  0.0    0  3.4 15 310   M    M   6        19 310
24  73  56  65   1   0   0 2.02  0.0    0  5.2 22 310   M    M  10 1      31 300
25  71  55  63  -1   2   0    T  0.0    0  3.5 20 290   M    M   8        24 280
26  74  51  63  -1   2   0    T  0.0    0  2.7 15  10   M    M   4 18     19 360
27  74  49  62  -1   3   0 0.00  0.0    0  3.9 16 330   M    M   6        21 350
28  76  53  65   2   0   0 0.00  0.0    0  2.5  7 120   M    M   3         9  20
29  79  51  65   2   0   0 0.02  0.0    0  4.7 18 320   M    M   4 1      23 320
================================================================================
SM 2565 1578         7 203  2.04     0.0 101.8          M       59
================================================================================
AV 88.4 54.4                               3.5 FASTST   M    M   2    MAX(MPH)
                                 MISC ---->  # 23 360               # 31  300
================================================================================
NOTES:
# LAST OF SEVERAL OCCURRENCES

COLUMN 17 PEAK WIND IN M.P.H.

PRELIMINARY LOCAL CLIMATOLOGICAL DATA (WS FORM: F-6) , PAGE 2

                                          STATION:  MEDFORD OR
                                          MONTH:    SEPTEMBER
                                          YEAR:     2014
                                          LATITUDE:   42 22 N
                                          LONGITUDE: 122 52 W

[TEMPERATURE DATA]      [PRECIPITATION DATA]       SYMBOLS USED IN COLUMN 16

AVERAGE MONTHLY: 71.4   TOTAL FOR MONTH:   2.04    1 = FOG OR MIST
DPTR FM NORMAL:   4.5   DPTR FM NORMAL:    1.49    2 = FOG REDUCING VISIBILITY
HIGHEST:   100 ON 20    GRTST 24HR  2.02 ON 24-24      TO 1/4 MILE OR LESS
LOWEST:     47 ON  4                               3 = THUNDER
                        SNOW, ICE PELLETS, HAIL    4 = ICE PELLETS
                        TOTAL MONTH:   0.0 INCH    5 = HAIL
                        GRTST 24HR     0.0         6 = FREEZING RAIN OR DRIZZLE
                        GRTST DEPTH:   0           7 = DUSTSTORM OR SANDSTORM:
                                                       VSBY 1/2 MILE OR LESS
                                                   8 = SMOKE OR HAZE
[NO. OF DAYS WITH]      [WEATHER - DAYS WITH]      9 = BLOWING SNOW
                                                   X = TORNADO
MAX 32 OR BELOW:   0    0.01 INCH OR MORE:   2
MAX 90 OR ABOVE:  16    0.10 INCH OR MORE:   1
MIN 32 OR BELOW:   0    0.50 INCH OR MORE:   1
MIN  0 OR BELOW:   0    1.00 INCH OR MORE:   1

[HDD (BASE 65) ]
TOTAL THIS MO.     7    CLEAR  (SCALE 0-3)  21
DPTR FM NORMAL   -49    PTCLDY (SCALE 4-7)   7
TOTAL FM JUL 1     7    CLOUDY (SCALE 8-10)  1
DPTR FM NORMAL   -59

[CDD (BASE 65) ]
TOTAL THIS MO.   203
DPTR FM NORMAL    92    [PRESSURE DATA]
TOTAL FM JAN 1  1217    HIGHEST SLP M ON M
DPTR FM NORMAL   399    LOWEST  SLP 29.66 ON 17

[REMARKS]




U.S. Dept. of Commerce
NOAA National Weather Service
1325 East West Highway
Silver Spring, MD 20910
E-mail: w-nws.webmaster@noaa.gov
Page last modified: May 16, 2007
NATIONAL WEATHER SERVICE: for Safety, for Work, for Fun - FOR LIFE