017
CXUS53 KGRB 301200
CF6MFI
PRELIMINARY LOCAL CLIMATOLOGICAL DATA (WS FORM: F-6)

                                          STATION:   MARSHFIELD WI
                                          MONTH:     AUGUST
                                          YEAR:      2014
                                          LATITUDE:   44 37 N
                                          LONGITUDE:  90 11 W

  TEMPERATURE IN F:       :PCPN:    SNOW:  WIND      :SUNSHINE: SKY     :PK WND
================================================================================
1   2   3   4   5  6A  6B    7    8   9   10  11  12  13   14  15   16   17  18
                                     12Z  AVG MX 2MIN
DY MAX MIN AVG DEP HDD CDD  WTR  SNW DPTH SPD SPD DIR MIN PSBL S-S WX    SPD DR
================================================================================

 1  82  58  70   1   0   5 0.27  0.0    0  4.4 17  40   M    M   1 1238   26 350
 2   M   M   M   M   M   M    T    M    0  3.3 13 280   M    M   1 123     M  M
 3  84  62  73   4   0   8 0.00  0.0    0  5.5 18  30   M    M   1 138    25  20
 4  75  62  69   0   0   4 0.03  0.0    0  5.4 12 210   M    M   8 138    14 210
 5  78  59  69   0   0   4 0.00  0.0    0  3.5 10  80   M    M   4 1      15  80
 6  82  54  68   0   0   3 0.00  0.0    0  3.3 16 360   M    M   1 1      22 330
 7  81  58  70   2   0   5 0.00  0.0    0  6.2 12 100   M    M   1 1      17 100
 8  82  56  69   1   0   4 0.00  0.0    0  5.6 13 100   M    M   1        17 130
 9  81  56  69   1   0   4 0.00  0.0    0  5.7 14 140   M    M   1 18     18 120
10  81  56  69   1   0   4 0.00  0.0    0  3.3 12 150   M    M   1        15 150
11  74  58  66  -2   0   1 0.24  0.0    0  8.9 23  20   M    M   9 138    35  10
12  75  54  65  -3   0   0 0.00  0.0    0 13.5 26 340   M    M   1        32 340
13  78  55  67  -1   0   2 0.00  0.0    0  9.1 18 350   M    M   3        25 350
14  72  48  60  -8   5   0 0.00  0.0    0  3.4 10 270   M    M   0        14 270
15  81  49  65  -3   0   0 0.00  0.0    0  5.0 12 250   M    M   2        16 210
16  83  61  72   4   0   7    T  0.0    0  8.2 14  90   M    M   6 12     19 250
17  73  60  67   0   0   2 0.00  0.0    0  8.2 15 110   M    M   8 1      19 130
18  81  60  71   4   0   6 1.34  0.0    0  7.0 28 300   M    M   8 138    37 290
19  76  61  69   2   0   4    T  0.0    0  7.6 16 290   M    M   7 1      22 270
20  77  58  68   1   0   3 0.00  0.0    0  3.3  9  10   M    M   5 12     15 330
21  80  62  71   4   0   6 0.33  0.0    0  6.5 12 160   M    M   7 13      M  M
22  84  70  77  11   0  12    T  0.0    0  5.4 10 200   M    M   8 128    14 210
23  74  71  73   7   0   8 0.00  0.0    0  8.0 14 130   M    M  10 12     18 140
24  83  68  76  10   0  11    T  0.0    0 11.3 18 140   M    M  10 18     23 150
25  85  65  75   9   0  10 0.22  0.0    0  9.5 32 230   M    M   3 13     44 220
26  73  57  65  -1   0   0 0.00  0.0    0  7.9 20 350   M    M   1        23  10
27  74  55  65   0   0   0    T  0.0    0  4.3 12 340   M    M   3        14 320
28  72  52  62  -3   3   0 0.19  0.0    0  7.0 15 130   M    M   6 1      19 140
29  83  56  70   5   0   5 0.57  0.0    0  7.0 17 300   M    M   7 138    28 300
================================================================================
SM 2204 1641         8 118  3.19     0.0 187.3          M      124
================================================================================
AV 78.7 58.6                               6.5 FASTST   M    M   4    MAX(MPH)
                                 MISC ---->  # 32 230               # 44  220
================================================================================
NOTES:
# LAST OF SEVERAL OCCURRENCES

COLUMN 17 PEAK WIND IN M.P.H.

PRELIMINARY LOCAL CLIMATOLOGICAL DATA (WS FORM: F-6) , PAGE 2

                                          STATION:  MARSHFIELD WI
                                          MONTH:    AUGUST
                                          YEAR:     2014
                                          LATITUDE:   44 37 N
                                          LONGITUDE:  90 11 W

[TEMPERATURE DATA]      [PRECIPITATION DATA]       SYMBOLS USED IN COLUMN 16

AVERAGE MONTHLY: 68.7   TOTAL FOR MONTH:   3.19    1 = FOG OR MIST
DPTR FM NORMAL:   1.3   DPTR FM NORMAL:   -0.85    2 = FOG REDUCING VISIBILITY
HIGHEST:    85 ON 25    GRTST 24HR  1.34 ON 18-18      TO 1/4 MILE OR LESS
LOWEST:     48 ON 14                               3 = THUNDER
                        SNOW, ICE PELLETS, HAIL    4 = ICE PELLETS
                        TOTAL MONTH:   0.0 INCH    5 = HAIL
                        GRTST 24HR     0.0         6 = FREEZING RAIN OR DRIZZLE
                        GRTST DEPTH:   0           7 = DUSTSTORM OR SANDSTORM:
                                                       VSBY 1/2 MILE OR LESS
                                                   8 = SMOKE OR HAZE
[NO. OF DAYS WITH]      [WEATHER - DAYS WITH]      9 = BLOWING SNOW
                                                   X = TORNADO
MAX 32 OR BELOW:   0    0.01 INCH OR MORE:   8
MAX 90 OR ABOVE:   0    0.10 INCH OR MORE:   7
MIN 32 OR BELOW:   0    0.50 INCH OR MORE:   2
MIN  0 OR BELOW:   0    1.00 INCH OR MORE:   1

[HDD (BASE 65) ]
TOTAL THIS MO.     8    CLEAR  (SCALE 0-3)  15
DPTR FM NORMAL   -27    PTCLDY (SCALE 4-7)  10
TOTAL FM JUL 1    40    CLOUDY (SCALE 8-10)  4
DPTR FM NORMAL   -17

[CDD (BASE 65) ]
TOTAL THIS MO.   118
DPTR FM NORMAL    18    [PRESSURE DATA]
TOTAL FM JAN 1   346    HIGHEST SLP M ON M
DPTR FM NORMAL    10    LOWEST  SLP 29.63 ON 19

[REMARKS]




U.S. Dept. of Commerce
NOAA National Weather Service
1325 East West Highway
Silver Spring, MD 20910
E-mail: w-nws.webmaster@noaa.gov
Page last modified: May 16, 2007
NATIONAL WEATHER SERVICE: for Safety, for Work, for Fun - FOR LIFE