267
CXUS53 KGRB 010706
CF6MFI
PRELIMINARY LOCAL CLIMATOLOGICAL DATA (WS FORM: F-6)

                                          STATION:   MARSHFIELD WI
                                          MONTH:     JULY
                                          YEAR:      2014
                                          LATITUDE:   44 37 N
                                          LONGITUDE:  90 11 W

  TEMPERATURE IN F:       :PCPN:    SNOW:  WIND      :SUNSHINE: SKY     :PK WND
================================================================================
1   2   3   4   5  6A  6B    7    8   9   10  11  12  13   14  15   16   17  18
                                     12Z  AVG MX 2MIN
DY MAX MIN AVG DEP HDD CDD  WTR  SNW DPTH SPD SPD DIR MIN PSBL S-S WX    SPD DR
================================================================================

 1  75  58  67  -1   0   2 0.16  0.0    0 11.6 22 280   M    M   7 18     31 290
 2  72  52  62  -6   3   0 0.02  0.0    0 10.4 17 340   M    M   6 18     23 340
 3  74  47  61  -7   4   0 0.00  0.0    0  6.9 16 320   M    M   3        21 310
 4  77  47  62  -7   3   0 0.00  0.0    0  4.5 15 210   M    M   1        19 180
 5  80  57  69   0   0   4 0.00  0.0    0 10.2 21 220   M    M   4        29 210
 6  79  64  72   3   0   7 0.10  0.0    0  8.3 20 270   M    M   8 138    28 270
 7  82  60  71   2   0   6 0.47  0.0    0  8.5 23 290   M    M   3 13     32 300
 8  72  58  65  -4   0   0 0.03  0.0    0 10.9 24 310   M    M   8 1      30 310
 9  72  55  64  -5   1   0 0.00  0.0    0  8.5 20 330   M    M   3        24 350
10  78  52  65  -4   0   0 0.00  0.0    0  7.2 15 180   M    M   1        20 190
11  76  59  68  -1   0   3 0.00  0.0    0 10.0 22 190   M    M   4 1      28 180
12  75  60  68  -1   0   3 0.04  0.0    0  4.6 18 200   M    M   6 13     24 200
13  73  56  65  -4   0   0 0.00  0.0    0  8.4 17 300   M    M   4 12     24 280
14  67  52  60  -9   5   0 0.02  0.0    0  9.2 26 320   M    M   8 1      33 320
15  68  49  59 -10   6   0    T    M    0 11.1 21 340   M    M   7        28 360
16  72  47  60  -9   5   0 0.00  0.0    0  3.8 12  20   M    M   3        15  10
17  75  50  63  -6   2   0 0.00  0.0    0  5.2 13 220   M    M   2        16 240
18  78  54  66  -3   0   1 0.00  0.0    0  6.6 16 200   M    M   5        22 220
19  79  58  69   0   0   4 0.00  0.0    0  8.7 18 210   M    M   5        24 200
20  83  60  72   3   0   7 0.00  0.0    0  9.3 20 210   M    M   5 1      24 210
21  86  64  75   6   0  10 0.00  0.0    0  9.3 15 190   M    M   5 1      19 180
22  86  63  75   6   0  10 0.00  0.0    0 12.8 22 340   M    M   4        28 330
23  78  55  67  -2   0   2 0.00  0.0    0  5.3 13 330   M    M   2        20 320
24  78  54  66  -3   0   1 0.00  0.0    0  4.2 12 190   M    M   1        15 210
25  70  60  65  -4   0   0    T  0.0    0  8.5 22 190   M    M   6        26 190
26  82  64  73   4   0   8 0.14  0.0    0  7.3 24 260   M    M   5 138    32 270
27  76  54  65  -4   0   0 0.09  0.0    0 11.3 24 330   M    M   4 138    32 350
28  75  50  63  -6   2   0    T  0.0    0 10.5 18 330   M    M   4        24 330
29  79  54  67  -2   0   2 0.28  0.0    0  8.4 30 350   M    M   3 13     38 330
30  75  52  64  -5   1   0 0.12  0.0    0  6.1 17 300   M    M   2 138    22 300
31  81  58  70   1   0   5 0.11  0.0    0  8.0 20 250   M    M   3 13     29 260
================================================================================
SM 2373 1723        32  75  1.58     0.0 255.6          M      132
================================================================================
AV 76.5 55.6                               8.2 FASTST   M    M   4    MAX(MPH)
                                 MISC ---->  # 30 350               # 38  330
================================================================================
NOTES:
# LAST OF SEVERAL OCCURRENCES

COLUMN 17 PEAK WIND IN M.P.H.

PRELIMINARY LOCAL CLIMATOLOGICAL DATA (WS FORM: F-6) , PAGE 2

                                          STATION:  MARSHFIELD WI
                                          MONTH:    JULY
                                          YEAR:     2014
                                          LATITUDE:   44 37 N
                                          LONGITUDE:  90 11 W

[TEMPERATURE DATA]      [PRECIPITATION DATA]       SYMBOLS USED IN COLUMN 16

AVERAGE MONTHLY: 66.1   TOTAL FOR MONTH:   1.58    1 = FOG OR MIST
DPTR FM NORMAL:  -2.9   DPTR FM NORMAL:   -2.13    2 = FOG REDUCING VISIBILITY
HIGHEST:    86 ON 22,21 GRTST 24HR  0.50 ON  7- 8      TO 1/4 MILE OR LESS
LOWEST:     47 ON 16, 4                            3 = THUNDER
                        SNOW, ICE PELLETS, HAIL    4 = ICE PELLETS
                        TOTAL MONTH:   0.0 INCH    5 = HAIL
                        GRTST 24HR     0.0         6 = FREEZING RAIN OR DRIZZLE
                        GRTST DEPTH:   0           7 = DUSTSTORM OR SANDSTORM:
                                                       VSBY 1/2 MILE OR LESS
                                                   8 = SMOKE OR HAZE
[NO. OF DAYS WITH]      [WEATHER - DAYS WITH]      9 = BLOWING SNOW
                                                   X = TORNADO
MAX 32 OR BELOW:   0    0.01 INCH OR MORE:  12
MAX 90 OR ABOVE:   0    0.10 INCH OR MORE:   7
MIN 32 OR BELOW:   0    0.50 INCH OR MORE:   0
MIN  0 OR BELOW:   0    1.00 INCH OR MORE:   0

[HDD (BASE 65) ]
TOTAL THIS MO.    32    CLEAR  (SCALE 0-3)  10
DPTR FM NORMAL    10    PTCLDY (SCALE 4-7)  20
TOTAL FM JUL 1    32    CLOUDY (SCALE 8-10)  1
DPTR FM NORMAL    10

[CDD (BASE 65) ]
TOTAL THIS MO.    75
DPTR FM NORMAL   -71    [PRESSURE DATA]
TOTAL FM JAN 1   228    HIGHEST SLP M ON M
DPTR FM NORMAL    -8    LOWEST  SLP 29.53 ON M

[REMARKS]
#FINAL-07-14#




U.S. Dept. of Commerce
NOAA National Weather Service
1325 East West Highway
Silver Spring, MD 20910
E-mail: w-nws.webmaster@noaa.gov
Page last modified: May 16, 2007
NATIONAL WEATHER SERVICE: for Safety, for Work, for Fun - FOR LIFE