392
CXUS53 KGRB 230740
CF6MFI
PRELIMINARY LOCAL CLIMATOLOGICAL DATA (WS FORM: F-6)

                                          STATION:   MARSHFIELD WI
                                          MONTH:     APRIL
                                          YEAR:      2014
                                          LATITUDE:   44 37 N
                                          LONGITUDE:  90 11 W

  TEMPERATURE IN F:       :PCPN:    SNOW:  WIND      :SUNSHINE: SKY     :PK WND
================================================================================
1   2   3   4   5  6A  6B    7    8   9   10  11  12  13   14  15   16   17  18
                                     12Z  AVG MX 2MIN
DY MAX MIN AVG DEP HDD CDD  WTR  SNW DPTH SPD SPD DIR MIN PSBL S-S WX    SPD DR
================================================================================

 1  45  23  34  -4  31   0    T    T    1 16.3 28 280   M    M   6 16     40 290
 2  43  21  32  -7  33   0 0.00  0.0    T  7.1 14 100   M    M   2        18 100
 3  35  29  32  -7  33   0 0.42  0.5    T 16.0 23  80   M    M  10 16     30  80
 4  33  21  27 -13  38   0 0.47  2.7    3 13.6 33 330   M    M   9 1268   40 340
 5  48  17  33  -7  32   0 0.00  0.0    3  6.4 13 250   M    M   1 18     16 270
 6  61  35  48   7  17   0 0.00  0.0    0  9.2 21 210   M    M   6        27 190
 7  56  36  46   5  19   0    T  0.0    0  5.5 13 350   M    M   8 18     16 350
 8  53  33  43   1  22   0 0.00  0.0    0 11.0 21 330   M    M   2 1      27 330
 9  62  28  45   3  20   0 0.00  0.0    0 11.2 24 210   M    M   1        31 210
10  60  36  48   5  17   0 0.00  0.0    0 14.4 31 310   M    M   2        39 310
11  58  36  47   4  18   0    T  0.0    0  4.8 16 260   M    M   3        22 250
12  46  40  43  -1  22   0 0.33  0.0    0 11.4 20 100   M    M  10 1      29  80
13  51  33  42  -2  23   0 0.40    T    0 10.1 25  10   M    M  10 18     32  20
14  33  21  27 -17  38   0 1.04  3.5    3 15.6 28 340   M    M   9 18     36 350
15  32  17  25 -20  40   0    T    T    2  5.9 16 320   M    M   3        22 320
16  44  25  35 -10  30   0    T    T    1 14.8 25 130   M    M   9 1      34 120
17  44  34  39  -7  26   0 0.07    T    T  9.9 23 110   M    M  10 18     35 120
18  51  27  39  -7  26   0 0.00  0.0    0  6.0 15 120   M    M   2        22 130
19  64  32  48   1  17   0    T  0.0    0 14.3 24 160   M    M   3        30 180
20  61  50  56   9   9   0 0.13  0.0    0  7.1 16 220   M    M  10 1      21 210
21  71  42  57   9   8   0    T  0.0    0  9.9 28 330   M    M   6 128    34 330
22  54  35  45  -3  20   0 0.00  0.0    0 11.4 23 310   M    M   3        28 310
================================================================================
SM 1105  671       539   0  2.86     6.7 231.9          M      125
================================================================================
AV 50.2 30.5                              10.5 FASTST   M    M   6    MAX(MPH)
                                 MISC ---->  # 33 330               # 40  290
================================================================================
NOTES:
# LAST OF SEVERAL OCCURRENCES

COLUMN 17 PEAK WIND IN M.P.H.

PRELIMINARY LOCAL CLIMATOLOGICAL DATA (WS FORM: F-6) , PAGE 2

                                          STATION:  MARSHFIELD WI
                                          MONTH:    APRIL
                                          YEAR:     2014
                                          LATITUDE:   44 37 N
                                          LONGITUDE:  90 11 W

[TEMPERATURE DATA]      [PRECIPITATION DATA]       SYMBOLS USED IN COLUMN 16

AVERAGE MONTHLY: 40.4   TOTAL FOR MONTH:   2.86    1 = FOG OR MIST
DPTR FM NORMAL:  -2.9   DPTR FM NORMAL:    1.42    2 = FOG REDUCING VISIBILITY
HIGHEST:    71 ON 21    GRTST 24HR  1.04 ON 14-14      TO 1/4 MILE OR LESS
LOWEST:     17 ON 15, 5                            3 = THUNDER
                        SNOW, ICE PELLETS, HAIL    4 = ICE PELLETS
                        TOTAL MONTH:   6.7 INCHES  5 = HAIL
                        GRTST 24HR   3.5 ON 14-14  6 = FREEZING RAIN OR DRIZZLE
                        GRTST DEPTH:   3 ON 14, 5  7 = DUSTSTORM OR SANDSTORM:
                                                       VSBY 1/2 MILE OR LESS
                                                   8 = SMOKE OR HAZE
[NO. OF DAYS WITH]      [WEATHER - DAYS WITH]      9 = BLOWING SNOW
                                                   X = TORNADO
MAX 32 OR BELOW:   1    0.01 INCH OR MORE:   7
MAX 90 OR ABOVE:   0    0.10 INCH OR MORE:   6
MIN 32 OR BELOW:  11    0.50 INCH OR MORE:   1
MIN  0 OR BELOW:   0    1.00 INCH OR MORE:   1

[HDD (BASE 65) ]
TOTAL THIS MO.   539    CLEAR  (SCALE 0-3)   8
DPTR FM NORMAL    61    PTCLDY (SCALE 4-7)   6
TOTAL FM JUL 1  8722    CLOUDY (SCALE 8-10)  8
DPTR FM NORMAL  1050

[CDD (BASE 65) ]
TOTAL THIS MO.     0
DPTR FM NORMAL     0    [PRESSURE DATA]
TOTAL FM JAN 1     0    HIGHEST SLP M ON M
DPTR FM NORMAL     0    LOWEST  SLP 29.47 ON  4

[REMARKS]




U.S. Dept. of Commerce
NOAA National Weather Service
1325 East West Highway
Silver Spring, MD 20910
E-mail: w-nws.webmaster@noaa.gov
Page last modified: May 16, 2007
NATIONAL WEATHER SERVICE: for Safety, for Work, for Fun - FOR LIFE