063
CXUS53 KGRB 270640
CF6MFI
PRELIMINARY LOCAL CLIMATOLOGICAL DATA (WS FORM: F-6)

                                          STATION:   MARSHFIELD WI
                                          MONTH:     JANUARY
                                          YEAR:      2015
                                          LATITUDE:   44 37 N
                                          LONGITUDE:  90 11 W

  TEMPERATURE IN F:       :PCPN:    SNOW:  WIND      :SUNSHINE: SKY     :PK WND
================================================================================
1   2   3   4   5  6A  6B    7    8   9   10  11  12  13   14  15   16   17  18
                                     12Z  AVG MX 2MIN
DY MAX MIN AVG DEP HDD CDD  WTR  SNW DPTH SPD SPD DIR MIN PSBL S-S WX    SPD DR
================================================================================

 1  23   6  15   0  50   0 0.03  0.8    5 10.6 17 240   M    M   6 1      22 240
 2  23  -3  10  -5  55   0 0.00  0.0    4  4.8 12 200   M    M   2 8      14 200
 3  30  16  23   8  42   0 0.05  0.9    4  3.7 12 140   M    M  10 18     13 120
 4  27 -11   8  -7  57   0 0.15  3.0    6 16.8 28 330   M    M   5 189    33 330
 5  -2 -16  -9 -24  74   0 0.01  0.3    7  8.1 14 240   M    M   3 8      19 300
 6   6  -8  -1 -16  66   0 0.01  0.4    7 12.5 30 320   M    M   3 89     39 320
 7  -2 -11  -6 -20  71   0 0.00  0.0    7 16.5 26 320   M    M   0 8      33 320
 8   8 -12  -2 -16  67   0 0.10  4.0   11 13.2 29 330   M    M   6 8      35 320
 9   4  -5   0 -14  65   0    T    T   11 15.6 28 310   M    M   2 89     34 320
10  17  -8   5  -9  60   0 0.00  0.0   11  7.9 13 220   M    M   5 8      16 230
11  20   7  14   0  51   0    T    T   10  6.2 17 330   M    M   8 8      20 330
12  11  -8   2 -12  63   0 0.00  0.0   10  7.9 15 350   M    M   0        19 340
13  15 -10   3 -11  62   0    T    T   10  4.7 14 200   M    M   0 18     18 210
14  20   3  12  -2  53   0    T    T   10  6.6 12 210   M    M   9 18     14 210
15  34  20  27  13  38   0    T    T    9 10.5 18 290   M    M   6 18     23 290
16  27  19  23   9  42   0    T    T    9 11.6 20 130   M    M  10 8      25 130
17  37  22  30  16  35   0    T    T    7 12.2 30 310   M    M   8 18     36 310
18  36  30  33  19  32   0 0.00  0.0    6 10.5 23 310   M    M  10        31 300
19  30  23  27  13  38   0 0.09  1.2    6  7.3 13  80   M    M   8 1      15  90
20  27  23  25  11  40   0 0.01  3.0    6  7.8 13  80   M    M  10 18     16  80
21  27  22  25  11  40   0    T    T    6  5.6  9 320   M    M  10 1      12  80
22  30  23  27  13  38   0 0.00  0.0    6  9.5 22 230   M    M   7 8      28 240
23  32  24  28  14  37   0 0.00  0.0    6 13.2 22 220   M    M   9        29 230
24  36  31  34  19  31   0 0.00  0.0    M  6.5 20  90   M    M  10 12     25  90
25  31  13  22   7  43   0    T    T    M  9.0 17  80   M    M   9        22  80
26  24  10  17   2  48   0    M    M    M  7.6 15 160   M    M   9 16     19 170
================================================================================
SM  571  200      1298   0  0.45    13.6 246.4          M      165
================================================================================
AV 22.0  7.7                               9.5 FASTST   M    M   6    MAX(MPH)
                                 MISC ---->  # 30 320               # 39  320
================================================================================
NOTES:
# LAST OF SEVERAL OCCURRENCES

COLUMN 17 PEAK WIND IN M.P.H.

PRELIMINARY LOCAL CLIMATOLOGICAL DATA (WS FORM: F-6) , PAGE 2

                                          STATION:  MARSHFIELD WI
                                          MONTH:    JANUARY
                                          YEAR:     2015
                                          LATITUDE:   44 37 N
                                          LONGITUDE:  90 11 W

[TEMPERATURE DATA]      [PRECIPITATION DATA]       SYMBOLS USED IN COLUMN 16

AVERAGE MONTHLY: 14.8   TOTAL FOR MONTH:   0.45    1 = FOG OR MIST
DPTR FM NORMAL:   0.5   DPTR FM NORMAL:   -0.07    2 = FOG REDUCING VISIBILITY
HIGHEST:    37 ON 17    GRTST 24HR  0.15 ON  4- 4      TO 1/4 MILE OR LESS
LOWEST:    -16 ON  5                               3 = THUNDER
                        SNOW, ICE PELLETS, HAIL    4 = ICE PELLETS
                        TOTAL MONTH:  13.6 INCHES  5 = HAIL
                        GRTST 24HR   4.0 ON  8- 8  6 = FREEZING RAIN OR DRIZZLE
                        GRTST DEPTH:  11 ON 10, 9  7 = DUSTSTORM OR SANDSTORM:
                                                       VSBY 1/2 MILE OR LESS
                                                   8 = SMOKE OR HAZE
[NO. OF DAYS WITH]      [WEATHER - DAYS WITH]      9 = BLOWING SNOW
                                                   X = TORNADO
MAX 32 OR BELOW:  22    0.01 INCH OR MORE:   8
MAX 90 OR ABOVE:   0    0.10 INCH OR MORE:   2
MIN 32 OR BELOW:  26    0.50 INCH OR MORE:   0
MIN  0 OR BELOW:  10    1.00 INCH OR MORE:   0

[HDD (BASE 65) ]
TOTAL THIS MO.  1298    CLEAR  (SCALE 0-3)   6
DPTR FM NORMAL   -17    PTCLDY (SCALE 4-7)   8
TOTAL FM JUL 1  4602    CLOUDY (SCALE 8-10) 12
DPTR FM NORMAL    21

[CDD (BASE 65) ]
TOTAL THIS MO.     0
DPTR FM NORMAL     0    [PRESSURE DATA]
TOTAL FM JAN 1     0    HIGHEST SLP M ON M
DPTR FM NORMAL     0    LOWEST  SLP 29.44 ON 17

[REMARKS]




U.S. Dept. of Commerce
NOAA National Weather Service
1325 East West Highway
Silver Spring, MD 20910
E-mail: w-nws.webmaster@noaa.gov
Page last modified: May 16, 2007
NATIONAL WEATHER SERVICE: for Safety, for Work, for Fun - FOR LIFE