912
CXUS53 KGRB 061603
CF6MFI
PRELIMINARY LOCAL CLIMATOLOGICAL DATA (WS FORM: F-6)

                                          STATION:   MARSHFIELD WI
                                          MONTH:     NOVEMBER
                                          YEAR:      2014
                                          LATITUDE:   44 37 N
                                          LONGITUDE:  90 11 W

  TEMPERATURE IN F:       :PCPN:    SNOW:  WIND      :SUNSHINE: SKY     :PK WND
================================================================================
1   2   3   4   5  6A  6B    7    8   9   10  11  12  13   14  15   16   17  18
                                     12Z  AVG MX 2MIN
DY MAX MIN AVG DEP HDD CDD  WTR  SNW DPTH SPD SPD DIR MIN PSBL S-S WX    SPD DR
================================================================================

 1  43  20  32  -8  33   0 0.00  0.0    0  4.4 10 150   M    M   0        13 190
 2  54  27  41   1  24   0 0.00  0.0    0 10.0 21 180   M    M   4        26 170
 3  53  36  45   6  20   0 0.03  0.0    0  7.3 15 200   M    M   4 1      20 210
 4  52  39  46   7  19   0 0.01  0.0    0 13.8 24 280   M    M   9 1      31 280
 5  40  30  35  -3  30   0 0.02  0.0    0  7.5 20 280   M    M   7 1      26 270
 6  38  32  35  -3  30   0 0.31    T    0 10.6 22 340   M    M  10 1      27 340
 7  40  28  34  -3  31   0 0.02    T    0  9.3 20 160   M    M   9 1      27 160
 8  39  32  36   0  29   0    T    T    0 15.9 31 310   M    M   7 1      38 320
 9  37  30  34  -2  31   0 0.16  0.6    T  6.7 14 330   M    M   7 1      18 230
10  34  28  31  -5  34   0 0.16  1.7    1 12.9 24  50   M    M  10 126    34  50
11  32  17  25 -10  40   0 0.37  2.4    2 15.3 25 320   M    M   8 18     34 340
12  22  14  18 -16  47   0    T    T    2  9.7 16 280   M    M   9 1      22 290
13  24  15  20 -14  45   0    T    T    2 10.6 18 330   M    M   9 1      22 290
14  22   9  16 -17  49   0    T    T    2  7.7 13 310   M    M   5        16 300
15  19   3  11 -22  54   0 0.09  1.8    4  4.7  8 220   M    M   6 18     12 270
16  24   7  16 -16  49   0 0.02  0.3    4 10.7 18 250   M    M   7 18     25 250
17  11   7   9 -23  56   0 0.01  0.3    4 13.8 22 280   M    M   8 18     29 300
18  14   6  10 -21  55   0    T    T    4 12.1 23 300   M    M   9 8      29 290
19  20  13  17 -13  48   0 0.04  1.4    5 11.8 24 300   M    M   8 18     31 310
20  18  -2   8 -22  57   0    T    T    4 11.1 22 300   M    M   3 18     29 310
21  30  -5  13 -16  52   0 0.00  0.0    4  8.8 20 190   M    M   2        25 190
22  40  30  35   6  30   0 0.00  0.0    4  7.9 18 220   M    M  10 12     23 210
23  48  39  44  16  21   0    T  0.0    0  6.1 14 160   M    M  10 12     17 200
24  43  21  32   4  33   0 0.62  7.5    4 16.6 24 300   M    M   9 128    33 310
25  21  17  19  -8  46   0    T    T    4  8.4 20 320   M    M   8 1      25 320
26  26  17  22  -5  43   0 0.03  0.7    5  6.4 20 340   M    M  10 18     23 330
27  20  -3   9 -17  56   0 0.02  0.5    5  8.4 18 340   M    M   4 8      24 340
28  22   4  13 -13  52   0    T    T    5  7.3 15 120   M    M  10 1      19 120
29  36  22  29   4  36   0 0.00  0.0    4  6.3 12 270   M    M   8 128    15 270
30  31   7  19  -6  46   0 0.00  0.0    4 14.8 24 330   M    M   3 1      28 330
================================================================================
SM  953  540      1196   0  1.91    17.2 296.9          M      213
================================================================================
AV 31.8 18.0                               9.9 FASTST   M    M   7    MAX(MPH)
                                 MISC ---->  # 31 310               # 38  320
================================================================================
NOTES:
# LAST OF SEVERAL OCCURRENCES

COLUMN 17 PEAK WIND IN M.P.H.

PRELIMINARY LOCAL CLIMATOLOGICAL DATA (WS FORM: F-6) , PAGE 2

                                          STATION:  MARSHFIELD WI
                                          MONTH:    NOVEMBER
                                          YEAR:     2014
                                          LATITUDE:   44 37 N
                                          LONGITUDE:  90 11 W

[TEMPERATURE DATA]      [PRECIPITATION DATA]       SYMBOLS USED IN COLUMN 16

AVERAGE MONTHLY: 24.9   TOTAL FOR MONTH:   1.91    1 = FOG OR MIST
DPTR FM NORMAL:  -7.5   DPTR FM NORMAL:    0.43    2 = FOG REDUCING VISIBILITY
HIGHEST:    54 ON  2    GRTST 24HR  0.62 ON 24-24      TO 1/4 MILE OR LESS
LOWEST:     -5 ON 21                               3 = THUNDER
                        SNOW, ICE PELLETS, HAIL    4 = ICE PELLETS
                        TOTAL MONTH:  17.2 INCHES  5 = HAIL
                        GRTST 24HR   7.5 ON 24-24  6 = FREEZING RAIN OR DRIZZLE
                        GRTST DEPTH:   5 ON 28,27  7 = DUSTSTORM OR SANDSTORM:
                                                       VSBY 1/2 MILE OR LESS
                                                   8 = SMOKE OR HAZE
[NO. OF DAYS WITH]      [WEATHER - DAYS WITH]      9 = BLOWING SNOW
                                                   X = TORNADO
MAX 32 OR BELOW:  16    0.01 INCH OR MORE:  15
MAX 90 OR ABOVE:   0    0.10 INCH OR MORE:   5
MIN 32 OR BELOW:  27    0.50 INCH OR MORE:   1
MIN  0 OR BELOW:   3    1.00 INCH OR MORE:   0

[HDD (BASE 65) ]
TOTAL THIS MO.  1196    CLEAR  (SCALE 0-3)   3
DPTR FM NORMAL   218    PTCLDY (SCALE 4-7)  14
TOTAL FM JUL 1  2020    CLOUDY (SCALE 8-10) 13
DPTR FM NORMAL   186

[CDD (BASE 65) ]
TOTAL THIS MO.     0
DPTR FM NORMAL     0    [PRESSURE DATA]
TOTAL FM JAN 1   376    HIGHEST SLP 30.53 ON  1
DPTR FM NORMAL     5    LOWEST  SLP 29.09 ON 24

[REMARKS]
#FINAL-11-14#




U.S. Dept. of Commerce
NOAA National Weather Service
1325 East West Highway
Silver Spring, MD 20910
E-mail: w-nws.webmaster@noaa.gov
Page last modified: May 16, 2007
NATIONAL WEATHER SERVICE: for Safety, for Work, for Fun - FOR LIFE