591
CXUS54 KBRO 010900
CF6MFE
PRELIMINARY LOCAL CLIMATOLOGICAL DATA (WS FORM: F-6)

                                          STATION:   MCALLEN
                                          MONTH:     AUGUST
                                          YEAR:      2014
                                          LATITUDE:   26 10 N
                                          LONGITUDE:  98 14 W

  TEMPERATURE IN F:       :PCPN:    SNOW:  WIND      :SUNSHINE: SKY     :PK WND
================================================================================
1   2   3   4   5  6A  6B    7    8   9   10  11  12  13   14  15   16   17  18
                                     12Z  AVG MX 2MIN
DY MAX MIN AVG DEP HDD CDD  WTR  SNW DPTH SPD SPD DIR MIN PSBL S-S WX    SPD DR
================================================================================

 1 102  80  91   3   0  26 0.00  0.0    0 11.0 21 140   M    M   1 18     26 130
 2 100  81  91   3   0  26 0.00  0.0    0  8.1 18  40   M    M   4        25  40
 3 100  79  90   2   0  25 0.00  0.0    0  6.6 16  90   M    M   4        21  80
 4 101  76  89   1   0  24 0.00  0.0    0  5.5 21 100   M    M   2        28 110
 5 102  77  90   2   0  25    T  0.0    0  8.6 21 130   M    M   2        26 130
 6 104  79  92   4   0  27 0.00  0.0    0 13.3 25 130   M    M   0        36 150
 7 104  80  92   4   0  27 0.00  0.0    0 16.5 26 130   M    M   0        35 130
 8  98  79  89   1   0  24    T  0.0    0 10.5 30 140   M    M   1        40 140
 9  93  73  83  -5   0  18 0.94  0.0    0  9.7 26 140   M    M   1 13     35 130
10 101  77  89   1   0  24 0.00  0.0    0 10.7 23 120   M    M   1 1      28 120
11 100  78  89   1   0  24 0.15  0.0    0  8.1 23 130   M    M   1 8      26 110
12 102  77  90   2   0  25 0.00  0.0    0  5.8 20 110   M    M   1        25 110
13 100  78  89   1   0  24 0.02  0.0    0  5.8 32  90   M    M   1 8      45  80
14 100  77  89   1   0  24 0.00  0.0    0  8.6 24 130   M    M   0        31 120
15 103  79  91   3   0  26 0.00  0.0    0 12.5 25 140   M    M   1        31 150
16 104  80  92   4   0  27 0.00  0.0    0 17.4 30 130   M    M   0        36 120
17 101  80  91   3   0  26 0.00  0.0    0 19.3 30 160   M    M   0        39 130
18 100  80  90   2   0  25 0.00  0.0    0 16.1 35 150   M    M   1 8      46 140
19  99  78  89   1   0  24 0.00  0.0    0 17.3 30 130   M    M   1        38 130
20 100  78  89   1   0  24 0.00  0.0    0 17.2 31 130   M    M   2        41 120
21 101  80  91   4   0  26 0.00  0.0    0 17.2 26 140   M    M   2 18     37 130
22 101  77  89   2   0  24 0.00  0.0    0 13.4 24 140   M    M   0        29 140
23 101  78  90   3   0  25 0.00  0.0    0 11.8 23 120   M    M   2        29 110
24 102  78  90   3   0  25 0.00  0.0    0 11.1 23 110   M    M   1        26 130
25 102  77  90   3   0  25 0.00  0.0    0  9.4 25 120   M    M   1        33 110
26 102  77  90   3   0  25 0.00  0.0    0  6.5 18  90   M    M   1        24  90
27 102  78  90   3   0  25 0.00  0.0    0  7.6 21  70   M    M   1        28  80
28  98  80  89   2   0  24    T  0.0    0  8.0 18  70   M    M   5        22  60
29  97  74  86   0   0  21 1.53  0.0    0  5.3 29 260   M    M   3 18     40 260
30  94  76  85  -1   0  20 0.44  0.0    0  9.2 22 130   M    M   5 13     29 140
31  95  78  87   1   0  22 0.00  0.0    0 10.0 18 150   M    M   2        23 130
================================================================================
SM 3109 2419         0 757  3.08     0.0 338.1          M       47
================================================================================
AV100.3 78.0                              10.9 FASTST   M    M   2    MAX(MPH)
                                 MISC ---->  # 35 150               # 46  140
================================================================================
NOTES:
# LAST OF SEVERAL OCCURRENCES

COLUMN 17 PEAK WIND IN M.P.H.

PRELIMINARY LOCAL CLIMATOLOGICAL DATA (WS FORM: F-6) , PAGE 2

                                          STATION:  MCALLEN
                                          MONTH:    AUGUST
                                          YEAR:     2014
                                          LATITUDE:   26 10 N
                                          LONGITUDE:  98 14 W

[TEMPERATURE DATA]      [PRECIPITATION DATA]       SYMBOLS USED IN COLUMN 16

AVERAGE MONTHLY: 89.2   TOTAL FOR MONTH:   3.08    1 = FOG OR MIST
DPTR FM NORMAL:   1.8   DPTR FM NORMAL:    0.87    2 = FOG REDUCING VISIBILITY
HIGHEST:   104 ON 16, 7 GRTST 24HR  1.97 ON 29-30      TO 1/4 MILE OR LESS
LOWEST:     73 ON  9                               3 = THUNDER
                        SNOW, ICE PELLETS, HAIL    4 = ICE PELLETS
                        TOTAL MONTH:   0.0 INCH    5 = HAIL
                        GRTST 24HR     0.0         6 = FREEZING RAIN OR DRIZZLE
                        GRTST DEPTH:   0           7 = DUSTSTORM OR SANDSTORM:
                                                       VSBY 1/2 MILE OR LESS
                                                   8 = SMOKE OR HAZE
[NO. OF DAYS WITH]      [WEATHER - DAYS WITH]      9 = BLOWING SNOW
                                                   X = TORNADO
MAX 32 OR BELOW:   0    0.01 INCH OR MORE:   5
MAX 90 OR ABOVE:  31    0.10 INCH OR MORE:   4
MIN 32 OR BELOW:   0    0.50 INCH OR MORE:   2
MIN  0 OR BELOW:   0    1.00 INCH OR MORE:   1

[HDD (BASE 65) ]
TOTAL THIS MO.     0    CLEAR  (SCALE 0-3)  26
DPTR FM NORMAL     0    PTCLDY (SCALE 4-7)   5
TOTAL FM JUL 1     0    CLOUDY (SCALE 8-10)  0
DPTR FM NORMAL     0

[CDD (BASE 65) ]
TOTAL THIS MO.   757
DPTR FM NORMAL    63    [PRESSURE DATA]
TOTAL FM JAN 1  3195    HIGHEST SLP 30.05 ON 22
DPTR FM NORMAL   -56    LOWEST  SLP 29.72 ON 29

[REMARKS]
#FINAL-08-14#




U.S. Dept. of Commerce
NOAA National Weather Service
1325 East West Highway
Silver Spring, MD 20910
E-mail: w-nws.webmaster@noaa.gov
Page last modified: May 16, 2007
NATIONAL WEATHER SERVICE: for Safety, for Work, for Fun - FOR LIFE