075
CXUS54 KBRO 301152
CF6MFE
PRELIMINARY LOCAL CLIMATOLOGICAL DATA (WS FORM: F-6)

                                          STATION:   MCALLEN
                                          MONTH:     JANUARY
                                          YEAR:      2015
                                          LATITUDE:   26 10 N
                                          LONGITUDE:  98 14 W

  TEMPERATURE IN F:       :PCPN:    SNOW:  WIND      :SUNSHINE: SKY     :PK WND
================================================================================
1   2   3   4   5  6A  6B    7    8   9   10  11  12  13   14  15   16   17  18
                                     12Z  AVG MX 2MIN
DY MAX MIN AVG DEP HDD CDD  WTR  SNW DPTH SPD SPD DIR MIN PSBL S-S WX    SPD DR
================================================================================

 1  46  41  44 -16  21   0    T    M    0  9.8 18 350   M    M  10 1      24 320
 2  49  45  47 -13  18   0    T    M    0  6.2 12 320   M    M  10 1      14 320
 3  57  46  52  -8  13   0 0.01    M    0  5.3 14 320   M    M   7 18     18 300
 4  62  43  53  -7  12   0 0.00  0.0    0  7.9 20 360   M    M   1 1      25  10
 5  55  42  49 -11  16   0 0.00  0.0    0  6.7 17  20   M    M   2        22  20
 6  66  47  57  -3   8   0 0.00  0.0    0  2.6  7  90   M    M   1        10  90
 7  68  50  59  -1   6   0    T  0.0    0 10.9 28  10   M    M  10 18     35  10
 8  51  40  46 -14  19   0 0.00  0.0    0  9.6 25 360   M    M  10        32 360
 9  46  40  43 -17  22   0 0.11    M    0 11.4 20 340   M    M  10 1      28 350
10  41  37  39 -21  26   0    M    M    0 13.2 24 340   M    M  10 1      30 360
11  59  40  50 -10  15   0 0.00  0.0    0  4.9 12 310   M    M   6 18     14 310
12  68  39  54  -6  11   0    T    M    0  6.7 17  50   M    M   4 128    21  10
13  50  45  48 -12  17   0    T    M    0 11.1 20 360   M    M  10 18     26 360
14  47  44  46 -14  19   0    T    M    0 10.4 15 340   M    M  10 1      19 350
15  57  44  51 -10  14   0    T  0.0    0  9.3 17 340   M    M   6 1      22 320
16  67  43  55  -6  10   0 0.00  0.0    0  4.0  9 130   M    M   0        12 320
17  71  44  58  -3   7   0 0.00  0.0    0  3.1 12 150   M    M   0 18     16 180
18  72  53  63   2   2   0 0.00  0.0    0  5.9 16 360   M    M   0 18     23 320
19  69  51  60  -1   5   0    T  0.0    0  3.7 12 130   M    M   4 128    14 130
20  83  46  65   4   0   0 0.00  0.0    0  5.8 15 160   M    M   0 1      19 150
21  76  63  70   9   0   5 0.05  0.0    0 12.1 23 140   M    M  10 18     28 130
22  69  51  60  -1   5   0    T  0.0    0 11.9 25 340   M    M   9 18     33 340
23  61  45  53  -8  12   0 0.00  0.0    0 17.8 30 310   M    M   5        40 320
24  66  37  52  -9  13   0 0.00  0.0    0  4.0 10 290   M    M   0 8      14 230
25  71  44  58  -4   7   0 0.00  0.0    0  2.8  9 300   M    M   0 18     13 320
26  76  47  62   0   3   0 0.00  0.0    0  3.5  9 140   M    M   0        12 130
27  81  49  65   3   0   0 0.00  0.0    0  3.9 10 150   M    M   0        25 210
28  80  49  65   3   0   0 0.00  0.0    0 10.7 21 130   M    M   0 1      26 160
29  79  58  69   7   0   4 0.00  0.0    0  9.6 18 150   M    M   3 12     25 130
================================================================================
SM 1843 1323       301   9  0.17     0.0 224.8          M      138
================================================================================
AV 63.6 45.6                               7.8 FASTST   M    M   5    MAX(MPH)
                                 MISC ---->  # 30 310               # 40  320
================================================================================
NOTES:
# LAST OF SEVERAL OCCURRENCES

COLUMN 17 PEAK WIND IN M.P.H.

PRELIMINARY LOCAL CLIMATOLOGICAL DATA (WS FORM: F-6) , PAGE 2

                                          STATION:  MCALLEN
                                          MONTH:    JANUARY
                                          YEAR:     2015
                                          LATITUDE:   26 10 N
                                          LONGITUDE:  98 14 W

[TEMPERATURE DATA]      [PRECIPITATION DATA]       SYMBOLS USED IN COLUMN 16

AVERAGE MONTHLY: 54.6   TOTAL FOR MONTH:   0.17    1 = FOG OR MIST
DPTR FM NORMAL:  -6.1   DPTR FM NORMAL:   -0.81    2 = FOG REDUCING VISIBILITY
HIGHEST:    83 ON 20    GRTST 24HR  0.88 ON  9-10      TO 1/4 MILE OR LESS
LOWEST:     37 ON 24,10                            3 = THUNDER
                        SNOW, ICE PELLETS, HAIL    4 = ICE PELLETS
                        TOTAL MONTH:   0.0 INCH    5 = HAIL
                        GRTST 24HR     0.0         6 = FREEZING RAIN OR DRIZZLE
                        GRTST DEPTH:   0           7 = DUSTSTORM OR SANDSTORM:
                                                       VSBY 1/2 MILE OR LESS
                                                   8 = SMOKE OR HAZE
[NO. OF DAYS WITH]      [WEATHER - DAYS WITH]      9 = BLOWING SNOW
                                                   X = TORNADO
MAX 32 OR BELOW:   0    0.01 INCH OR MORE:   3
MAX 90 OR ABOVE:   0    0.10 INCH OR MORE:   1
MIN 32 OR BELOW:   0    0.50 INCH OR MORE:   0
MIN  0 OR BELOW:   0    1.00 INCH OR MORE:   0

[HDD (BASE 65) ]
TOTAL THIS MO.   301    CLEAR  (SCALE 0-3)  13
DPTR FM NORMAL   120    PTCLDY (SCALE 4-7)   6
TOTAL FM JUL 1   535    CLOUDY (SCALE 8-10) 10
DPTR FM NORMAL   117

[CDD (BASE 65) ]
TOTAL THIS MO.     9
DPTR FM NORMAL   -49    [PRESSURE DATA]
TOTAL FM JAN 1     9    HIGHEST SLP M ON M
DPTR FM NORMAL   -49    LOWEST  SLP 29.81 ON 22

[REMARKS]




U.S. Dept. of Commerce
NOAA National Weather Service
1325 East West Highway
Silver Spring, MD 20910
E-mail: w-nws.webmaster@noaa.gov
Page last modified: May 16, 2007
NATIONAL WEATHER SERVICE: for Safety, for Work, for Fun - FOR LIFE