960
CXUS54 KBRO 280900
CF6MFE
PRELIMINARY LOCAL CLIMATOLOGICAL DATA (WS FORM: F-6)

                                          STATION:   MCALLEN
                                          MONTH:     NOVEMBER
                                          YEAR:      2014
                                          LATITUDE:   26 10 N
                                          LONGITUDE:  98 14 W

  TEMPERATURE IN F:       :PCPN:    SNOW:  WIND      :SUNSHINE: SKY     :PK WND
================================================================================
1   2   3   4   5  6A  6B    7    8   9   10  11  12  13   14  15   16   17  18
                                     12Z  AVG MX 2MIN
DY MAX MIN AVG DEP HDD CDD  WTR  SNW DPTH SPD SPD DIR MIN PSBL S-S WX    SPD DR
================================================================================

 1   M   M   M   M   M   M    M    M    M   M   M   M   M    M   M         M  M
 2  80   M   M   M   M   M    M  0.0    0 13.1  M   M   M    M   M        27  M
 3  84  67  76   3   0  11    T  0.0    0 14.2 28 150   M    M   7 18     34 140
 4  86  66  76   3   0  11    T  0.0    0 12.1 28 160   M    M   4        36 150
 5  76  64  70  -2   0   5 0.06  0.0    0  7.9 15 310   M    M   8 1      19 310
 6  64  59  62 -10   3   0    M  0.0    0 12.8 21 330   M    M  10 1      28 320
 7  64  55  60 -12   5   0    M  0.0    0 10.3 18 340   M    M  10 1      25 350
 8  76  55  66  -6   0   1    T  0.0    0  4.5 14 350   M    M   3        20 350
 9  78  54  66  -5   0   1 0.00  0.0    0  5.3  9 350   M    M   0        13 350
10  80  53  67  -4   0   2 0.00  0.0    0 10.1 24 160   M    M   0 8      32 170
11  83  56  70  -1   0   5 0.00  0.0    0  9.5 25 350   M    M   2 1      30 360
12  56  46  51 -19  14   0 0.12    M    0 12.0 21 360   M    M  10 1      26 350
13  52  40  46 -24  19   0    T    M    0 15.5 24 340   M    M  10        30 340
14  52  44  48 -22  17   0 0.00  0.0    0  7.7 14 350   M    M  10        17  10
15  61  44  53 -17  12   0    T    M    0  5.2 12 360   M    M  10 18     16  10
16  77  56  67  -2   0   2    T  0.0    0  6.6 29 350   M    M   9 1      35 350
17  58  40  49 -20  16   0    T    M    0 14.6 31 340   M    M   5 1      40 340
18  58  39  49 -20  16   0 0.00  0.0    0  7.7 15 360   M    M   9        19  10
19  68  50  59  -9   6   0    T  0.0    0  4.5  9 120   M    M  10        13 140
20  77  62  70   2   0   5    T  0.0    0 10.4 23 140   M    M  10 1      27 130
21  77  68  73   5   0   8 0.04  0.0    0 12.3 24 140   M    M  10 1      32 140
22  81  64  73   6   0   8 0.34  0.0    0 12.6 28 160   M    M   7 13     35 160
23  85  57  71   4   0   6 0.00  0.0    0  3.7 13 170   M    M   3 12     19 170
24  71  53  62  -5   3   0 0.00  0.0    0  9.9 24 350   M    M   0 1      28 350
25  70  45  58  -8   7   0 0.00  0.0    0  6.7 16 360   M    M   4        21 360
26  75  42  59  -7   6   0 0.00  0.0    0  5.1 16 170   M    M   0        22 170
27  76  47  62  -4   3   0 0.00  0.0    0  5.3 15 100   M    M   1 1      21 140
================================================================================
SM 1865 1326       127  65  0.56     0.0 239.6          M      152
================================================================================
AV 71.7 53.0                               9.2 FASTST   M    M   6    MAX(MPH)
                                 MISC ---->  # 31 340               # 40  340
================================================================================
NOTES:
# LAST OF SEVERAL OCCURRENCES

COLUMN 17 PEAK WIND IN M.P.H.

PRELIMINARY LOCAL CLIMATOLOGICAL DATA (WS FORM: F-6) , PAGE 2

                                          STATION:  MCALLEN
                                          MONTH:    NOVEMBER
                                          YEAR:     2014
                                          LATITUDE:   26 10 N
                                          LONGITUDE:  98 14 W

[TEMPERATURE DATA]      [PRECIPITATION DATA]       SYMBOLS USED IN COLUMN 16

AVERAGE MONTHLY: 62.4   TOTAL FOR MONTH:   0.56    1 = FOG OR MIST
DPTR FM NORMAL:  -7.4   DPTR FM NORMAL:   -0.25    2 = FOG REDUCING VISIBILITY
HIGHEST:    86 ON  4    GRTST 24HR  0.38 ON  5- 6      TO 1/4 MILE OR LESS
LOWEST:     39 ON 18                               3 = THUNDER
                        SNOW, ICE PELLETS, HAIL    4 = ICE PELLETS
                        TOTAL MONTH:   0.0 INCH    5 = HAIL
                        GRTST 24HR     0.0         6 = FREEZING RAIN OR DRIZZLE
                        GRTST DEPTH:   0           7 = DUSTSTORM OR SANDSTORM:
                                                       VSBY 1/2 MILE OR LESS
                                                   8 = SMOKE OR HAZE
[NO. OF DAYS WITH]      [WEATHER - DAYS WITH]      9 = BLOWING SNOW
                                                   X = TORNADO
MAX 32 OR BELOW:   0    0.01 INCH OR MORE:   4
MAX 90 OR ABOVE:   0    0.10 INCH OR MORE:   2
MIN 32 OR BELOW:   0    0.50 INCH OR MORE:   0
MIN  0 OR BELOW:   0    1.00 INCH OR MORE:   0

[HDD (BASE 65) ]
TOTAL THIS MO.   127    CLEAR  (SCALE 0-3)   7
DPTR FM NORMAL    81    PTCLDY (SCALE 4-7)   7
TOTAL FM JUL 1   127    CLOUDY (SCALE 8-10) 11
DPTR FM NORMAL    76

[CDD (BASE 65) ]
TOTAL THIS MO.    65
DPTR FM NORMAL  -110    [PRESSURE DATA]
TOTAL FM JAN 1  4224    HIGHEST SLP M ON M
DPTR FM NORMAL  -133    LOWEST  SLP 29.63 ON 23

[REMARKS]




U.S. Dept. of Commerce
NOAA National Weather Service
1325 East West Highway
Silver Spring, MD 20910
E-mail: w-nws.webmaster@noaa.gov
Page last modified: May 16, 2007
NATIONAL WEATHER SERVICE: for Safety, for Work, for Fun - FOR LIFE