140
CXUS54 KBRO 300900
CF6MFE
PRELIMINARY LOCAL CLIMATOLOGICAL DATA (WS FORM: F-6)

                                          STATION:   MCALLEN
                                          MONTH:     JULY
                                          YEAR:      2014
                                          LATITUDE:   26 10 N
                                          LONGITUDE:  98 14 W

  TEMPERATURE IN F:       :PCPN:    SNOW:  WIND      :SUNSHINE: SKY     :PK WND
================================================================================
1   2   3   4   5  6A  6B    7    8   9   10  11  12  13   14  15   16   17  18
                                     12Z  AVG MX 2MIN
DY MAX MIN AVG DEP HDD CDD  WTR  SNW DPTH SPD SPD DIR MIN PSBL S-S WX    SPD DR
================================================================================

 1  97  76  87   1   0  22 0.00  0.0    0 17.0 29 140   M    M   1        36 150
 2 100  75  88   2   0  23 0.00  0.0    0 12.7 28 130   M    M   1        31 130
 3  99  74  87   1   0  22    T  0.0    0  8.5 23 150   M    M   1        30 150
 4  95  74  85  -1   0  20 0.04  0.0    0  5.8 26 150   M    M   2 1      35 160
 5  93  75  84  -2   0  19 0.28  0.0    0  8.7 26 120   M    M   3 1      32 130
 6  97  74  86   0   0  21 0.00  0.0    0 13.1 25 130   M    M   0        30 150
 7  97  74  86   0   0  21 0.00  0.0    0 13.6 26 130   M    M   1        32 130
 8  96  76  86   0   0  21 0.00  0.0    0 15.3 26 140   M    M   2        35 150
 9  94  75  85  -1   0  20    T  0.0    0 11.5 23 150   M    M   3        31 150
10  82  72  77  -9   0  12 0.28  0.0    0  9.7 25 110   M    M   9 1      31 110
11  94  75  85  -1   0  20 0.00  0.0    0 12.8 23 140   M    M   2 1      29 140
12  96  75  86   0   0  21    T  0.0    0  9.5 22 120   M    M   5 12     32 120
13  99  73  86   0   0  21 0.00  0.0    0  8.1 22 130   M    M   2 12     26 130
14 100  74  87   0   0  22 0.00  0.0    0 10.6 23 130   M    M   1        28 120
15 101  77  89   2   0  24 0.00  0.0    0 12.5 22 140   M    M   1        26 130
16 101  77  89   2   0  24 0.00  0.0    0 14.1 23 140   M    M   3        29 130
17  99  79  89   2   0  24 0.00  0.0    0 15.7 26 140   M    M   3        33 140
18  96  79  88   1   0  23    T  0.0    0 10.4 21 360   M    M   6 18     26  30
19 101  80  91   4   0  26    T  0.0    0  8.8 21 110   M    M   3 138    26  40
20 101  80  91   4   0  26 0.00  0.0    0 13.6 23 110   M    M   2 18     28 100
21 100  80  90   3   0  25 0.00  0.0    0 14.7 23 130   M    M   1        31 130
22 102  80  91   4   0  26 0.00  0.0    0 12.7 22 130   M    M   4        28 130
23 102  79  91   4   0  26 0.00  0.0    0  9.3 18 130   M    M   1        23 140
24 103  78  91   4   0  26 0.00  0.0    0  9.7 23 120   M    M   1        32 130
25 102  79  91   4   0  26 0.00  0.0    0 14.0 26 130   M    M   0        32 130
26 101  79  90   3   0  25 0.00  0.0    0 15.8 28 140   M    M   1        35 120
27 100  80  90   3   0  25 0.00  0.0    0 16.7 26 130   M    M   2        36 140
28 102  79  91   4   0  26 0.00  0.0    0 13.4 22 150   M    M   1        29 140
29 102  75  89   2   0  24 0.00  0.0    0 10.4 21 130   M    M   1 1      26 120
================================================================================
SM 2852 2223         0 661  0.60     0.0 348.7          M       63
================================================================================
AV 98.3 76.7                              12.0 FASTST   M    M   2    MAX(MPH)
                                 MISC ---->  # 29 140               # 36  150
================================================================================
NOTES:
# LAST OF SEVERAL OCCURRENCES

COLUMN 17 PEAK WIND IN M.P.H.

PRELIMINARY LOCAL CLIMATOLOGICAL DATA (WS FORM: F-6) , PAGE 2

                                          STATION:  MCALLEN
                                          MONTH:    JULY
                                          YEAR:     2014
                                          LATITUDE:   26 10 N
                                          LONGITUDE:  98 14 W

[TEMPERATURE DATA]      [PRECIPITATION DATA]       SYMBOLS USED IN COLUMN 16

AVERAGE MONTHLY: 87.5   TOTAL FOR MONTH:   0.60    1 = FOG OR MIST
DPTR FM NORMAL:   0.9   DPTR FM NORMAL:   -1.31    2 = FOG REDUCING VISIBILITY
HIGHEST:   103 ON 24    GRTST 24HR  0.31 ON  4- 5      TO 1/4 MILE OR LESS
LOWEST:     72 ON 10                               3 = THUNDER
                        SNOW, ICE PELLETS, HAIL    4 = ICE PELLETS
                        TOTAL MONTH:   0.0 INCH    5 = HAIL
                        GRTST 24HR     0.0         6 = FREEZING RAIN OR DRIZZLE
                        GRTST DEPTH:   0           7 = DUSTSTORM OR SANDSTORM:
                                                       VSBY 1/2 MILE OR LESS
                                                   8 = SMOKE OR HAZE
[NO. OF DAYS WITH]      [WEATHER - DAYS WITH]      9 = BLOWING SNOW
                                                   X = TORNADO
MAX 32 OR BELOW:   0    0.01 INCH OR MORE:   3
MAX 90 OR ABOVE:  28    0.10 INCH OR MORE:   2
MIN 32 OR BELOW:   0    0.50 INCH OR MORE:   0
MIN  0 OR BELOW:   0    1.00 INCH OR MORE:   0

[HDD (BASE 65) ]
TOTAL THIS MO.     0    CLEAR  (SCALE 0-3)  25
DPTR FM NORMAL     0    PTCLDY (SCALE 4-7)   3
TOTAL FM JUL 1     0    CLOUDY (SCALE 8-10)  1
DPTR FM NORMAL     0

[CDD (BASE 65) ]
TOTAL THIS MO.   661
DPTR FM NORMAL    33    [PRESSURE DATA]
TOTAL FM JAN 1  2387    HIGHEST SLP 30.09 ON 28
DPTR FM NORMAL  -124    LOWEST  SLP 29.78 ON 17

[REMARKS]




U.S. Dept. of Commerce
NOAA National Weather Service
1325 East West Highway
Silver Spring, MD 20910
E-mail: w-nws.webmaster@noaa.gov
Page last modified: May 16, 2007
NATIONAL WEATHER SERVICE: for Safety, for Work, for Fun - FOR LIFE