230
CXUS51 KCLE 070134
CF6MFD
PRELIMINARY LOCAL CLIMATOLOGICAL DATA (WS FORM: F-6)

                                          STATION:   MANSFIELD OH
                                          MONTH:     NOVEMBER
                                          YEAR:      2014
                                          LATITUDE:   40 49 N
                                          LONGITUDE:  82 31 W

  TEMPERATURE IN F:       :PCPN:    SNOW:  WIND      :SUNSHINE: SKY     :PK WND
================================================================================
1   2   3   4   5  6A  6B    7    8   9   10  11  12  13   14  15   16   17  18
                                     12Z  AVG MX 2MIN
DY MAX MIN AVG DEP HDD CDD  WTR  SNW DPTH SPD SPD DIR MIN PSBL S-S WX    SPD DR
================================================================================

 1  40  33  37 -10  28   0 0.12    T    0 16.6 29 360   M    M  10 1      38 360
 2  45  30  38  -8  27   0 0.00  0.0    0  7.2 15 320   M    M   5        19 330
 3  61  29  45  -1  20   0 0.00  0.0    0 13.5 24 210   M    M   3        36 220
 4  65  48  57  11   8   0 0.14  0.0    0 18.1 29 230   M    M   5 18     37 220
 5  58  40  49   3  16   0 0.00  0.0    0  8.4 17 220   M    M   1        22 230
 6  49  42  46   1  19   0 0.43  0.0    0 10.8 24 320   M    M  10 1      32 310
 7  43  29  36  -9  29   0    T  0.0    0 10.9 24 330   M    M   6 1      31 340
 8  48  30  39  -5  26   0 0.00  0.0    0 12.2 22 200   M    M   8 18     29 200
 9  49  33  41  -3  24   0 0.00  0.0    0 10.6 21 200   M    M   6        26 200
10  62  42  52   8  13   0 0.00  0.0    0 13.3 24 160   M    M   3        29 160
11  65  39  52   9  13   0 0.06  0.0    0 15.9 28 190   M    M   5 18     34 170
12  39  30  35  -8  30   0    T  0.0    0  8.4 16 260   M    M  10 1      24 290
13  30  24  27 -15  38   0 0.01  0.2    0  7.8 14 270   M    M  10 18     20 260
14  33  19  26 -16  39   0    T    T    T  7.3 14 270   M    M   7        18 240
15  33  18  26 -16  39   0 0.00  0.0    0  6.7 17 210   M    M   3        23 200
16  34  27  31 -10  34   0 0.07  0.8    0  5.8 13 190   M    M  10 18     16 220
17  32  13  23 -18  42   0 0.32  3.4    3 10.4 24 260   M    M  10 18     39 260
18  17   8  13 -27  52   0    T    T    4 16.7 28 240   M    M   3 18     35 210
19  34  12  23 -17  42   0    T    T    2 16.5 31 190   M    M   9 8      39 240
20  25  20  23 -17  42   0    T    T    2 14.6 26 230   M    M   9        38 230
21  24  12  18 -21  47   0    T    T    2  7.0 14 170   M    M   2        19 180
22  50  21  36  -3  29   0 0.09    T    2 16.1 28 220   M    M   8 16     37 220
23  59  44  52  14  13   0 0.39  0.0    0 14.7 32 140   M    M   8 1      41 140
24  61  35  48  10  17   0 0.20  0.0    0 25.6 40 200   M    M  10 18     56 200
25  36  28  32  -5  33   0 0.00  0.0    0 12.5 23 220   M    M   9        30 230
26  34  28  31  -6  34   0 0.00  0.0    0  4.9 12 320   M    M  10 1      13 330
27  33  26  30  -6  35   0 0.10  1.0    0  9.8 17 260   M    M  10 18     24 270
28  29  20  25 -11  40   0 0.02  0.5    1  8.7 17 170   M    M   7 18     23 170
29  52  28  40   4  25   0 0.00  0.0    T 16.0 25 200   M    M   6        33 190
30  61  51  56  21   9   0 0.19  0.0    0 17.9 28 210   M    M  10 1      35 200
================================================================================
SM 1301  859       863   0  2.14     5.9 364.9          M      213
================================================================================
AV 43.4 28.6                              12.2 FASTST   M    M   7    MAX(MPH)
                                 MISC ---->  # 40 200               # 56  200
================================================================================
NOTES:
# LAST OF SEVERAL OCCURRENCES

COLUMN 17 PEAK WIND IN M.P.H.

PRELIMINARY LOCAL CLIMATOLOGICAL DATA (WS FORM: F-6) , PAGE 2

                                          STATION:  MANSFIELD OH
                                          MONTH:    NOVEMBER
                                          YEAR:     2014
                                          LATITUDE:   40 49 N
                                          LONGITUDE:  82 31 W

[TEMPERATURE DATA]      [PRECIPITATION DATA]       SYMBOLS USED IN COLUMN 16

AVERAGE MONTHLY: 36.0   TOTAL FOR MONTH:   2.14    1 = FOG OR MIST
DPTR FM NORMAL:  -5.3   DPTR FM NORMAL:   -1.67    2 = FOG REDUCING VISIBILITY
HIGHEST:    65 ON 11, 4 GRTST 24HR  0.51 ON 23-24      TO 1/4 MILE OR LESS
LOWEST:      8 ON 18                               3 = THUNDER
                        SNOW, ICE PELLETS, HAIL    4 = ICE PELLETS
                        TOTAL MONTH:   5.9 INCHES  5 = HAIL
                        GRTST 24HR   3.4 ON   M    6 = FREEZING RAIN OR DRIZZLE
                        GRTST DEPTH:   4 ON 18     7 = DUSTSTORM OR SANDSTORM:
                                                       VSBY 1/2 MILE OR LESS
                                                   8 = SMOKE OR HAZE
[NO. OF DAYS WITH]      [WEATHER - DAYS WITH]      9 = BLOWING SNOW
                                                   X = TORNADO
MAX 32 OR BELOW:   6    0.01 INCH OR MORE:  13
MAX 90 OR ABOVE:   0    0.10 INCH OR MORE:   8
MIN 32 OR BELOW:  20    0.50 INCH OR MORE:   0
MIN  0 OR BELOW:   0    1.00 INCH OR MORE:   0

[HDD (BASE 65) ]
TOTAL THIS MO.   863    CLEAR  (SCALE 0-3)   3
DPTR FM NORMAL   150    PTCLDY (SCALE 4-7)  13
TOTAL FM JUL 1  1388    CLOUDY (SCALE 8-10) 14
DPTR FM NORMAL   107

[CDD (BASE 65) ]
TOTAL THIS MO.     0
DPTR FM NORMAL     0    [PRESSURE DATA]
TOTAL FM JAN 1   623    HIGHEST SLP M ON M
DPTR FM NORMAL    -9    LOWEST  SLP 29.22 ON 24

[REMARKS]
#FINAL-11-14#




U.S. Dept. of Commerce
NOAA National Weather Service
1325 East West Highway
Silver Spring, MD 20910
E-mail: w-nws.webmaster@noaa.gov
Page last modified: May 16, 2007
NATIONAL WEATHER SERVICE: for Safety, for Work, for Fun - FOR LIFE