567
CXUS54 KLZK 041931
CF6MEZ
PRELIMINARY LOCAL CLIMATOLOGICAL DATA (WS FORM: F-6)

                                          STATION:   Mena Airport
                                          MONTH:     NOVEMBER
                                          YEAR:      2014
                                          LATITUDE:   34  9 N
                                          LONGITUDE:  94 15 W

  TEMPERATURE IN F:       :PCPN:    SNOW:  WIND      :SUNSHINE: SKY     :PK WND
================================================================================
1   2   3   4   5  6A  6B    7    8   9   10  11  12  13   14  15   16   17  18
                                     12Z  AVG MX 2MIN
DY MAX MIN AVG DEP HDD CDD  WTR  SNW DPTH SPD SPD DIR MIN PSBL S-S WX    SPD DR
================================================================================

 1  59  30  45 -10  20   0 0.00    M    M  0.2  5 100   M    M   0         M  M
 2  61  34  48  -7  17   0 0.00    M    M  0.1  4 140   M    M   0         M  M
 3  72  54  63   8   2   0 0.00    M    M  1.2  8 180   M    M   3         M  M
 4  64  55  60   6   5   0 0.94    M    M  1.2 12 260   M    M  10        17 260
 5  59  50  55   1  10   0 0.22    M    M  0.0  M   M   M    M   9         M  M
 6  68  41  55   1  10   0 0.00    M    M  0.9 10 330   M    M   3        18 350
 7  63  32  48  -5  17   0 0.00    M    M  0.0  M   M   M    M   0         M  M
 8  64  39  52  -1  13   0 0.00    M    M  1.2 12 310   M    M   1        17 310
 9  70  32  51  -1  14   0 0.00    M    M  0.2  6 250   M    M   0         M  M
10  75  55  65  13   0   0 0.00    M    M  7.9 15 180   M    M   0        29 210
11  66  36  51  -1  14   0 0.00    M    M  8.1 16 280   M    M   6        21 350
12  43  32  38 -13  27   0 0.00    M    M  7.5 13 360   M    M   4        22 360
13  37  25  31 -20  34   0 0.00    M    M  6.1 12 320   M    M   5        20 340
14  43  21  32 -19  33   0 0.00    M    M  1.5 10  70   M    M   1         M  M
15  41  23  32 -18  33   0 0.00    M    M  1.9  8 140   M    M   6 3       M  M
16  39  32  36 -14  29   0 0.27    M    M  4.2  9  20   M    M  10         M  M
17  37  23  30 -19  35   0 0.02    M    M  5.3 18 290   M    M   4        27 310
18  50  18  34 -15  31   0 0.00    M    M  4.2 12 230   M    M   0        22 230
19  59  32  46  -2  19   0 0.00    M    M  7.7 13 240   M    M   0        20 230
20  63  30  47  -1  18   0 0.01    M    M  1.4  5  80   M    M   3         M  M
21  59  46  53   5  12   0 0.24    M    M  4.6 10 130   M    M  10        22 130
22  63  54  59  12   6   0 0.42    M    M  2.9  7 160   M    M  10 3       M  M
23  68  50  59  12   6   0 0.02    M    M  5.9 23 270   M    M   8        32 270
24  61  32  47   1  18   0 0.00    M    M  8.9 21 280   M    M   1        25 290
25  57  28  43  -3  22   0 0.00    M    M  1.8  7 300   M    M   0         M  M
26  59  30  45  -1  20   0 0.00    M    M  5.8 17 310   M    M   0        25 310
27  54  32  43  -2  22   0 0.00    M    M  2.8  9 320   M    M   0         M  M
28  63  32  48   3  17   0 0.00    M    M  4.3  9 200   M    M   0        20 200
29  73  55  64  19   1   0 0.00    M    M  9.5 15 200   M    M   4        24 230
30  77  63  70  26   0   5 0.00    M    M  8.3 15 210   M    M   5        22 210
================================================================================
SM 1767 1116       505   5  2.14    M    115.6          M      103
================================================================================
AV 58.9 37.2                               3.9 FASTST   M    M   3    MAX(MPH)
                                 MISC ---->  # 23 270                 32    M
================================================================================
NOTES:
# LAST OF SEVERAL OCCURRENCES

COLUMN 17 PEAK WIND IN M.P.H.

PRELIMINARY LOCAL CLIMATOLOGICAL DATA (WS FORM: F-6) , PAGE 2

                                          STATION:  Mena Airport
                                          MONTH:    NOVEMBER
                                          YEAR:     2014
                                          LATITUDE:   34  9 N
                                          LONGITUDE:  94 15 W

[TEMPERATURE DATA]      [PRECIPITATION DATA]       SYMBOLS USED IN COLUMN 16

AVERAGE MONTHLY: 48.1   TOTAL FOR MONTH:   2.14    1 = FOG OR MIST
DPTR FM NORMAL:  -1.8   DPTR FM NORMAL:   -3.62    2 = FOG REDUCING VISIBILITY
HIGHEST:    77 ON 30    GRTST 24HR  0.94 ON  4- 4      TO 1/4 MILE OR LESS
LOWEST:     18 ON 18                               3 = THUNDER
                        SNOW, ICE PELLETS, HAIL    4 = ICE PELLETS
                        TOTAL MONTH:    M          5 = HAIL
                        GRTST 24HR    M  ON   M    6 = FREEZING RAIN OR DRIZZLE
                        GRTST DEPTH:  M  ON   M    7 = DUSTSTORM OR SANDSTORM:
                                                       VSBY 1/2 MILE OR LESS
                                                   8 = SMOKE OR HAZE
[NO. OF DAYS WITH]      [WEATHER - DAYS WITH]      9 = BLOWING SNOW
                                                   X = TORNADO
MAX 32 OR BELOW:   0    0.01 INCH OR MORE:   8
MAX 90 OR ABOVE:   0    0.10 INCH OR MORE:   5
MIN 32 OR BELOW:  17    0.50 INCH OR MORE:   1
MIN  0 OR BELOW:   0    1.00 INCH OR MORE:   0

[HDD (BASE 65) ]
TOTAL THIS MO.   505    CLEAR  (SCALE 0-3)  16
DPTR FM NORMAL    47    PTCLDY (SCALE 4-7)   9
TOTAL FM JUL 1   585    CLOUDY (SCALE 8-10)  5
DPTR FM NORMAL   -94

[CDD (BASE 65) ]
TOTAL THIS MO.     5
DPTR FM NORMAL     0    [PRESSURE DATA]
TOTAL FM JAN 1  1669    HIGHEST SLP M ON M
DPTR FM NORMAL   152    LOWEST  SLP M ON M

[REMARKS]
#FINAL-11-14#




U.S. Dept. of Commerce
NOAA National Weather Service
1325 East West Highway
Silver Spring, MD 20910
E-mail: w-nws.webmaster@noaa.gov
Page last modified: May 16, 2007
NATIONAL WEATHER SERVICE: for Safety, for Work, for Fun - FOR LIFE