712
CXUS54 KLZK 011721
CF6MEZ
PRELIMINARY LOCAL CLIMATOLOGICAL DATA (WS FORM: F-6)

                                          STATION:   Mena Airport
                                          MONTH:     MARCH
                                          YEAR:      2014
                                          LATITUDE:   34  9 N
                                          LONGITUDE:  94 15 W

  TEMPERATURE IN F:       :PCPN:    SNOW:  WIND      :SUNSHINE: SKY     :PK WND
================================================================================
1   2   3   4   5  6A  6B    7    8   9   10  11  12  13   14  15   16   17  18
                                     12Z  AVG MX 2MIN
DY MAX MIN AVG DEP HDD CDD  WTR  SNW DPTH SPD SPD DIR MIN PSBL S-S WX    SPD DR
================================================================================

 1  59  43  51   5  14   0 0.00    M    M  2.2  5  70   M    M  10 12      M  M
 2  59  25  42  -4  23   0 1.44    M    M  1.0  8  60   M    M  10 13      M  M
 3  27  18  23 -24  42   0 0.00    M    M  0.0  M   M   M    M  10 1       M  M
 4  41  21  31 -16  34   0 0.00    M    M  0.3  4  70   M    M   2 1       M  M
 5  52  30  41  -6  24   0 0.00    M    M  1.7  7  50   M    M   7 128     M  M
 6  59  32  46  -2  19   0 0.00    M    M  2.4  9 330   M    M   2         M  M
 7  63  28  46  -2  19   0 0.00    M    M  2.3 10 160   M    M   0        17 200
 8  59  37  48   0  17   0 0.10    M    M  1.8 14 280   M    M   7 1       M  M
 9  59  43  51   3  14   0 0.00    M    M  3.1  7 240   M    M  10 18      M  M
10  73  46  60  11   5   0 0.00    M    M  6.5 14 250   M    M   4 18     20 250
11  79  57  68  19   0   3 0.00    M    M  6.4 13 290   M    M   3        21 290
12  59  34  47  -2  18   0 0.00    M    M 13.4 23 320   M    M   2        32 320
13  68  32  50   1  15   0 0.00    M    M  4.1 13 260   M    M   1 8      20 220
14  68  48  58   8   7   0 0.00    M    M  4.7 10 240   M    M   3        18 210
15  68  45  57   7   8   0 1.32    M    M  2.0  7  80   M    M   8 18      M  M
16  61  37  49  -1  16   0 0.38    M    M 11.2 24 300   M    M  10        32 300
17  63  36  50   0  15   0 0.00    M    M  3.7 13 340   M    M   4        18 340
18  73  43  58   7   7   0 0.00    M    M  6.6 14 270   M    M   0        27 200
19  63  36  50  -1  15   0 0.00    M    M  7.9 17 290   M    M   1        22 290
20  70  32  51   0  14   0 0.00    M    M  1.8  7 210   M    M   0 8       M  M
21  77  36  57   5   8   0 0.30    M    M  3.1 13 230   M    M   2 3      21 230
22  61  52  57   5   8   0 0.58    M    M  3.8 12  70   M    M  10 13      M  M
23  57  36  47  -5  18   0 0.03    M    M  6.0 12  30   M    M   4        18  40
24  61  32  47  -5  18   0 0.00    M    M  2.1  7 290   M    M   1         M  M
25  54  34  44  -9  21   0 0.00    M    M  5.2 14 340   M    M   0        25 290
26  59  30  45  -8  20   0 0.02    M    M  3.7 14 160   M    M   5        30 160
27  68  52  60   7   5   0 0.08    M    M  9.6 15 190   M    M  10 13     30 190
28  72  54  63  10   2   0 0.09    M    M  3.1 15  10   M    M   8 1238   20  10
29  68  41  55   1  10   0 0.00    M    M  5.0 15 310   M    M   0 1      25 310
30  73  34  54   0  11   0 0.00    M    M  3.6  9 150   M    M   0 1       M  M
31  68  54  61   7   4   0 0.12    M    M  5.8 12 240   M    M   4 3      20 180
================================================================================
SM 1941 1178       451   3  4.46    M    134.1          M      138
================================================================================
AV 62.6 38.0                               4.3 FASTST   M    M   4    MAX(MPH)
                                 MISC ---->    24   M                 32    M
================================================================================
NOTES:
# LAST OF SEVERAL OCCURRENCES

COLUMN 17 PEAK WIND IN M.P.H.

PRELIMINARY LOCAL CLIMATOLOGICAL DATA (WS FORM: F-6) , PAGE 2

                                          STATION:  Mena Airport
                                          MONTH:    MARCH
                                          YEAR:     2014
                                          LATITUDE:   34  9 N
                                          LONGITUDE:  94 15 W

[TEMPERATURE DATA]      [PRECIPITATION DATA]       SYMBOLS USED IN COLUMN 16

AVERAGE MONTHLY: 50.3   TOTAL FOR MONTH:   4.46    1 = FOG OR MIST
DPTR FM NORMAL:   0.1   DPTR FM NORMAL:   -0.56    2 = FOG REDUCING VISIBILITY
HIGHEST:    79 ON 11    GRTST 24HR  1.44 ON  2- 2      TO 1/4 MILE OR LESS
LOWEST:     18 ON  3                               3 = THUNDER
                        SNOW, ICE PELLETS, HAIL    4 = ICE PELLETS
                        TOTAL MONTH:    M          5 = HAIL
                        GRTST 24HR    M  ON   M    6 = FREEZING RAIN OR DRIZZLE
                        GRTST DEPTH:  M  ON   M    7 = DUSTSTORM OR SANDSTORM:
                                                       VSBY 1/2 MILE OR LESS
                                                   8 = SMOKE OR HAZE
[NO. OF DAYS WITH]      [WEATHER - DAYS WITH]      9 = BLOWING SNOW
                                                   X = TORNADO
MAX 32 OR BELOW:   1    0.01 INCH OR MORE:  11
MAX 90 OR ABOVE:   0    0.10 INCH OR MORE:   7
MIN 32 OR BELOW:  10    0.50 INCH OR MORE:   3
MIN  0 OR BELOW:   0    1.00 INCH OR MORE:   2

[HDD (BASE 65) ]
TOTAL THIS MO.   451    CLEAR  (SCALE 0-3)  14
DPTR FM NORMAL   -14    PTCLDY (SCALE 4-7)   8
TOTAL FM JUL 1  2988    CLOUDY (SCALE 8-10)  9
DPTR FM NORMAL  -363

[CDD (BASE 65) ]
TOTAL THIS MO.     3
DPTR FM NORMAL    -3    [PRESSURE DATA]
TOTAL FM JAN 1     8    HIGHEST SLP M ON M
DPTR FM NORMAL     2    LOWEST  SLP M ON M

[REMARKS]
#FINAL-03-14#




U.S. Dept. of Commerce
NOAA National Weather Service
1325 East West Highway
Silver Spring, MD 20910
E-mail: w-nws.webmaster@noaa.gov
Page last modified: May 16, 2007
NATIONAL WEATHER SERVICE: for Safety, for Work, for Fun - FOR LIFE