721
CXUS54 KMEG 010734
CF6MEM
PRELIMINARY LOCAL CLIMATOLOGICAL DATA (WS FORM: F-6)

                                          STATION:   MEMPHIS
                                          MONTH:     JANUARY
                                          YEAR:      2015
                                          LATITUDE:   35  3 N
                                          LONGITUDE:  89 59 W

  TEMPERATURE IN F:       :PCPN:    SNOW:  WIND      :SUNSHINE: SKY     :PK WND
================================================================================
1   2   3   4   5  6A  6B    7    8   9   10  11  12  13   14  15   16   17  18
                                     12Z  AVG MX 2MIN
DY MAX MIN AVG DEP HDD CDD  WTR  SNW DPTH SPD SPD DIR MIN PSBL S-S WX    SPD DR
================================================================================

 1  42  34  38  -3  27   0 0.12  0.0    0  1.6  8 130   M    M  10         9 100
 2  50  39  45   4  20   0 0.03  0.0    0  6.7 13  90   M    M  10 1      18 120
 3  64  50  57  16   8   0 0.63  0.0    0 10.7 24 250   M    M  10 1       M  M
 4  51  26  39  -2  26   0    T  0.0    0 13.3 23 310   M    M   5        31 260
 5  37  22  30 -11  35   0 0.00  0.0    0  4.6 16 360   M    M   2        21  10
 6  47  25  36  -5  29   0 0.00  0.0    0  5.8 13 320   M    M   2        20 290
 7  33  13  23 -18  42   0 0.00  0.0    0 15.3 29  10   M    M   6        38 360
 8  29   9  19 -22  46   0 0.00  0.0    0  7.9 18 190   M    M   3        23 200
 9  37  21  29 -12  36   0 0.00  0.0    0  7.1 17 330   M    M   3        23 330
10  40  17  29 -12  36   0 0.00  0.0    0  3.9 13 100   M    M   4        16 100
11  48  35  42   1  23   0 0.04  0.0    0  5.2 12 150   M    M  10        33 150
12  48  34  41   0  24   0 0.19  0.0    0 10.0 20  20   M    M   8 12     25  40
13  34  29  32  -9  33   0 0.00  0.0    0 10.8 20  30   M    M  10        25  20
14  41  27  34  -7  31   0 0.00  0.0    0  4.1 10  40   M    M   7        20  30
15  43  27  35  -6  30   0 0.00  0.0    0  2.7  8 290   M    M   8        13  80
16  57  27  42   1  23   0 0.00  0.0    0  4.1 12 180   M    M   1        15 190
17  60  34  47   6  18   0 0.00  0.0    0 12.3 22 180   M    M   3        31 210
18  64  37  51  10  14   0 0.00  0.0    0  8.0 17 310   M    M   2        22 290
19  65  44  55  14  10   0 0.00  0.0    0  8.0 16 230   M    M   7        25 270
20  64  40  52  11  13   0 0.00  0.0    0  5.3 16 360   M    M   5        23 230
21  60  35  48   7  17   0 0.00  0.0    0  2.5 14  30   M    M   5        18  20
22  49  41  45   4  20   0    T  0.0    0 10.8 16  60   M    M  10        21  30
23  42  33  38  -3  27   0 0.09  0.0    0  8.9 18  30   M    M  10 18     22  40
24  56  29  43   2  22   0 0.00  0.0    0  6.2 15 240   M    M   1 1      25 260
25  57  37  47   5  18   0 0.20  0.0    0 12.3 28 300   M    M   6 1      36 290
26  49  36  43   1  22   0 0.00  0.0    0  8.9 22 320   M    M   6 8      30 320
27  57  37  47   5  18   0 0.00  0.0    0  7.0 16  20   M    M   0        22  20
28  62  35  49   7  16   0 0.00  0.0    0  8.8 17 190   M    M   3        22 190
29  64  43  54  12  11   0    T  0.0    0 13.8 24 360   M    M   9        30  10
30  52  34  43   1  22   0 0.00  0.0    0  8.2 18  20   M    M   4        22  20
31  50  38  44   2  21   0 0.00  0.0    0  6.5 14 160   M    M  10        17 160
================================================================================
SM 1552  988       738   0  1.30     0.0 241.3          M      180
================================================================================
AV 50.1 31.9                               7.8 FASTST   M    M   6    MAX(MPH)
                                 MISC ---->  # 29  10               # 38  360
================================================================================
NOTES:
# LAST OF SEVERAL OCCURRENCES

COLUMN 17 PEAK WIND IN M.P.H.

PRELIMINARY LOCAL CLIMATOLOGICAL DATA (WS FORM: F-6) , PAGE 2

                                          STATION:  MEMPHIS
                                          MONTH:    JANUARY
                                          YEAR:     2015
                                          LATITUDE:   35  3 N
                                          LONGITUDE:  89 59 W

[TEMPERATURE DATA]      [PRECIPITATION DATA]       SYMBOLS USED IN COLUMN 16

AVERAGE MONTHLY: 41.0   TOTAL FOR MONTH:   1.30    1 = FOG OR MIST
DPTR FM NORMAL:  -0.2   DPTR FM NORMAL:   -2.68    2 = FOG REDUCING VISIBILITY
HIGHEST:    65 ON 19    GRTST 24HR  0.63 ON  3- 3      TO 1/4 MILE OR LESS
LOWEST:      9 ON  8                               3 = THUNDER
                        SNOW, ICE PELLETS, HAIL    4 = ICE PELLETS
                        TOTAL MONTH:   0.0 INCH    5 = HAIL
                        GRTST 24HR     0.0         6 = FREEZING RAIN OR DRIZZLE
                        GRTST DEPTH:   0           7 = DUSTSTORM OR SANDSTORM:
                                                       VSBY 1/2 MILE OR LESS
                                                   8 = SMOKE OR HAZE
[NO. OF DAYS WITH]      [WEATHER - DAYS WITH]      9 = BLOWING SNOW
                                                   X = TORNADO
MAX 32 OR BELOW:   1    0.01 INCH OR MORE:   7
MAX 90 OR ABOVE:   0    0.10 INCH OR MORE:   4
MIN 32 OR BELOW:  12    0.50 INCH OR MORE:   1
MIN  0 OR BELOW:   0    1.00 INCH OR MORE:   0

[HDD (BASE 65) ]
TOTAL THIS MO.   738    CLEAR  (SCALE 0-3)   9
DPTR FM NORMAL     0    PTCLDY (SCALE 4-7)  12
TOTAL FM JUL 1  1921    CLOUDY (SCALE 8-10) 10
DPTR FM NORMAL    19

[CDD (BASE 65) ]
TOTAL THIS MO.     0
DPTR FM NORMAL    -1    [PRESSURE DATA]
TOTAL FM JAN 1     0    HIGHEST SLP M ON M
DPTR FM NORMAL     0    LOWEST  SLP 29.67 ON 25

[REMARKS]
#FINAL-01-15#




U.S. Dept. of Commerce
NOAA National Weather Service
1325 East West Highway
Silver Spring, MD 20910
E-mail: w-nws.webmaster@noaa.gov
Page last modified: May 16, 2007
NATIONAL WEATHER SERVICE: for Safety, for Work, for Fun - FOR LIFE