794
CXUS54 KMEG 230740
CF6MEM
PRELIMINARY LOCAL CLIMATOLOGICAL DATA (WS FORM: F-6)

                                          STATION:   MEMPHIS
                                          MONTH:     NOVEMBER
                                          YEAR:      2014
                                          LATITUDE:   35  3 N
                                          LONGITUDE:  89 59 W

  TEMPERATURE IN F:       :PCPN:    SNOW:  WIND      :SUNSHINE: SKY     :PK WND
================================================================================
1   2   3   4   5  6A  6B    7    8   9   10  11  12  13   14  15   16   17  18
                                     12Z  AVG MX 2MIN
DY MAX MIN AVG DEP HDD CDD  WTR  SNW DPTH SPD SPD DIR MIN PSBL S-S WX    SPD DR
================================================================================

 1  53  35  44 -15  21   0 0.00  0.0    0  7.7 18 360   M    M   1        25 360
 2  61  31  46 -12  19   0 0.00  0.0    0  3.6 12 110   M    M   3        25 330
 3  69  43  56  -2   9   0 0.00  0.0    0  8.2 15 180   M    M   5        22 160
 4  75  54  65   7   0   0 0.23  0.0    0 10.2 21 200   M    M   9 1      25 200
 5  59  55  57   0   8   0 1.23  0.0    0  4.0 10  10   M    M  10 1      16 290
 6  65  43  54  -3  11   0    T  0.0    0  9.9 23 300   M    M   4 1      31 290
 7  58  38  48  -8  17   0 0.00  0.0    0  3.4 12  50   M    M   1        15  20
 8  59  41  50  -6  15   0 0.00  0.0    0  4.8 13 360   M    M   6        20 250
 9  61  36  49  -7  16   0 0.00  0.0    0  3.2 10 250   M    M   2 1      15 180
10  73  45  59   4   6   0 0.00  0.0    0 12.9 28 180   M    M   3        36 170
11  66  38  52  -3  13   0 0.01  0.0    0 11.5 20  10   M    M   8 18     31 240
12  43  34  39 -15  26   0 0.00  0.0    0 11.9 18  30   M    M   8        24  20
13  38  28  33 -21  32   0 0.02  0.1    T 10.0 21  10   M    M   6        30  20
14  40  24  32 -22  33   0 0.00  0.0    0  7.2 14  30   M    M   2        18  10
15  47  26  37 -16  28   0    T  0.0    0  4.9 14 110   M    M   5        17 110
16  44  36  40 -13  25   0 0.37    T    0  7.3 16 350   M    M  10 14     23 330
17  38  25  32 -21  33   0 0.01  0.1    T 12.6 22 320   M    M   3 14     32 320
18  39  20  30 -22  35   0 0.00  0.0    0  7.3 15 200   M    M   0        23 240
19  55  30  43  -9  22   0 0.00  0.0    0 12.3 22 220   M    M   3        31 250
20  56  34  45  -6  20   0 0.00  0.0    0  3.9 12  80   M    M   3        21 110
21  57  42  50  -1  15   0 0.07  0.0    0  6.2 12 110   M    M   9 1      17 130
22  68  53  61  10   4   0    T  0.0    0  9.8 20 170   M    M   7        24 170
================================================================================
SM 1224  811       408   0  1.94     0.2 172.8          M      108
================================================================================
AV 55.6 36.9                               7.9 FASTST   M    M   5    MAX(MPH)
                                 MISC ---->  # 28 180               # 36  170
================================================================================
NOTES:
# LAST OF SEVERAL OCCURRENCES

COLUMN 17 PEAK WIND IN M.P.H.

PRELIMINARY LOCAL CLIMATOLOGICAL DATA (WS FORM: F-6) , PAGE 2

                                          STATION:  MEMPHIS
                                          MONTH:    NOVEMBER
                                          YEAR:     2014
                                          LATITUDE:   35  3 N
                                          LONGITUDE:  89 59 W

[TEMPERATURE DATA]      [PRECIPITATION DATA]       SYMBOLS USED IN COLUMN 16

AVERAGE MONTHLY: 46.2   TOTAL FOR MONTH:   1.94    1 = FOG OR MIST
DPTR FM NORMAL:  -8.4   DPTR FM NORMAL:   -1.91    2 = FOG REDUCING VISIBILITY
HIGHEST:    75 ON  4    GRTST 24HR  1.46 ON  4- 5      TO 1/4 MILE OR LESS
LOWEST:     20 ON 18                               3 = THUNDER
                        SNOW, ICE PELLETS, HAIL    4 = ICE PELLETS
                        TOTAL MONTH:   0.2 INCH    5 = HAIL
                        GRTST 24HR   0.1 ON   M    6 = FREEZING RAIN OR DRIZZLE
                        GRTST DEPTH:   0           7 = DUSTSTORM OR SANDSTORM:
                                                       VSBY 1/2 MILE OR LESS
                                                   8 = SMOKE OR HAZE
[NO. OF DAYS WITH]      [WEATHER - DAYS WITH]      9 = BLOWING SNOW
                                                   X = TORNADO
MAX 32 OR BELOW:   0    0.01 INCH OR MORE:   7
MAX 90 OR ABOVE:   0    0.10 INCH OR MORE:   3
MIN 32 OR BELOW:   7    0.50 INCH OR MORE:   1
MIN  0 OR BELOW:   0    1.00 INCH OR MORE:   1

[HDD (BASE 65) ]
TOTAL THIS MO.   408    CLEAR  (SCALE 0-3)   9
DPTR FM NORMAL   169    PTCLDY (SCALE 4-7)   9
TOTAL FM JUL 1   493    CLOUDY (SCALE 8-10)  4
DPTR FM NORMAL   123

[CDD (BASE 65) ]
TOTAL THIS MO.     0
DPTR FM NORMAL   -11    [PRESSURE DATA]
TOTAL FM JAN 1  2159    HIGHEST SLP M ON M
DPTR FM NORMAL   -95    LOWEST  SLP 29.75 ON 10

[REMARKS]




U.S. Dept. of Commerce
NOAA National Weather Service
1325 East West Highway
Silver Spring, MD 20910
E-mail: w-nws.webmaster@noaa.gov
Page last modified: May 16, 2007
NATIONAL WEATHER SERVICE: for Safety, for Work, for Fun - FOR LIFE