758
CXUS54 KJAN 012246
CF6MEI
PRELIMINARY LOCAL CLIMATOLOGICAL DATA (WS FORM: F-6)

                                          STATION:   MERIDIAN
                                          MONTH:     NOVEMBER
                                          YEAR:      2014
                                          LATITUDE:   32 19 N
                                          LONGITUDE:  88 45 W

  TEMPERATURE IN F:       :PCPN:    SNOW:  WIND      :SUNSHINE: SKY     :PK WND
================================================================================
1   2   3   4   5  6A  6B    7    8   9   10  11  12  13   14  15   16   17  18
                                     12Z  AVG MX 2MIN
DY MAX MIN AVG DEP HDD CDD  WTR  SNW DPTH SPD SPD DIR MIN PSBL S-S WX    SPD DR
================================================================================

 1  57  31  44 -15  21   0 0.00  0.0    0  9.7 22 350   M    M   0        28 350
 2  63  27  45 -14  20   0 0.00  0.0    0  2.6 12  50   M    M   0        15  40
 3  71  31  51  -7  14   0 0.00  0.0    0  2.5 10 160   M    M   0        14 170
 4  76  40  58   0   7   0 0.00  0.0    0  4.2 17 190   M    M   0 8      23 190
 5  73  56  65   7   0   0    T  0.0    0  3.8 14 210   M    M   2 1      17 170
 6  72  48  60   3   5   0 0.09  0.0    0  7.0 16 330   M    M   4 1      21 320
 7  61  38  50  -7  15   0 0.00  0.0    0  6.9 17  10   M    M   0        22  10
 8  69  32  51  -6  14   0 0.00  0.0    0  1.2  9 340   M    M   0        13 290
 9  67  35  51  -5  14   0 0.00  0.0    0  2.3 12 350   M    M   0        15 360
10  73  30  52  -4  13   0 0.00  0.0    0  4.6 14 170   M    M   0        20 190
11  79  43  61   5   4   0    T  0.0    0  5.7 20 200   M    M   4 18     25 220
12  60  38  49  -7  16   0 0.03  0.0    0 11.0 20  10   M    M  10 1      23  10
13  43  30  37 -18  28   0    T  0.0    0 12.4 20 350   M    M   6        25 340
14  45  26  36 -19  29   0 0.00  0.0    0  8.7 18 360   M    M   0        24  10
15  54  24  39 -16  26   0 0.00  0.0    0  2.7  9 220   M    M   3        13 200
16  60  46  53  -1  12   0 2.50  0.0    0  4.6 16 150   M    M   9 1      21 150
17  57  28  43 -11  22   0 0.20  0.0    0 12.4 23 330   M    M   6 1      29 330
18  44  23  34 -20  31   0 0.00  0.0    0  6.9 18 360   M    M   0        26 350
19  56  20  38 -16  27   0 0.00  0.0    0  5.9 16 190   M    M   0        20 180
20  68  32  50  -3  15   0 0.00  0.0    0  3.5 12  50   M    M   3        13 300
21  69  35  52  -1  13   0 0.00  0.0    0  3.0 15 140   M    M   0 1      19 100
22  70  39  55   2  10   0 0.00  0.0    0  6.8 18 120   M    M   3        24 150
23  68  58  63  11   2   0 0.36  0.0    0 10.7 28 200   M    M   8 1      36 200
24  65  40  53   1  12   0 0.00  0.0    0  8.7 23 200   M    M   2        29 200
25  58  35  47  -5  18   0 0.00  0.0    0  5.8 16 360   M    M   2        21 360
26  63  27  45  -7  20   0 0.00  0.0    0  5.9 20 220   M    M   0        26 200
27  52  29  41 -10  24   0 0.00  0.0    0  6.5 21  10   M    M   0        29 340
28  58  27  43  -8  22   0 0.00  0.0    0  3.9 10 180   M    M   0        14  30
29  71  35  53   2  12   0 0.00  0.0    0 10.3 20 200   M    M   5        24 200
30  76  54  65  15   0   0 0.00  0.0    0  9.5 22 190   M    M   6        28 190
================================================================================
SM 1898 1057       466   0  3.18     0.0 189.7          M       73
================================================================================
AV 63.3 35.2                               6.3 FASTST   M    M   2    MAX(MPH)
                                 MISC ---->  # 28 200               # 36  200
================================================================================
NOTES:
# LAST OF SEVERAL OCCURRENCES

COLUMN 17 PEAK WIND IN M.P.H.

PRELIMINARY LOCAL CLIMATOLOGICAL DATA (WS FORM: F-6) , PAGE 2

                                          STATION:  MERIDIAN
                                          MONTH:    NOVEMBER
                                          YEAR:     2014
                                          LATITUDE:   32 19 N
                                          LONGITUDE:  88 45 W

[TEMPERATURE DATA]      [PRECIPITATION DATA]       SYMBOLS USED IN COLUMN 16

AVERAGE MONTHLY: 49.2   TOTAL FOR MONTH:   3.18    1 = FOG OR MIST
DPTR FM NORMAL:  -5.5   DPTR FM NORMAL:   -1.77    2 = FOG REDUCING VISIBILITY
HIGHEST:    79 ON 11    GRTST 24HR  2.70 ON 16-17      TO 1/4 MILE OR LESS
LOWEST:     20 ON 19                               3 = THUNDER
                        SNOW, ICE PELLETS, HAIL    4 = ICE PELLETS
                        TOTAL MONTH:   0.0 INCH    5 = HAIL
                        GRTST 24HR     0.0         6 = FREEZING RAIN OR DRIZZLE
                        GRTST DEPTH:   0           7 = DUSTSTORM OR SANDSTORM:
                                                       VSBY 1/2 MILE OR LESS
                                                   8 = SMOKE OR HAZE
[NO. OF DAYS WITH]      [WEATHER - DAYS WITH]      9 = BLOWING SNOW
                                                   X = TORNADO
MAX 32 OR BELOW:   0    0.01 INCH OR MORE:   5
MAX 90 OR ABOVE:   0    0.10 INCH OR MORE:   3
MIN 32 OR BELOW:  15    0.50 INCH OR MORE:   1
MIN  0 OR BELOW:   0    1.00 INCH OR MORE:   1

[HDD (BASE 65) ]
TOTAL THIS MO.   466    CLEAR  (SCALE 0-3)  20
DPTR FM NORMAL   140    PTCLDY (SCALE 4-7)   8
TOTAL FM JUL 1   549    CLOUDY (SCALE 8-10)  2
DPTR FM NORMAL    99

[CDD (BASE 65) ]
TOTAL THIS MO.     0
DPTR FM NORMAL   -16    [PRESSURE DATA]
TOTAL FM JAN 1  2085    HIGHEST SLP 30.53 ON 18
DPTR FM NORMAL    56    LOWEST  SLP 29.52 ON 23

[REMARKS]
#FINAL-11-14#




U.S. Dept. of Commerce
NOAA National Weather Service
1325 East West Highway
Silver Spring, MD 20910
E-mail: w-nws.webmaster@noaa.gov
Page last modified: May 16, 2007
NATIONAL WEATHER SERVICE: for Safety, for Work, for Fun - FOR LIFE