842
CXUS56 KPDT 291032
CF6MEH
PRELIMINARY LOCAL CLIMATOLOGICAL DATA (WS FORM: F-6)

                                          STATION:   MEACHAM OR
                                          MONTH:     JULY
                                          YEAR:      2014
                                          LATITUDE:   45 30 N
                                          LONGITUDE: 118 24 W

  TEMPERATURE IN F:       :PCPN:    SNOW:  WIND      :SUNSHINE: SKY     :PK WND
================================================================================
1   2   3   4   5  6A  6B    7    8   9   10  11  12  13   14  15   16   17  18
                                     12Z  AVG MX 2MIN
DY MAX MIN AVG DEP HDD CDD  WTR  SNW DPTH SPD SPD DIR MIN PSBL S-S WX    SPD DR
================================================================================

 1  86  41  64   7   1   0 0.00  0.0    0  1.1  8  70   M    M   0        11  40
 2  82  47  65   8   0   0    T  0.0    0  1.5  9 260   M    M   1 3      15  80
 3  81  50  66   9   0   1 0.00  0.0    0  1.5  7 320   M    M   0        13 320
 4  82  46  64   7   1   0 0.00  0.0    0  1.0  8  20   M    M   0        13  30
 5  83  48  66   8   0   1 0.00  0.0    0  1.2  7 300   M    M   0        12 300
 6  84  46  65   7   0   0 0.00  0.0    0  1.5  8 250   M    M   0        12 280
 7  83  46  65   7   0   0 0.00  0.0    0  1.7  8  20   M    M   0        14  30
 8  88  47  68  10   0   3 0.00  0.0    0  0.9  7 310   M    M   0        12 350
 9  87  50  69  11   0   4    T  0.0    0  1.0  8 270   M    M   0        14 270
10  84  42  63   4   2   0 0.00  0.0    0  1.5  8 300   M    M   0 8      13 290
11  87  39  63   4   2   0 0.00  0.0    0  1.0  8  30   M    M   0        12  40
12  90  52  71  12   0   6 0.00  0.0    0  1.2  9  20   M    M   1        13  20
13  94  48  71  12   0   6    T  0.0    0  2.6 12  30   M    M   1        17 200
14  87  57  72  13   0   7 0.02  0.0    0  1.6 13  50   M    M   1 13     19  60
15  87  50  69   9   0   4 0.00  0.0    0  1.8  9  30   M    M   0        16 340
16  93  49  71  11   0   6 0.00  0.0    0  1.0  7 300   M    M   0        10 290
17  87  45  66   6   0   1 0.00  0.0    0  2.3 10 280   M    M   0        18 320
18  82  41  62   2   3   0 0.00  0.0    0  1.4  9 280   M    M   0        14 290
19  85  48  67   7   0   2 0.00  0.0    0  3.5 12 280   M    M   0        19 270
20  79  49  64   4   1   0 0.00  0.0    0  1.9  9 260   M    M   0        14 300
21  78  44  61   1   4   0 0.00  0.0    0  0.8  8 250   M    M   2        11 290
22  80  53  67   7   0   2 0.60  0.0    0  1.7 13  40   M    M   6 13     18  30
23  76  45  61   1   4   0 0.02  0.0    0  2.0 12 290   M    M   5 1      22 260
24  68  40  54  -6  11   0 0.00  0.0    0  1.7  8 290   M    M   3        16 280
25  74  35  55  -5  10   0 0.00  0.0    0  1.0  7 330   M    M   0        13 340
26  82  36  59  -1   6   0 0.00  0.0    0  1.4  8  30   M    M   0        14  30
27  88  42  65   5   0   0 0.00  0.0    0  1.1  7  20   M    M   0        11 320
28  91  54  73  13   0   8 0.00  0.0    0  1.3  8  30   M    M   0        13  20
================================================================================
SM 2348 1290        45  51  0.64     0.0  42.2          M       20
================================================================================
AV 83.9 46.1                               1.5 FASTST   M    M   1    MAX(MPH)
                                 MISC ---->  # 13  50               # 22  260
================================================================================
NOTES:
# LAST OF SEVERAL OCCURRENCES

COLUMN 17 PEAK WIND IN M.P.H.

PRELIMINARY LOCAL CLIMATOLOGICAL DATA (WS FORM: F-6) , PAGE 2

                                          STATION:  MEACHAM OR
                                          MONTH:    JULY
                                          YEAR:     2014
                                          LATITUDE:   45 30 N
                                          LONGITUDE: 118 24 W

[TEMPERATURE DATA]      [PRECIPITATION DATA]       SYMBOLS USED IN COLUMN 16

AVERAGE MONTHLY: 65.0   TOTAL FOR MONTH:   0.64    1 = FOG OR MIST
DPTR FM NORMAL:   5.9   DPTR FM NORMAL:   -0.01    2 = FOG REDUCING VISIBILITY
HIGHEST:    94 ON 13    GRTST 24HR  0.60 ON 22-22      TO 1/4 MILE OR LESS
LOWEST:     35 ON 25                               3 = THUNDER
                        SNOW, ICE PELLETS, HAIL    4 = ICE PELLETS
                        TOTAL MONTH:   0.0 INCH    5 = HAIL
                        GRTST 24HR     0.0         6 = FREEZING RAIN OR DRIZZLE
                        GRTST DEPTH:   0           7 = DUSTSTORM OR SANDSTORM:
                                                       VSBY 1/2 MILE OR LESS
                                                   8 = SMOKE OR HAZE
[NO. OF DAYS WITH]      [WEATHER - DAYS WITH]      9 = BLOWING SNOW
                                                   X = TORNADO
MAX 32 OR BELOW:   0    0.01 INCH OR MORE:   3
MAX 90 OR ABOVE:   4    0.10 INCH OR MORE:   1
MIN 32 OR BELOW:   0    0.50 INCH OR MORE:   1
MIN  0 OR BELOW:   0    1.00 INCH OR MORE:   0

[HDD (BASE 65) ]
TOTAL THIS MO.    45    CLEAR  (SCALE 0-3)  25
DPTR FM NORMAL  -129    PTCLDY (SCALE 4-7)   3
TOTAL FM JUL 1    45    CLOUDY (SCALE 8-10)  0
DPTR FM NORMAL  -129

[CDD (BASE 65) ]
TOTAL THIS MO.    51
DPTR FM NORMAL    49    [PRESSURE DATA]
TOTAL FM JAN 1    51    HIGHEST SLP 30.08 ON  7
DPTR FM NORMAL    47    LOWEST  SLP 29.70 ON  9

[REMARKS]




U.S. Dept. of Commerce
NOAA National Weather Service
1325 East West Highway
Silver Spring, MD 20910
E-mail: w-nws.webmaster@noaa.gov
Page last modified: May 16, 2007
NATIONAL WEATHER SERVICE: for Safety, for Work, for Fun - FOR LIFE