296
CXUS53 KARX 010930
CF6MDZ
PRELIMINARY LOCAL CLIMATOLOGICAL DATA (WS FORM: F-6)

                                          STATION:   MEDFORD WI
                                          MONTH:     NOVEMBER
                                          YEAR:      2014
                                          LATITUDE:   45  5 N
                                          LONGITUDE:  90 18 W

  TEMPERATURE IN F:       :PCPN:    SNOW:  WIND      :SUNSHINE: SKY     :PK WND
================================================================================
1   2   3   4   5  6A  6B    7    8   9   10  11  12  13   14  15   16   17  18
                                     12Z  AVG MX 2MIN
DY MAX MIN AVG DEP HDD CDD  WTR  SNW DPTH SPD SPD DIR MIN PSBL S-S WX    SPD DR
================================================================================

 1  39  16  28   M  37   0 0.00  0.0    0  3.9  9 170   M    M   0         M  M
 2  50  26  38   M  27   0 0.00  0.0    0  9.1 14 170   M    M   2        22 170
 3  48  33  41   M  24   0 0.08  0.0    0  6.6  9 190   M    M   5         M  M
 4  47  37  42   M  23   0 0.05  0.0    0 12.2 23 270   M    M  10 1      30 270
 5  37  29  33   M  32   0 0.17  0.0    0  5.6 12 260   M    M   8        17 260
 6  34  32  33   M  32   0 0.01    T    T  8.5 12 320   M    M  10        17 360
 7  36  27  32   M  33   0 0.01    M    0  8.1 16 160   M    M   9        22 160
 8  36  30  33   M  32   0 0.00  0.0    0 11.6 18 310   M    M   8 1      32 320
 9  33  24  29   M  36   0 0.02    M    3  5.9 12 340   M    M   6        17 240
10  30  25  28   M  37   0 0.10    M    5 10.9 17  40   M    M  10 1      25  20
11  30  15  23   M  42   0    M    M   10 12.2 20 330   M    M   9 8      27 340
12  21  15  18   M  47   0    M    M    8  7.6 10 280   M    M  10        16 260
13  22  14  18   M  47   0    T    T    7  8.0 14 290   M    M  10        18 290
14  21   7  14   M  51   0    T    T    6  5.2  8 240   M    M   5         M  M
15  17   M   M   M   M   M    M    M    5   M   M   M   M    M   M 18      M  M
16  22   6  14   M  51   0    M    M    6  9.3 13 240   M    M   8        25 260
17  10   5   8   M  57   0    M    M    6 10.2 18 280   M    M   8 8      24 280
18  11   6   9   M  56   0    M    M    6 10.6 15 280   M    M  10 8      21 280
19  19  11  15   M  50   0    M    M    6 10.0 16 290   M    M  10        28 290
20  14  -5   5   M  60   0 0.00  0.0    6  9.3 15 280   M    M   4        23 290
21  27  -8  10   M  55   0 0.00  0.0    5  8.7 15 180   M    M   2        20 190
22  36  27  32   M  33   0 0.00  0.0    4  8.6 16 200   M    M  10 12     17 210
23  44  36  40   M  25   0 0.20  0.0    3  6.5 10 170   M    M  10 2       M  M
24  40  19  30   M  35   0    M    M    1 11.8 21 330   M    M  10        27 320
25  20  14  17   M  48   0    M    M    4  6.5 12 310   M    M   8        17 290
26  24  17  21   M  44   0    M    M    3  3.8 13 330   M    M  10         M  M
27  17  -3   7   M  58   0    M    M    3  6.5 14 330   M    M   3 8      17 330
28  19   2  11   M  54   0    M    M    3  5.4  9 150   M    M   9         M  M
29  32  18  25   M  40   0 0.00  0.0    4  4.9 10 180   M    M  10 12      M  M
30  30   4  17   M  48   0 0.00  0.0    0 10.1 14 330   M    M   5 1      21 320
================================================================================
SM  866  479      1214   0  0.64    T    237.6          M      219
================================================================================
AV 28.9 16.5                               8.2 FASTST   M    M   8    MAX(MPH)
                                 MISC ---->  # 23 270                 32    M
================================================================================
NOTES:
# LAST OF SEVERAL OCCURRENCES

COLUMN 17 PEAK WIND IN M.P.H.

PRELIMINARY LOCAL CLIMATOLOGICAL DATA (WS FORM: F-6) , PAGE 2

                                          STATION:  MEDFORD WI
                                          MONTH:    NOVEMBER
                                          YEAR:     2014
                                          LATITUDE:   45  5 N
                                          LONGITUDE:  90 18 W

[TEMPERATURE DATA]      [PRECIPITATION DATA]       SYMBOLS USED IN COLUMN 16

AVERAGE MONTHLY: 22.7   TOTAL FOR MONTH:   0.64    1 = FOG OR MIST
DPTR FM NORMAL:     M   DPTR FM NORMAL:       M    2 = FOG REDUCING VISIBILITY
HIGHEST:    50 ON  2    GRTST 24HR  0.20 ON 23-23      TO 1/4 MILE OR LESS
LOWEST:     -8 ON 21                               3 = THUNDER
                        SNOW, ICE PELLETS, HAIL    4 = ICE PELLETS
                        TOTAL MONTH:    T          5 = HAIL
                        GRTST 24HR    T  ON 14-14  6 = FREEZING RAIN OR DRIZZLE
                        GRTST DEPTH:  10 ON 11     7 = DUSTSTORM OR SANDSTORM:
                                                       VSBY 1/2 MILE OR LESS
                                                   8 = SMOKE OR HAZE
[NO. OF DAYS WITH]      [WEATHER - DAYS WITH]      9 = BLOWING SNOW
                                                   X = TORNADO
MAX 32 OR BELOW:  18    0.01 INCH OR MORE:   8
MAX 90 OR ABOVE:   0    0.10 INCH OR MORE:   3
MIN 32 OR BELOW:  26    0.50 INCH OR MORE:   0
MIN  0 OR BELOW:   3    1.00 INCH OR MORE:   0

[HDD (BASE 65) ]
TOTAL THIS MO.  1214    CLEAR  (SCALE 0-3)   3
DPTR FM NORMAL     M    PTCLDY (SCALE 4-7)   8
TOTAL FM JUL 1  2308    CLOUDY (SCALE 8-10) 18
DPTR FM NORMAL     M

[CDD (BASE 65) ]
TOTAL THIS MO.     0
DPTR FM NORMAL     M    [PRESSURE DATA]
TOTAL FM JAN 1   157    HIGHEST SLP M ON M
DPTR FM NORMAL     M    LOWEST  SLP M ON M

[REMARKS]
#FINAL-11-14#




U.S. Dept. of Commerce
NOAA National Weather Service
1325 East West Highway
Silver Spring, MD 20910
E-mail: w-nws.webmaster@noaa.gov
Page last modified: May 16, 2007
NATIONAL WEATHER SERVICE: for Safety, for Work, for Fun - FOR LIFE