130
CXUS53 KARX 240930
CF6MDZ
PRELIMINARY LOCAL CLIMATOLOGICAL DATA (WS FORM: F-6)

                                          STATION:   MEDFORD WI
                                          MONTH:     APRIL
                                          YEAR:      2014
                                          LATITUDE:   45  5 N
                                          LONGITUDE:  90 18 W

  TEMPERATURE IN F:       :PCPN:    SNOW:  WIND      :SUNSHINE: SKY     :PK WND
================================================================================
1   2   3   4   5  6A  6B    7    8   9   10  11  12  13   14  15   16   17  18
                                     12Z  AVG MX 2MIN
DY MAX MIN AVG DEP HDD CDD  WTR  SNW DPTH SPD SPD DIR MIN PSBL S-S WX    SPD DR
================================================================================

 1  45  21  33   M  32   0    M    M    M 14.8 24 270   M    M   6 16     33 270
 2  39  16  28   M  37   0 0.00  0.0    0  3.1  8 100   M    M   2         M  M
 3  34  28  31   M  34   0 0.17    T   10 10.8 16  80   M    M  10 6      24  70
 4  31  23  27   M  38   0 0.11    M    9  5.8 12 330   M    M   9 18      M  M
 5  41  16  29   M  36   0 0.00  0.0   10  3.5 10 230   M    M   1 18      M  M
 6  54  32  43   M  22   0 0.00  0.0    7  7.9 13 160   M    M   5         M  M
 7  47  31  39   M  26   0 0.00  0.0    M  3.5  8 320   M    M   7 12      M  M
 8  47  27  37   M  28   0 0.00  0.0    0  6.5 17 320   M    M   5 12     17 350
 9  55  26  41   M  24   0 0.00  0.0    0  8.1 16 190   M    M   3        24 200
10  53  37  45   M  20   0 0.00  0.0    M 11.5 21 280   M    M   3        35 290
11  54  32  43   M  22   0 0.03  0.0    M  3.7 10 290   M    M   3         M  M
12  44  37  41   M  24   0 0.09  0.0    0  9.1 14 100   M    M  10 13     23 100
13  46  31  39   M  26   0    M    M    0  9.8 22  10   M    M  10 1      27  10
14  30  18  24   M  41   0    M    M    M 13.0 21 350   M    M   9        25 360
15  30  15  23   M  42   0 0.00  0.0    M  5.7  9 250   M    M   4        17 250
16  38  24  31   M  34   0    M    M    M 10.3 15 120   M    M  10        25 110
17  36  31  34   M  31   0 0.13    M    M  7.2 15 110   M    M  10 1      22 110
18  46  24  35   M  30   0 0.00  0.0    0  3.4  9 110   M    M   2         M  M
19  59  32  46   M  19   0 0.00  0.0    0 11.8 20 150   M    M   4        27 140
20  60  47  54   M  11   0 0.01  0.0    0  6.0 12 200   M    M  10 12     16 200
21  68  37  53   M  12   0    M  0.0    0  9.4 20 310   M    M   5 12     31 320
22  50  30  40   M  25   0 0.00  0.0    0  9.7 16 350   M    M   4        24 350
23  50  27  39   M  26   0 0.03  0.0    0  6.3 10 100   M    M   3        16 100
================================================================================
SM 1057  642       640   0  0.57    T    180.9          M      135
================================================================================
AV 46.0 27.9                               7.9 FASTST   M    M   6    MAX(MPH)
                                 MISC ---->    24   M               # 35  290
================================================================================
NOTES:
# LAST OF SEVERAL OCCURRENCES

COLUMN 17 PEAK WIND IN M.P.H.

PRELIMINARY LOCAL CLIMATOLOGICAL DATA (WS FORM: F-6) , PAGE 2

                                          STATION:  MEDFORD WI
                                          MONTH:    APRIL
                                          YEAR:     2014
                                          LATITUDE:   45  5 N
                                          LONGITUDE:  90 18 W

[TEMPERATURE DATA]      [PRECIPITATION DATA]       SYMBOLS USED IN COLUMN 16

AVERAGE MONTHLY: 36.9   TOTAL FOR MONTH:   0.57    1 = FOG OR MIST
DPTR FM NORMAL:     M   DPTR FM NORMAL:       M    2 = FOG REDUCING VISIBILITY
HIGHEST:    68 ON 21    GRTST 24HR  0.17 ON  3- 3      TO 1/4 MILE OR LESS
LOWEST:     15 ON 15                               3 = THUNDER
                        SNOW, ICE PELLETS, HAIL    4 = ICE PELLETS
                        TOTAL MONTH:    T          5 = HAIL
                        GRTST 24HR    T  ON  3- 3  6 = FREEZING RAIN OR DRIZZLE
                        GRTST DEPTH:  10 ON  5, 3  7 = DUSTSTORM OR SANDSTORM:
                                                       VSBY 1/2 MILE OR LESS
                                                   8 = SMOKE OR HAZE
[NO. OF DAYS WITH]      [WEATHER - DAYS WITH]      9 = BLOWING SNOW
                                                   X = TORNADO
MAX 32 OR BELOW:   3    0.01 INCH OR MORE:   7
MAX 90 OR ABOVE:   0    0.10 INCH OR MORE:   3
MIN 32 OR BELOW:  19    0.50 INCH OR MORE:   0
MIN  0 OR BELOW:   0    1.00 INCH OR MORE:   0

[HDD (BASE 65) ]
TOTAL THIS MO.   640    CLEAR  (SCALE 0-3)   5
DPTR FM NORMAL     M    PTCLDY (SCALE 4-7)  10
TOTAL FM JUL 1  9408    CLOUDY (SCALE 8-10)  8
DPTR FM NORMAL     M

[CDD (BASE 65) ]
TOTAL THIS MO.     0
DPTR FM NORMAL     M    [PRESSURE DATA]
TOTAL FM JAN 1     0    HIGHEST SLP M ON M
DPTR FM NORMAL     M    LOWEST  SLP M ON M

[REMARKS]




U.S. Dept. of Commerce
NOAA National Weather Service
1325 East West Highway
Silver Spring, MD 20910
E-mail: w-nws.webmaster@noaa.gov
Page last modified: May 16, 2007
NATIONAL WEATHER SERVICE: for Safety, for Work, for Fun - FOR LIFE