262
CXUS53 KARX 280930
CF6MDZ
PRELIMINARY LOCAL CLIMATOLOGICAL DATA (WS FORM: F-6)

                                          STATION:   MEDFORD WI
                                          MONTH:     JANUARY
                                          YEAR:      2015
                                          LATITUDE:   45  5 N
                                          LONGITUDE:  90 18 W

  TEMPERATURE IN F:       :PCPN:    SNOW:  WIND      :SUNSHINE: SKY     :PK WND
================================================================================
1   2   3   4   5  6A  6B    7    8   9   10  11  12  13   14  15   16   17  18
                                     12Z  AVG MX 2MIN
DY MAX MIN AVG DEP HDD CDD  WTR  SNW DPTH SPD SPD DIR MIN PSBL S-S WX    SPD DR
================================================================================

 1  22   2  12   M  53   0    M    M    9  8.8 14 260   M    M   8        18 240
 2  19 -10   5   M  60   0 0.00  0.0    8  3.8  9 180   M    M   3         M  M
 3  27  13  20   M  45   0    M    M    8  4.4  7 360   M    M  10 1       M  M
 4  21 -15   3   M  62   0    M    M   10 14.0 20 320   M    M   5 8      27 360
 5  -5 -19 -12   M  77   0 0.00  0.0    9  6.7 10 240   M    M   2         M  M
 6   4 -11  -3   M  68   0    T    T    8 10.4 16 310   M    M   3 9      28 310
 7  -4 -14  -9   M  74   0 0.00  0.0    8 12.4 18 320   M    M   0        27 310
 8   4 -12  -4   M  69   0    M    M    8  9.9 18 300   M    M   7        23 300
 9   1  -8  -3   M  68   0    M    M   11 13.4 18 280   M    M   3 8      30 300
10  14 -11   2   M  63   0 0.00  0.0   11  6.1  9 170   M    M   5         M  M
11  15  -1   7   M  58   0 0.00  0.0   11  2.9  7 310   M    M   7         M  M
12  10 -12  -1   M  66   0 0.00  0.0   11  5.0 13 360   M    M   0 8       M  M
13  11 -25  -7   M  72   0 0.00  0.0   11  4.5 10 200   M    M   1         M  M
14  18   8  13   M  52   0    M    M   11  6.9 13 200   M    M  10 1      17 200
15  30  18  24   M  41   0    M    M   11  9.2 12 280   M    M   8 1      17 240
16  23  15  19   M  46   0 0.00  0.0   11  8.4 12 130   M    M  10        20 120
17  33  18  26   M  39   0    T  0.0   11  9.5 18 300   M    M   9 1      30 300
18  33  26  30   M  35   0 0.00  0.0   10  9.9 14 280   M    M  10        20 280
19  26  22  24   M  41   0    M    M   10  5.3  8 100   M    M  10 1       M  M
20  24  21  23   M  42   0    M    M   11  3.9  7  80   M    M  10 1       M  M
21  26  22  24   M  41   0    M    M   11  3.4  7 340   M    M  10 1       M  M
22  26  19  23   M  42   0 0.00  0.0   11  7.2 13 230   M    M   9 1      20 230
23  32  22  27   M  38   0    T    T   11  9.9 15 220   M    M   8        21 220
24  35  28  32   M  33   0 0.00  0.0   10  5.8 14  50   M    M  10         M  M
25  28   6  17   M  48   0    M    M    9  7.0 15  40   M    M   8        16  60
26  21   8  15   M  50   0    M    M    9  6.0 10 150   M    M  10 1       M  M
27  25  20  23   M  42   0 0.00  0.0    M  2.6  7 170   M    M  10 1       M  M
================================================================================
SM  519  130      1425   0    T     T    197.3          M      186
================================================================================
AV 19.2  4.8                               7.3 FASTST   M    M   7    MAX(MPH)
                                 MISC ---->    20   M                 30    M
================================================================================
NOTES:
# LAST OF SEVERAL OCCURRENCES

COLUMN 17 PEAK WIND IN M.P.H.

PRELIMINARY LOCAL CLIMATOLOGICAL DATA (WS FORM: F-6) , PAGE 2

                                          STATION:  MEDFORD WI
                                          MONTH:    JANUARY
                                          YEAR:     2015
                                          LATITUDE:   45  5 N
                                          LONGITUDE:  90 18 W

[TEMPERATURE DATA]      [PRECIPITATION DATA]       SYMBOLS USED IN COLUMN 16

AVERAGE MONTHLY: 12.0   TOTAL FOR MONTH:      T    1 = FOG OR MIST
DPTR FM NORMAL:     M   DPTR FM NORMAL:       M    2 = FOG REDUCING VISIBILITY
HIGHEST:    35 ON 24    GRTST 24HR    T  ON 23-23      TO 1/4 MILE OR LESS
LOWEST:    -25 ON 13                               3 = THUNDER
                        SNOW, ICE PELLETS, HAIL    4 = ICE PELLETS
                        TOTAL MONTH:    T          5 = HAIL
                        GRTST 24HR    T  ON 23-23  6 = FREEZING RAIN OR DRIZZLE
                        GRTST DEPTH:  11 ON 23,22  7 = DUSTSTORM OR SANDSTORM:
                                                       VSBY 1/2 MILE OR LESS
                                                   8 = SMOKE OR HAZE
[NO. OF DAYS WITH]      [WEATHER - DAYS WITH]      9 = BLOWING SNOW
                                                   X = TORNADO
MAX 32 OR BELOW:  24    0.01 INCH OR MORE:   0
MAX 90 OR ABOVE:   0    0.10 INCH OR MORE:   0
MIN 32 OR BELOW:  27    0.50 INCH OR MORE:   0
MIN  0 OR BELOW:  11    1.00 INCH OR MORE:   0

[HDD (BASE 65) ]
TOTAL THIS MO.  1425    CLEAR  (SCALE 0-3)   7
DPTR FM NORMAL     M    PTCLDY (SCALE 4-7)   5
TOTAL FM JUL 1  4958    CLOUDY (SCALE 8-10) 15
DPTR FM NORMAL     M

[CDD (BASE 65) ]
TOTAL THIS MO.     0
DPTR FM NORMAL     M    [PRESSURE DATA]
TOTAL FM JAN 1     0    HIGHEST SLP M ON M
DPTR FM NORMAL     M    LOWEST  SLP M ON M

[REMARKS]




U.S. Dept. of Commerce
NOAA National Weather Service
1325 East West Highway
Silver Spring, MD 20910
E-mail: w-nws.webmaster@noaa.gov
Page last modified: May 16, 2007
NATIONAL WEATHER SERVICE: for Safety, for Work, for Fun - FOR LIFE