200
CXUS55 KCTP 211131
CF6MDT
PRELIMINARY LOCAL CLIMATOLOGICAL DATA (WS FORM: F-6)

                                          STATION:   HARRISBURG PA
                                          MONTH:     SEPTEMBER
                                          YEAR:      2014
                                          LATITUDE:   40 11 N
                                          LONGITUDE:  76 46 W

  TEMPERATURE IN F:       :PCPN:    SNOW:  WIND      :SUNSHINE: SKY     :PK WND
================================================================================
1   2   3   4   5  6A  6B    7    8   9   10  11  12  13   14  15   16   17  18
                                     12Z  AVG MX 2MIN
DY MAX MIN AVG DEP HDD CDD  WTR  SNW DPTH SPD SPD DIR MIN PSBL S-S WX    SPD DR
================================================================================

 1  88  72  80   9   0  15 0.00  0.0    0  1.7 14 220   M    M   7        17 220
 2  90  72  81  10   0  16 0.07  0.0    0  5.6 32 220   M    M   6 38     39 230
 3  84  67  76   5   0  11 0.00  0.0    0  2.6 10 330   M    M   6        14 210
 4  88  64  76   6   0  11 0.00  0.0    0  3.8 12 180   M    M   5 18     15 180
 5  86  71  79   9   0  14 0.00  0.0    0  3.5 18 160   M    M   6 18     24 160
 6  91  69  80  10   0  15 0.01  0.0    0  6.6 16 320   M    M   7 138    19 210
 7  79  62  71   2   0   6    T  0.0    0  5.5 14 350   M    M   5        20  30
 8  79  57  68  -1   0   3 0.00  0.0    0  5.8 17 120   M    M   4        23 110
 9  77  64  71   2   0   6    T  0.0    0  7.2 15 110   M    M  10        20 120
10  80  66  73   5   0   8 0.00  0.0    0  4.4 10 160   M    M   9        14 210
11  84  66  75   7   0  10 0.00  0.0    0  8.1 18 330   M    M   7        22 320
12  72  56  64  -4   1   0 0.00  0.0    0  7.2 15 320   M    M   4        24 330
13  67  54  61  -6   4   0 0.25  0.0    0  3.9 12 320   M    M   7 1      15 320
14  67  48  58  -9   7   0 0.00  0.0    0  4.4 12 290   M    M   4        15 300
15  73  49  61  -5   4   0 0.00  0.0    0  2.7  9 180   M    M   6        12 190
16  75  54  65  -1   0   0 0.01  0.0    0  5.3 17 310   M    M   6 18     22 320
17  74  52  63  -3   2   0 0.00  0.0    0  1.9  8 320   M    M   3        10 310
18  77  52  65   0   0   0 0.00  0.0    0  4.0 15 300   M    M   4        18 310
19  75  49  62  -3   3   0 0.00  0.0    0  7.5 16 140   M    M   4        22 130
20  81  60  71   7   0   6 0.00  0.0    0  7.2 15 160   M    M   7 18     23 160
================================================================================
SM 1587 1204        21 121  0.34     0.0  98.9          M      117
================================================================================
AV 79.3 60.2                               4.9 FASTST   M    M   6    MAX(MPH)
                                 MISC ---->  # 32 220               # 39  230
================================================================================
NOTES:
# LAST OF SEVERAL OCCURRENCES

COLUMN 17 PEAK WIND IN M.P.H.

PRELIMINARY LOCAL CLIMATOLOGICAL DATA (WS FORM: F-6) , PAGE 2

                                          STATION:  HARRISBURG PA
                                          MONTH:    SEPTEMBER
                                          YEAR:     2014
                                          LATITUDE:   40 11 N
                                          LONGITUDE:  76 46 W

[TEMPERATURE DATA]      [PRECIPITATION DATA]       SYMBOLS USED IN COLUMN 16

AVERAGE MONTHLY: 69.8   TOTAL FOR MONTH:   0.34    1 = FOG OR MIST
DPTR FM NORMAL:   1.8   DPTR FM NORMAL:   -2.31    2 = FOG REDUCING VISIBILITY
HIGHEST:    91 ON  6    GRTST 24HR  0.28 ON 31- 1      TO 1/4 MILE OR LESS
LOWEST:     48 ON 14                               3 = THUNDER
                        SNOW, ICE PELLETS, HAIL    4 = ICE PELLETS
                        TOTAL MONTH:   0.0 INCH    5 = HAIL
                        GRTST 24HR     0.0         6 = FREEZING RAIN OR DRIZZLE
                        GRTST DEPTH:   0           7 = DUSTSTORM OR SANDSTORM:
                                                       VSBY 1/2 MILE OR LESS
                                                   8 = SMOKE OR HAZE
[NO. OF DAYS WITH]      [WEATHER - DAYS WITH]      9 = BLOWING SNOW
                                                   X = TORNADO
MAX 32 OR BELOW:   0    0.01 INCH OR MORE:   4
MAX 90 OR ABOVE:   2    0.10 INCH OR MORE:   1
MIN 32 OR BELOW:   0    0.50 INCH OR MORE:   0
MIN  0 OR BELOW:   0    1.00 INCH OR MORE:   0

[HDD (BASE 65) ]
TOTAL THIS MO.    21    CLEAR  (SCALE 0-3)   1
DPTR FM NORMAL    -3    PTCLDY (SCALE 4-7)  17
TOTAL FM JUL 1    21    CLOUDY (SCALE 8-10)  2
DPTR FM NORMAL    -5

[CDD (BASE 65) ]
TOTAL THIS MO.   121
DPTR FM NORMAL    38    [PRESSURE DATA]
TOTAL FM JAN 1  1022    HIGHEST SLP M ON M
DPTR FM NORMAL    43    LOWEST  SLP 29.75 ON  2

[REMARKS]




U.S. Dept. of Commerce
NOAA National Weather Service
1325 East West Highway
Silver Spring, MD 20910
E-mail: w-nws.webmaster@noaa.gov
Page last modified: May 16, 2007
NATIONAL WEATHER SERVICE: for Safety, for Work, for Fun - FOR LIFE