104
CXUS55 KCTP 301131
CF6MDT
PRELIMINARY LOCAL CLIMATOLOGICAL DATA (WS FORM: F-6)

                                          STATION:   HARRISBURG PA
                                          MONTH:     AUGUST
                                          YEAR:      2014
                                          LATITUDE:   40 11 N
                                          LONGITUDE:  76 46 W

  TEMPERATURE IN F:       :PCPN:    SNOW:  WIND      :SUNSHINE: SKY     :PK WND
================================================================================
1   2   3   4   5  6A  6B    7    8   9   10  11  12  13   14  15   16   17  18
                                     12Z  AVG MX 2MIN
DY MAX MIN AVG DEP HDD CDD  WTR  SNW DPTH SPD SPD DIR MIN PSBL S-S WX    SPD DR
================================================================================

 1  83  65  74  -1   0   9 0.01  0.0    0  4.3 17 250   M    M   7 18     23 250
 2  82  68  75   0   0  10    T  0.0    0  5.5 10 130   M    M   9 8      14  40
 3  77  67  72  -3   0   7 0.30  0.0    0  5.4 12 130   M    M   9 13     15 210
 4  83  64  74  -1   0   9 0.00  0.0    0  4.2 13 320   M    M   6 18     18 330
 5  88  65  77   2   0  12 0.00  0.0    0  2.6 22 340   M    M   3 1      28 350
 6  81  66  74  -1   0   9    T  0.0    0  5.7 13 330   M    M   5 8      17 300
 7  82  64  73  -2   0   8 0.00  0.0    0  7.0 15 320   M    M   3        22 310
 8  80  60  70  -5   0   5 0.00  0.0    0  4.4  9 290   M    M   2        13 330
 9  85  61  73  -2   0   8 0.00  0.0    0  1.3  6  60   M    M   4        11  60
10  87  62  75   0   0  10 0.00  0.0    0  3.0  8 160   M    M   3 18     11 160
11  83  64  74  -1   0   9 0.01  0.0    0  7.2 16 150   M    M   7        21 150
12  74  68  71  -4   0   6 2.55  0.0    0  9.3 16 120   M    M  10 12     21 120
13  80  64  72  -2   0   7 0.50  0.0    0 10.5 25 310   M    M   6 1      32 310
14  79  58  69  -5   0   4    T  0.0    0  7.2 20 310   M    M   2        23 300
15  76  56  66  -8   0   1 0.00  0.0    0  6.5 17 320   M    M   4        24 310
16  79  54  67  -7   0   2 0.00  0.0    0  3.9 14 250   M    M   4 1      16 260
17  83  63  73  -1   0   8 0.08  0.0    0  4.4 16 320   M    M   5 18     20 330
18  82  59  71  -3   0   6 0.00  0.0    0  1.4  6 130   M    M   4         8 100
19  83  65  74   0   0   9 0.00  0.0    0  2.2  8 140   M    M   7        11 140
20  84  69  77   3   0  12 0.01  0.0    0  4.6 12 150   M    M   8        14 140
21  86  68  77   3   0  12 0.17  0.0    0  1.8 15 300   M    M   6 138    20 300
22  81  67  74   1   0   9    T  0.0    0  4.3 15 130   M    M   9 18     19 140
23  73  66  70  -3   0   5    T  0.0    0  7.1 13  90   M    M  10 1      17 100
24  81  63  72  -1   0   7 0.00  0.0    0  2.8 10 110   M    M   6 18     16  50
25  84  61  73   0   0   8 0.00  0.0    0  1.7  8 270   M    M   5        14 300
26  85  62  74   1   0   9 0.00  0.0    0  2.0  8 290   M    M   1         9 330
27  89  64  77   5   0  12 0.00  0.0    0  2.8 10 320   M    M   3 1      12 330
28  80  59  70  -2   0   5 0.00  0.0    0  8.2 18 320   M    M   4        25 340
29  79  56  68  -4   0   3 0.00  0.0    0  3.1  7 320   M    M   5        10  10
================================================================================
SM 2369 1828         0 221  3.63     0.0 134.4          M      157
================================================================================
AV 81.7 63.0                               4.6 FASTST   M    M   5    MAX(MPH)
                                 MISC ---->  # 25 310               # 32  310
================================================================================
NOTES:
# LAST OF SEVERAL OCCURRENCES

COLUMN 17 PEAK WIND IN M.P.H.

PRELIMINARY LOCAL CLIMATOLOGICAL DATA (WS FORM: F-6) , PAGE 2

                                          STATION:  HARRISBURG PA
                                          MONTH:    AUGUST
                                          YEAR:     2014
                                          LATITUDE:   40 11 N
                                          LONGITUDE:  76 46 W

[TEMPERATURE DATA]      [PRECIPITATION DATA]       SYMBOLS USED IN COLUMN 16

AVERAGE MONTHLY: 72.4   TOTAL FOR MONTH:   3.63    1 = FOG OR MIST
DPTR FM NORMAL:  -1.7   DPTR FM NORMAL:    0.63    2 = FOG REDUCING VISIBILITY
HIGHEST:    89 ON 27    GRTST 24HR  2.96 ON 12-13      TO 1/4 MILE OR LESS
LOWEST:     54 ON 16                               3 = THUNDER
                        SNOW, ICE PELLETS, HAIL    4 = ICE PELLETS
                        TOTAL MONTH:   0.0 INCH    5 = HAIL
                        GRTST 24HR     0.0         6 = FREEZING RAIN OR DRIZZLE
                        GRTST DEPTH:   0           7 = DUSTSTORM OR SANDSTORM:
                                                       VSBY 1/2 MILE OR LESS
                                                   8 = SMOKE OR HAZE
[NO. OF DAYS WITH]      [WEATHER - DAYS WITH]      9 = BLOWING SNOW
                                                   X = TORNADO
MAX 32 OR BELOW:   0    0.01 INCH OR MORE:   8
MAX 90 OR ABOVE:   0    0.10 INCH OR MORE:   4
MIN 32 OR BELOW:   0    0.50 INCH OR MORE:   2
MIN  0 OR BELOW:   0    1.00 INCH OR MORE:   1

[HDD (BASE 65) ]
TOTAL THIS MO.     0    CLEAR  (SCALE 0-3)   5
DPTR FM NORMAL     0    PTCLDY (SCALE 4-7)  18
TOTAL FM JUL 1     0    CLOUDY (SCALE 8-10)  6
DPTR FM NORMAL     0

[CDD (BASE 65) ]
TOTAL THIS MO.   221
DPTR FM NORMAL   -43    [PRESSURE DATA]
TOTAL FM JAN 1   878    HIGHEST SLP M ON M
DPTR FM NORMAL    -2    LOWEST  SLP 29.73 ON 13

[REMARKS]




U.S. Dept. of Commerce
NOAA National Weather Service
1325 East West Highway
Silver Spring, MD 20910
E-mail: w-nws.webmaster@noaa.gov
Page last modified: May 16, 2007
NATIONAL WEATHER SERVICE: for Safety, for Work, for Fun - FOR LIFE