307
CXUS55 KCTP 170900
CF6MDT
PRELIMINARY LOCAL CLIMATOLOGICAL DATA (WS FORM: F-6)

                                          STATION:   HARRISBURG PA
                                          MONTH:     APRIL
                                          YEAR:      2014
                                          LATITUDE:   40 11 N
                                          LONGITUDE:  76 46 W

  TEMPERATURE IN F:       :PCPN:    SNOW:  WIND      :SUNSHINE: SKY     :PK WND
================================================================================
1   2   3   4   5  6A  6B    7    8   9   10  11  12  13   14  15   16   17  18
                                     12Z  AVG MX 2MIN
DY MAX MIN AVG DEP HDD CDD  WTR  SNW DPTH SPD SPD DIR MIN PSBL S-S WX    SPD DR
================================================================================

 1  61  32  47   0  18   0 0.00  0.0    0  3.9 10 340   M    M   4        13 340
 2  62  42  52   5  13   0 0.15  0.0    0  2.8 12 280   M    M   9 18     13 280
 3  60  47  54   6  11   0 0.23  0.0    0  4.1 13 120   M    M  10 18     16  70
 4  50  45  48   0  17   0 0.11  0.0    0 11.5 20 120   M    M   9 18     24 120
 5  51  39  45  -3  20   0    T  0.0    0 14.6 26 290   M    M   7 1      32 280
 6  59  28  44  -5  21   0 0.00  0.0    0  4.6 13 340   M    M   3        18 350
 7  49  36  43  -6  22   0 0.38    M    0  6.7 16 110   M    M  10 1      20 120
 8  61  40  51   1  14   0 0.03    M    0 11.3 30 290   M    M   6 128    37 290
 9  64  36  50   0  15   0 0.00  0.0    0  9.2 22 320   M    M   2        29 310
10  69  33  51   1  14   0 0.00  0.0    0  8.1 22 190   M    M   3        34 230
11  69  46  58   7   7   0 0.15  0.0    0  5.3 22 310   M    M   9 12     28 220
12  74  40  57   6   8   0 0.00  0.0    0  3.7 14 220   M    M   5 128    19 200
13  81  53  67  16   0   2 0.00  0.0    0  8.6 22 190   M    M   7 18     30 210
14  77  60  69  17   0   4 0.00  0.0    0 11.5 28 180   M    M   8        40 180
15  68  35  52   0  13   0 1.07    T    0 14.5 31 310   M    M   9 14     40 310
16  48  30  39 -13  26   0 0.00  0.0    0 10.4 25 330   M    M   2 8      32 330
================================================================================
SM 1003  642       219   6  2.12    T    130.8          M      103
================================================================================
AV 62.7 40.1                               8.2 FASTST   M    M   6    MAX(MPH)
                                 MISC ---->  # 31 310               # 40  180
================================================================================
NOTES:
# LAST OF SEVERAL OCCURRENCES

COLUMN 17 PEAK WIND IN M.P.H.

PRELIMINARY LOCAL CLIMATOLOGICAL DATA (WS FORM: F-6) , PAGE 2

                                          STATION:  HARRISBURG PA
                                          MONTH:    APRIL
                                          YEAR:     2014
                                          LATITUDE:   40 11 N
                                          LONGITUDE:  76 46 W

[TEMPERATURE DATA]      [PRECIPITATION DATA]       SYMBOLS USED IN COLUMN 16

AVERAGE MONTHLY: 51.4   TOTAL FOR MONTH:   2.12    1 = FOG OR MIST
DPTR FM NORMAL:   1.7   DPTR FM NORMAL:    0.46    2 = FOG REDUCING VISIBILITY
HIGHEST:    81 ON 13    GRTST 24HR  1.07 ON 15-15      TO 1/4 MILE OR LESS
LOWEST:     28 ON  6                               3 = THUNDER
                        SNOW, ICE PELLETS, HAIL    4 = ICE PELLETS
                        TOTAL MONTH:    T          5 = HAIL
                        GRTST 24HR    T  ON 15-15  6 = FREEZING RAIN OR DRIZZLE
                        GRTST DEPTH:   0           7 = DUSTSTORM OR SANDSTORM:
                                                       VSBY 1/2 MILE OR LESS
                                                   8 = SMOKE OR HAZE
[NO. OF DAYS WITH]      [WEATHER - DAYS WITH]      9 = BLOWING SNOW
                                                   X = TORNADO
MAX 32 OR BELOW:   0    0.01 INCH OR MORE:   7
MAX 90 OR ABOVE:   0    0.10 INCH OR MORE:   6
MIN 32 OR BELOW:   3    0.50 INCH OR MORE:   1
MIN  0 OR BELOW:   0    1.00 INCH OR MORE:   1

[HDD (BASE 65) ]
TOTAL THIS MO.   219    CLEAR  (SCALE 0-3)   3
DPTR FM NORMAL   -29    PTCLDY (SCALE 4-7)   6
TOTAL FM JUL 1  5437    CLOUDY (SCALE 8-10)  7
DPTR FM NORMAL   478

[CDD (BASE 65) ]
TOTAL THIS MO.     6
DPTR FM NORMAL     6    [PRESSURE DATA]
TOTAL FM JAN 1     6    HIGHEST SLP M ON M
DPTR FM NORMAL     5    LOWEST  SLP 29.40 ON  8

[REMARKS]




U.S. Dept. of Commerce
NOAA National Weather Service
1325 East West Highway
Silver Spring, MD 20910
E-mail: w-nws.webmaster@noaa.gov
Page last modified: May 16, 2007
NATIONAL WEATHER SERVICE: for Safety, for Work, for Fun - FOR LIFE