578
CXUS55 KCTP 011446
CF6MDT
PRELIMINARY LOCAL CLIMATOLOGICAL DATA (WS FORM: F-6)

                                          STATION:   HARRISBURG PA
                                          MONTH:     NOVEMBER
                                          YEAR:      2014
                                          LATITUDE:   40 11 N
                                          LONGITUDE:  76 46 W

  TEMPERATURE IN F:       :PCPN:    SNOW:  WIND      :SUNSHINE: SKY     :PK WND
================================================================================
1   2   3   4   5  6A  6B    7    8   9   10  11  12  13   14  15   16   17  18
                                     12Z  AVG MX 2MIN
DY MAX MIN AVG DEP HDD CDD  WTR  SNW DPTH SPD SPD DIR MIN PSBL S-S WX    SPD DR
================================================================================

 1  50  42  46  -3  19   0 0.02  0.0    0 11.9 24 350   M    M   9 1      33 340
 2  49  39  44  -5  21   0    T  0.0    0 17.7 32 340   M    M   5        42 330
 3  60  38  49   0  16   0 0.00  0.0    0  9.7 21 310   M    M   5        27 310
 4  71  38  55   7  10   0 0.00  0.0    0  3.7 16 230   M    M   7        21 240
 5  60  47  54   6  11   0    T    M    0  4.3 13 270   M    M  10        17 270
 6  50  42  46  -2  19   0 0.81  0.0    0  5.0 13 120   M    M   9 1      15 120
 7  51  34  43  -4  22   0 0.00  0.0    0 14.9 32 310   M    M   5        42 320
 8  49  30  40  -7  25   0 0.00  0.0    0  5.3 15 170   M    M   6        24 190
 9  54  34  44  -3  21   0 0.00  0.0    0  3.5 15 310   M    M   5        22 360
10  62  32  47   1  18   0 0.00  0.0    0  3.7 14 150   M    M   3        19 160
11  64  33  49   3  16   0 0.00  0.0    0  2.8 13 110   M    M   4 18     15 120
12  59  37  48   2  17   0 0.00  0.0    0  9.5 26 310   M    M   4 12     34 320
13  42  33  38  -7  27   0 0.01    T    0  7.5 21 300   M    M   7 14     25 320
14  41  31  36  -9  29   0    T    T    0 12.9 23 300   M    M   5        30 300
15  39  27  33 -11  32   0    T    M    0  6.6 15 320   M    M   6        21 330
16  43  28  36  -8  29   0 0.13  0.0    0  5.9 15 190   M    M  10 1      20 200
17  44  34  39  -5  26   0 0.46  0.0    0  9.0 24 320   M    M  10 1      30 300
18  34  22  28 -15  37   0    T    T    0 17.6 30 310   M    M   3        37 320
19  31  20  26 -17  39   0 0.00  0.0    0  9.1 18 280   M    M   3        24 270
20  43  27  35  -7  30   0 0.00  0.0    0 10.2 25 300   M    M   5        30 300
21  35  21  28 -14  37   0 0.00  0.0    0 10.2 22 310   M    M   2        27 310
22  42  17  30 -12  35   0 0.00  0.0    0  3.4 12 200   M    M   5        15 180
23  56  30  43   2  22   0 0.08  0.0    0  5.1 13 130   M    M   8 1      15 130
24  69  46  58  17   7   0 0.46  0.0    0 12.2 29 190   M    M   5 1      39 190
25  62  36  49   9  16   0 0.00  0.0    0  6.5 21 270   M    M   9        28 270
26  42  32  37  -3  28   0 0.78  2.4    0  7.1 16 310   M    M  10 1      21 310
27  38  32  35  -5  30   0    T    T    1  7.6 21 300   M    M   9        27 300
28  36  25  31  -8  34   0 0.00  0.0    T 10.0 22 310   M    M   5        26 300
29  37  22  30  -9  35   0    T    T    T  5.1 12 110   M    M   9 1      15 110
30  45  33  39   1  26   0 0.00  0.0    0  0.9  6 300   M    M   9 8       7  60
================================================================================
SM 1458  962       734   0  2.75     2.4 238.9          M      192
================================================================================
AV 48.6 32.1                               8.0 FASTST   M    M   6    MAX(MPH)
                                 MISC ---->  # 32 340               # 42  330
================================================================================
NOTES:
# LAST OF SEVERAL OCCURRENCES

COLUMN 17 PEAK WIND IN M.P.H.

PRELIMINARY LOCAL CLIMATOLOGICAL DATA (WS FORM: F-6) , PAGE 2

                                          STATION:  HARRISBURG PA
                                          MONTH:    NOVEMBER
                                          YEAR:     2014
                                          LATITUDE:   40 11 N
                                          LONGITUDE:  76 46 W

[TEMPERATURE DATA]      [PRECIPITATION DATA]       SYMBOLS USED IN COLUMN 16

AVERAGE MONTHLY: 40.3   TOTAL FOR MONTH:   2.75    1 = FOG OR MIST
DPTR FM NORMAL:  -3.8   DPTR FM NORMAL:   -0.48    2 = FOG REDUCING VISIBILITY
HIGHEST:    71 ON  4    GRTST 24HR  0.81 ON  6- 6      TO 1/4 MILE OR LESS
LOWEST:     17 ON 22                               3 = THUNDER
                        SNOW, ICE PELLETS, HAIL    4 = ICE PELLETS
                        TOTAL MONTH:   2.4 INCHES  5 = HAIL
                        GRTST 24HR   2.4 ON   M    6 = FREEZING RAIN OR DRIZZLE
                        GRTST DEPTH:   1 ON 27     7 = DUSTSTORM OR SANDSTORM:
                                                       VSBY 1/2 MILE OR LESS
                                                   8 = SMOKE OR HAZE
[NO. OF DAYS WITH]      [WEATHER - DAYS WITH]      9 = BLOWING SNOW
                                                   X = TORNADO
MAX 32 OR BELOW:   1    0.01 INCH OR MORE:   8
MAX 90 OR ABOVE:   0    0.10 INCH OR MORE:   5
MIN 32 OR BELOW:  15    0.50 INCH OR MORE:   2
MIN  0 OR BELOW:   0    1.00 INCH OR MORE:   0

[HDD (BASE 65) ]
TOTAL THIS MO.   734    CLEAR  (SCALE 0-3)   2
DPTR FM NORMAL   107    PTCLDY (SCALE 4-7)  18
TOTAL FM JUL 1  1013    CLOUDY (SCALE 8-10) 10
DPTR FM NORMAL   -26

[CDD (BASE 65) ]
TOTAL THIS MO.     0
DPTR FM NORMAL     0    [PRESSURE DATA]
TOTAL FM JAN 1  1050    HIGHEST SLP 30.54 ON 22
DPTR FM NORMAL    48    LOWEST  SLP 29.51 ON 17

[REMARKS]
#FINAL-11-14#




U.S. Dept. of Commerce
NOAA National Weather Service
1325 East West Highway
Silver Spring, MD 20910
E-mail: w-nws.webmaster@noaa.gov
Page last modified: May 16, 2007
NATIONAL WEATHER SERVICE: for Safety, for Work, for Fun - FOR LIFE