768
CXUS55 KCTP 290900
CF6MDT
PRELIMINARY LOCAL CLIMATOLOGICAL DATA (WS FORM: F-6)

                                          STATION:   HARRISBURG PA
                                          MONTH:     JULY
                                          YEAR:      2014
                                          LATITUDE:   40 11 N
                                          LONGITUDE:  76 46 W

  TEMPERATURE IN F:       :PCPN:    SNOW:  WIND      :SUNSHINE: SKY     :PK WND
================================================================================
1   2   3   4   5  6A  6B    7    8   9   10  11  12  13   14  15   16   17  18
                                     12Z  AVG MX 2MIN
DY MAX MIN AVG DEP HDD CDD  WTR  SNW DPTH SPD SPD DIR MIN PSBL S-S WX    SPD DR
================================================================================

 1  92  73  83   8   0  18    T  0.0    0  6.4 16 230   M    M   6 3      24 200
 2  94  75  85  10   0  20 0.09  0.0    0  3.2 18 300   M    M   7 138    24 230
 3  92  73  83   7   0  18 0.05  0.0    0  4.9 17 310   M    M   7 13     24 180
 4  78  66  72  -4   0   7 0.04  0.0    0 12.4 28 310   M    M   5 1      35 320
 5  83  62  73  -3   0   8 0.00  0.0    0  8.1 16 330   M    M   2        22 350
 6  86  62  74  -2   0   9 0.00  0.0    0  4.4 16 220   M    M   7        21 250
 7  92  75  84   8   0  19    T  0.0    0  8.8 18 220   M    M   6        27 240
 8  91  70  81   5   0  16 0.29  0.0    0  9.9 40 240   M    M   6 3      54 240
 9  89  68  79   3   0  14    T  0.0    0  6.8 20 200   M    M   5 3      28 250
10  88  67  78   2   0  13    T  0.0    0  4.5 22 320   M    M   4 3      31 320
11  88  66  77   1   0  12 0.00  0.0    0  3.4  9 100   M    M   4 1      11  80
12  88  69  79   3   0  14 0.81  0.0    0  5.8 20 280   M    M   6 138    24 290
13  88  73  81   5   0  16 0.17  0.0    0  6.3 22 330   M    M   8 13     30 330
14  85  71  78   2   0  13 0.79  0.0    0  3.2 15 330   M    M   8 1      19 320
15  84  70  77   1   0  12    T  0.0    0  4.3 16 220   M    M   8 1      20 220
16  80  66  73  -3   0   8 0.00  0.0    0  7.1 16 310   M    M   5        21 320
17  80  63  72  -4   0   7 0.00  0.0    0  6.9 14 310   M    M   3        19 310
18  82  60  71  -5   0   6 0.00  0.0    0  3.1 10 310   M    M   5        12 320
19  82  67  75  -1   0  10    T  0.0    0  3.5 12 140   M    M  10        14 140
20  82  66  74  -2   0   9    T  0.0    0  2.9  9 150   M    M   8 18     12 140
21  81  69  75  -1   0  10 0.00  0.0    0  3.4  8 150   M    M   8 1      10 150
22  88  71  80   4   0  15 0.00  0.0    0  6.1 14 180   M    M   6        18 220
23  94  72  83   7   0  18 0.33  0.0    0  4.8 26 340   M    M   4 138    32 330
24  81  62  72  -4   0   7 0.00  0.0    0  8.2 16 320   M    M   7        28 310
25  82  56  69  -7   0   4 0.00  0.0    0  5.0 12 300   M    M   2        15 310
26  87  64  76   0   0  11 0.01  0.0    0  4.3 12 300   M    M   6        15 210
27  92  67  80   4   0  15 1.56  0.0    0  6.6 35 300   M    M   8 138    43  20
28  80  65  73  -3   0   8 0.15  0.0    0  9.4 25 340   M    M   7 1      33 330
================================================================================
SM 2409 1888         0 337  4.29     0.0 163.7          M      168
================================================================================
AV 86.0 67.4                               5.8 FASTST   M    M   6    MAX(MPH)
                                 MISC ---->  # 40 240                 54    M
================================================================================
NOTES:
# LAST OF SEVERAL OCCURRENCES

COLUMN 17 PEAK WIND IN M.P.H.

PRELIMINARY LOCAL CLIMATOLOGICAL DATA (WS FORM: F-6) , PAGE 2

                                          STATION:  HARRISBURG PA
                                          MONTH:    JULY
                                          YEAR:     2014
                                          LATITUDE:   40 11 N
                                          LONGITUDE:  76 46 W

[TEMPERATURE DATA]      [PRECIPITATION DATA]       SYMBOLS USED IN COLUMN 16

AVERAGE MONTHLY: 76.7   TOTAL FOR MONTH:   4.29    1 = FOG OR MIST
DPTR FM NORMAL:   0.8   DPTR FM NORMAL:    0.10    2 = FOG REDUCING VISIBILITY
HIGHEST:    94 ON 23, 2 GRTST 24HR  1.60 ON 27-28      TO 1/4 MILE OR LESS
LOWEST:     56 ON 25                               3 = THUNDER
                        SNOW, ICE PELLETS, HAIL    4 = ICE PELLETS
                        TOTAL MONTH:   0.0 INCH    5 = HAIL
                        GRTST 24HR     0.0         6 = FREEZING RAIN OR DRIZZLE
                        GRTST DEPTH:   0           7 = DUSTSTORM OR SANDSTORM:
                                                       VSBY 1/2 MILE OR LESS
                                                   8 = SMOKE OR HAZE
[NO. OF DAYS WITH]      [WEATHER - DAYS WITH]      9 = BLOWING SNOW
                                                   X = TORNADO
MAX 32 OR BELOW:   0    0.01 INCH OR MORE:  11
MAX 90 OR ABOVE:   7    0.10 INCH OR MORE:   7
MIN 32 OR BELOW:   0    0.50 INCH OR MORE:   3
MIN  0 OR BELOW:   0    1.00 INCH OR MORE:   1

[HDD (BASE 65) ]
TOTAL THIS MO.     0    CLEAR  (SCALE 0-3)   3
DPTR FM NORMAL     0    PTCLDY (SCALE 4-7)  22
TOTAL FM JUL 1     0    CLOUDY (SCALE 8-10)  3
DPTR FM NORMAL     0

[CDD (BASE 65) ]
TOTAL THIS MO.   337
DPTR FM NORMAL    31    [PRESSURE DATA]
TOTAL FM JAN 1   644    HIGHEST SLP M ON M
DPTR FM NORMAL    60    LOWEST  SLP 29.51 ON 28

[REMARKS]




U.S. Dept. of Commerce
NOAA National Weather Service
1325 East West Highway
Silver Spring, MD 20910
E-mail: w-nws.webmaster@noaa.gov
Page last modified: May 16, 2007
NATIONAL WEATHER SERVICE: for Safety, for Work, for Fun - FOR LIFE