563
CXUS53 KPAH 280633
CF6MDH
PRELIMINARY LOCAL CLIMATOLOGICAL DATA (WS FORM: F-6)

                                          STATION:   CARBONDALE IL
                                          MONTH:     JANUARY
                                          YEAR:      2015
                                          LATITUDE:   37 46 N
                                          LONGITUDE:  89 15 W

  TEMPERATURE IN F:       :PCPN:    SNOW:  WIND      :SUNSHINE: SKY     :PK WND
================================================================================
1   2   3   4   5  6A  6B    7    8   9   10  11  12  13   14  15   16   17  18
                                     12Z  AVG MX 2MIN
DY MAX MIN AVG DEP HDD CDD  WTR  SNW DPTH SPD SPD DIR MIN PSBL S-S WX    SPD DR
================================================================================

 1  41  22  32  -1  33   0 0.00  0.0    0  9.4 16 220   M    M   4        21 220
 2  39  33  36   3  29   0 0.46  0.0    0  4.5 13 110   M    M  10 18     16 120
 3  55  37  46  13  19   0 1.06  0.0    0  4.3 24 130   M    M  10 1      31 130
 4  48  19  34   1  31   0 0.02    M    0 12.6 22 290   M    M   9 1      30 320
 5  27  15  21 -12  44   0 0.00  0.0    0  6.8 16 340   M    M   0        20 320
 6  32  22  27  -6  38   0 0.00  0.0    0  8.7 17 310   M    M   3        24 340
 7  25   4  15 -18  50   0    T    M    0 14.2 28 340   M    M   4        34 360
 8  26   2  14 -19  51   0 0.00  0.0    0 14.5 29 200   M    M   3        35 190
 9  27   9  18 -15  47   0 0.00  0.0    0 10.0 24 330   M    M   3        30 340
10  31   3  17 -16  48   0 0.00  0.0    0  7.0 15 200   M    M   2 8      19 190
11  36  31  34   1  31   0 0.19    M    0  9.9 20 210   M    M  10 1      23 210
12  35  22  29  -4  36   0 0.21    M    0 10.3 21 360   M    M  10 1      28 350
13  25  19  22 -11  43   0 0.00  0.0    0  7.9 16 360   M    M  10 8      22  30
14  28  14  21 -12  44   0 0.00  0.0    0  1.6  9 310   M    M   8        13 310
15  41  26  34   1  31   0 0.01    M    M  5.7 12 250   M    M   5 1      14 250
16  51  23  37   4  28   0 0.00  0.0    0  4.5 10 200   M    M   0 1      12 190
17  54  32  43  10  22   0    T    M    0 15.1 29 210   M    M   2        36 200
18  57  29  43  10  22   0 0.00  0.0    0  8.1 16 280   M    M   0        22 270
19  56  24  40   7  25   0 0.00  0.0    0  1.5  9 170   M    M   0        10 170
20  54  24  39   6  26   0    T    M    0  3.2 12 350   M    M   4 1      15 330
21  54  24  39   6  26   0 0.00    M    0  5.9 18 260   M    M   1        26 260
22  40  22  31  -2  34   0 0.00  0.0    0  3.8 10 350   M    M   3 1      13 330
23  40  20  30  -3  35   0 0.00  0.0    0  4.5 13 350   M    M   4 18     15 350
24  54  19  37   4  28   0 0.00  0.0    0  7.0 15 230   M    M   1 18     18 220
25  46  33  40   7  25   0 0.42    M    0 12.3 26 340   M    M   8 1      37 340
26  37  26  32  -1  33   0    T    M    0  9.1 21 330   M    M   8        27 340
27  43  27  35   2  30   0 0.00  0.0    0  6.5 17 360   M    M   5 1      23 360
================================================================================
SM 1102  581       909   0  2.37     0.0 208.9          M      127
================================================================================
AV 40.8 21.5                               7.7 FASTST   M    M   5    MAX(MPH)
                                 MISC ---->  # 29 200               # 37  340
================================================================================
NOTES:
# LAST OF SEVERAL OCCURRENCES

COLUMN 17 PEAK WIND IN M.P.H.

PRELIMINARY LOCAL CLIMATOLOGICAL DATA (WS FORM: F-6) , PAGE 2

                                          STATION:  CARBONDALE IL
                                          MONTH:    JANUARY
                                          YEAR:     2015
                                          LATITUDE:   37 46 N
                                          LONGITUDE:  89 15 W

[TEMPERATURE DATA]      [PRECIPITATION DATA]       SYMBOLS USED IN COLUMN 16

AVERAGE MONTHLY: 31.2   TOTAL FOR MONTH:   2.37    1 = FOG OR MIST
DPTR FM NORMAL:  -1.8   DPTR FM NORMAL:   -0.13    2 = FOG REDUCING VISIBILITY
HIGHEST:    57 ON 18    GRTST 24HR  1.51 ON  2- 3      TO 1/4 MILE OR LESS
LOWEST:      2 ON  8                               3 = THUNDER
                        SNOW, ICE PELLETS, HAIL    4 = ICE PELLETS
                        TOTAL MONTH:   0.0 INCH    5 = HAIL
                        GRTST 24HR     0.0         6 = FREEZING RAIN OR DRIZZLE
                        GRTST DEPTH:   0           7 = DUSTSTORM OR SANDSTORM:
                                                       VSBY 1/2 MILE OR LESS
                                                   8 = SMOKE OR HAZE
[NO. OF DAYS WITH]      [WEATHER - DAYS WITH]      9 = BLOWING SNOW
                                                   X = TORNADO
MAX 32 OR BELOW:   8    0.01 INCH OR MORE:   7
MAX 90 OR ABOVE:   0    0.10 INCH OR MORE:   5
MIN 32 OR BELOW:  24    0.50 INCH OR MORE:   1
MIN  0 OR BELOW:   0    1.00 INCH OR MORE:   1

[HDD (BASE 65) ]
TOTAL THIS MO.   909    CLEAR  (SCALE 0-3)  11
DPTR FM NORMAL    45    PTCLDY (SCALE 4-7)  10
TOTAL FM JUL 1  2806    CLOUDY (SCALE 8-10)  6
DPTR FM NORMAL   178

[CDD (BASE 65) ]
TOTAL THIS MO.     0
DPTR FM NORMAL     0    [PRESSURE DATA]
TOTAL FM JAN 1     0    HIGHEST SLP M ON M
DPTR FM NORMAL     0    LOWEST  SLP 29.60 ON 25

[REMARKS]




U.S. Dept. of Commerce
NOAA National Weather Service
1325 East West Highway
Silver Spring, MD 20910
E-mail: w-nws.webmaster@noaa.gov
Page last modified: May 16, 2007
NATIONAL WEATHER SERVICE: for Safety, for Work, for Fun - FOR LIFE