876
CXUS53 KPAH 200633
CF6MDH
PRELIMINARY LOCAL CLIMATOLOGICAL DATA (WS FORM: F-6)

                                          STATION:   CARBONDALE IL
                                          MONTH:     AUGUST
                                          YEAR:      2014
                                          LATITUDE:   37 46 N
                                          LONGITUDE:  89 15 W

  TEMPERATURE IN F:       :PCPN:    SNOW:  WIND      :SUNSHINE: SKY     :PK WND
================================================================================
1   2   3   4   5  6A  6B    7    8   9   10  11  12  13   14  15   16   17  18
                                     12Z  AVG MX 2MIN
DY MAX MIN AVG DEP HDD CDD  WTR  SNW DPTH SPD SPD DIR MIN PSBL S-S WX    SPD DR
================================================================================

 1  86  59  73  -5   0   8    T  0.0    0  2.0 15  30   M    M   4 1238   20  30
 2  85  63  74  -4   0   9 0.00  0.0    0  3.4  9  60   M    M   2 1      13  60
 3  87  58  73  -5   0   8 0.00  0.0    0  2.4  9  70   M    M   1 128    13  70
 4  89  57  73  -5   0   8 0.00  0.0    0  1.9  8 110   M    M   2 128    10 150
 5  87  63  75  -3   0  10 0.13  0.0    0  2.9 12 150   M    M   5 138    14 150
 6  90  64  77  -1   0  12    T  0.0    0  2.2  9 110   M    M   3 128    13 350
 7  78  69  74  -4   0   9 0.66  0.0    0  6.3 18 250   M    M   5 138    22 250
 8  85  71  78   0   0  13 1.28  0.0    0  4.3 13  50   M    M   9 13     15  50
 9  83  71  77  -1   0  12 0.01  0.0    0  3.5 10 340   M    M   7 1      14 330
10  86  69  78   1   0  13    T  0.0    0  3.3 10 310   M    M   6 18     13 320
11  84  71  78   1   0  13 0.19  0.0    0  5.5 15 320   M    M   5 138    20 310
12  81  59  70  -7   0   5 0.00  0.0    0  7.0 18 330   M    M   1        23 320
13  81  56  69  -8   0   4 0.00  0.0    0  2.8 12 330   M    M   1 18     20 150
14  84  55  70  -7   0   5 0.00  0.0    0  1.0  9 310   M    M   0 18     12 280
15  85  59  72  -5   0   7    T  0.0    M  3.6 10 240   M    M   1 1      13 240
16  80  69  75  -2   0  10 0.32  0.0    M  5.8 16 188   M    M   5 1      23 270
17  81  72  77   0   0  12 0.45  0.0    0  5.8 17 320   M    M   9 1      23 310
18  84  68  76  -1   0  11 0.00  0.0    M  1.8  8 340   M    M   6 12     10 320
19  86  66  76   0   0  11 0.01  0.0    0  4.4 13 230   M    M   3 123    16 200
================================================================================
SM 1602 1219         0 180  3.05     0.0  69.9          M       75
================================================================================
AV 84.3 64.2                               3.7 FASTST   M    M   4    MAX(MPH)
                                 MISC ---->  # 18 250               # 23  320
================================================================================
NOTES:
# LAST OF SEVERAL OCCURRENCES

COLUMN 17 PEAK WIND IN M.P.H.

PRELIMINARY LOCAL CLIMATOLOGICAL DATA (WS FORM: F-6) , PAGE 2

                                          STATION:  CARBONDALE IL
                                          MONTH:    AUGUST
                                          YEAR:     2014
                                          LATITUDE:   37 46 N
                                          LONGITUDE:  89 15 W

[TEMPERATURE DATA]      [PRECIPITATION DATA]       SYMBOLS USED IN COLUMN 16

AVERAGE MONTHLY: 74.2   TOTAL FOR MONTH:   3.05    1 = FOG OR MIST
DPTR FM NORMAL:  -3.2   DPTR FM NORMAL:    1.31    2 = FOG REDUCING VISIBILITY
HIGHEST:    90 ON  6    GRTST 24HR  1.29 ON  8- 9      TO 1/4 MILE OR LESS
LOWEST:     55 ON 14                               3 = THUNDER
                        SNOW, ICE PELLETS, HAIL    4 = ICE PELLETS
                        TOTAL MONTH:   0.0 INCH    5 = HAIL
                        GRTST 24HR     0.0         6 = FREEZING RAIN OR DRIZZLE
                        GRTST DEPTH:   0           7 = DUSTSTORM OR SANDSTORM:
                                                       VSBY 1/2 MILE OR LESS
                                                   8 = SMOKE OR HAZE
[NO. OF DAYS WITH]      [WEATHER - DAYS WITH]      9 = BLOWING SNOW
                                                   X = TORNADO
MAX 32 OR BELOW:   0    0.01 INCH OR MORE:   8
MAX 90 OR ABOVE:   1    0.10 INCH OR MORE:   6
MIN 32 OR BELOW:   0    0.50 INCH OR MORE:   2
MIN  0 OR BELOW:   0    1.00 INCH OR MORE:   1

[HDD (BASE 65) ]
TOTAL THIS MO.     0    CLEAR  (SCALE 0-3)   7
DPTR FM NORMAL     0    PTCLDY (SCALE 4-7)  10
TOTAL FM JUL 1     0    CLOUDY (SCALE 8-10)  2
DPTR FM NORMAL     0

[CDD (BASE 65) ]
TOTAL THIS MO.   180
DPTR FM NORMAL   -55    [PRESSURE DATA]
TOTAL FM JAN 1   955    HIGHEST SLP M ON M
DPTR FM NORMAL  -120    LOWEST  SLP 29.77 ON 19

[REMARKS]




U.S. Dept. of Commerce
NOAA National Weather Service
1325 East West Highway
Silver Spring, MD 20910
E-mail: w-nws.webmaster@noaa.gov
Page last modified: May 16, 2007
NATIONAL WEATHER SERVICE: for Safety, for Work, for Fun - FOR LIFE