427
CXUS53 KPAH 200635
CF6MDH
PRELIMINARY LOCAL CLIMATOLOGICAL DATA (WS FORM: F-6)

                                          STATION:   CARBONDALE IL
                                          MONTH:     SEPTEMBER
                                          YEAR:      2014
                                          LATITUDE:   37 46 N
                                          LONGITUDE:  89 15 W

  TEMPERATURE IN F:       :PCPN:    SNOW:  WIND      :SUNSHINE: SKY     :PK WND
================================================================================
1   2   3   4   5  6A  6B    7    8   9   10  11  12  13   14  15   16   17  18
                                     12Z  AVG MX 2MIN
DY MAX MIN AVG DEP HDD CDD  WTR  SNW DPTH SPD SPD DIR MIN PSBL S-S WX    SPD DR
================================================================================

 1  83  74  79   5   0  14    T  0.0    0 11.7 26 200   M    M   4        34 200
 2  83  66  75   2   0  10 0.01  0.0    0  4.8 17 220   M    M   4 123    22 210
 3  87  62  75   2   0  10 0.00  0.0    0  2.0  9 130   M    M   4 12     12 130
 4  90  64  77   4   0  12 0.00  0.0    0  6.0 15 180   M    M   2 128    20 200
 5  93  71  82  10   0  17 0.00  0.0    0  6.2 15 330   M    M   1        20 330
 6  75  60  68  -4   0   3    T  0.0    0  5.6 18 330   M    M   5 1      23 330
 7  80  53  67  -5   0   2 0.00  0.0    0  4.4 12  40   M    M   0 1      19  50
 8  83  49  66  -5   0   1 0.00  0.0    0  1.3  9 120   M    M   1 12     10 120
 9  86  56  71   0   0   6 0.00  0.0    0  6.2 16 210   M    M   2        20 200
10  86  72  79   9   0  14 1.91  0.0    0 12.9 25 200   M    M   4 138    33 210
11  73  56  65  -5   0   0 0.05  0.0    0  8.5 17 340   M    M  10 13     21 340
12  61  55  58 -12   7   0 0.00  0.0    0  7.2 18 340   M    M  10 1      23 340
13  66  44  55 -14  10   0 0.00  0.0    0  6.4 17 340   M    M   4        23 350
14  72  43  58 -11   7   0 0.00  0.0    0  0.7  7 330   M    M   0 1      10  50
15  77  49  63  -5   2   0    T  0.0    0  4.6 17 330   M    M   6        24 330
16  63  46  55 -13  10   0 0.00  0.0    0  4.8 12  20   M    M   8 1      16  20
17  71  43  57 -11   8   0    T  0.0    0  3.2 10 150   M    M   6 12     14 160
18  75  53  64  -3   1   0 0.00  0.0    0  3.4 10  80   M    M   5 1      16  30
19  79  48  64  -3   1   0 0.00  0.0    0  1.9 10  90   M    M   0 12     14  90
================================================================================
SM 1483 1064        46  89  1.97     0.0 101.8          M       76
================================================================================
AV 78.1 56.0                               5.4 FASTST   M    M   4    MAX(MPH)
                                 MISC ---->  # 26 200               # 34  200
================================================================================
NOTES:
# LAST OF SEVERAL OCCURRENCES

COLUMN 17 PEAK WIND IN M.P.H.

PRELIMINARY LOCAL CLIMATOLOGICAL DATA (WS FORM: F-6) , PAGE 2

                                          STATION:  CARBONDALE IL
                                          MONTH:    SEPTEMBER
                                          YEAR:     2014
                                          LATITUDE:   37 46 N
                                          LONGITUDE:  89 15 W

[TEMPERATURE DATA]      [PRECIPITATION DATA]       SYMBOLS USED IN COLUMN 16

AVERAGE MONTHLY: 67.0   TOTAL FOR MONTH:   1.97    1 = FOG OR MIST
DPTR FM NORMAL:  -3.3   DPTR FM NORMAL:   -0.16    2 = FOG REDUCING VISIBILITY
HIGHEST:    93 ON  5    GRTST 24HR  1.96 ON 10-11      TO 1/4 MILE OR LESS
LOWEST:     43 ON 17,14                            3 = THUNDER
                        SNOW, ICE PELLETS, HAIL    4 = ICE PELLETS
                        TOTAL MONTH:   0.0 INCH    5 = HAIL
                        GRTST 24HR     0.0         6 = FREEZING RAIN OR DRIZZLE
                        GRTST DEPTH:   0           7 = DUSTSTORM OR SANDSTORM:
                                                       VSBY 1/2 MILE OR LESS
                                                   8 = SMOKE OR HAZE
[NO. OF DAYS WITH]      [WEATHER - DAYS WITH]      9 = BLOWING SNOW
                                                   X = TORNADO
MAX 32 OR BELOW:   0    0.01 INCH OR MORE:   3
MAX 90 OR ABOVE:   2    0.10 INCH OR MORE:   1
MIN 32 OR BELOW:   0    0.50 INCH OR MORE:   1
MIN  0 OR BELOW:   0    1.00 INCH OR MORE:   1

[HDD (BASE 65) ]
TOTAL THIS MO.    46    CLEAR  (SCALE 0-3)   7
DPTR FM NORMAL    36    PTCLDY (SCALE 4-7)  10
TOTAL FM JUL 1    46    CLOUDY (SCALE 8-10)  2
DPTR FM NORMAL    35

[CDD (BASE 65) ]
TOTAL THIS MO.    89
DPTR FM NORMAL   -24    [PRESSURE DATA]
TOTAL FM JAN 1  1234    HIGHEST SLP M ON M
DPTR FM NORMAL   -76    LOWEST  SLP 29.74 ON 10

[REMARKS]




U.S. Dept. of Commerce
NOAA National Weather Service
1325 East West Highway
Silver Spring, MD 20910
E-mail: w-nws.webmaster@noaa.gov
Page last modified: May 16, 2007
NATIONAL WEATHER SERVICE: for Safety, for Work, for Fun - FOR LIFE