359
CXUS54 KMAF 241100
CF6MDD
PRELIMINARY LOCAL CLIMATOLOGICAL DATA (WS FORM: F-6)

                                          STATION:   Midland Airpark
                                          MONTH:     APRIL
                                          YEAR:      2014
                                          LATITUDE:   32  2 N
                                          LONGITUDE: 102  6 W

  TEMPERATURE IN F:       :PCPN:    SNOW:  WIND      :SUNSHINE: SKY     :PK WND
================================================================================
1   2   3   4   5  6A  6B    7    8   9   10  11  12  13   14  15   16   17  18
                                     12Z  AVG MX 2MIN
DY MAX MIN AVG DEP HDD CDD  WTR  SNW DPTH SPD SPD DIR MIN PSBL S-S WX    SPD DR
================================================================================

 1  90  59  75   M   0  10 0.00  0.0    0  7.8 18 220   M    M   0        24 220
 2  89  65  77   M   0  12 0.00  0.0    0 10.7 20 270   M    M   0        29 240
 3  81  53  67   M   0   2 0.00  0.0    0 16.5 30 280   M    M   0 8      41 280
 4  68  38  53   M  12   0 0.00  0.0    0  8.3 15  20   M    M   0        29  20
 5  73  55  64   M   1   0 0.00  0.0    0 16.1 23 140   M    M   1        29 140
 6  71  49  60   M   5   0 0.00  0.0    0  6.2 16 300   M    M   3 3      20 300
 7  69  44  57   M   8   0 0.00  0.0    0 11.0 23 360   M    M   1        37 360
 8  77  42  60   M   5   0 0.00  0.0    0  5.4 10 280   M    M   0        23 250
 9  91  56  74   M   0   9 0.00  0.0    0 10.5 16 250   M    M   0        24 250
10  92  62  77   M   0  12 0.00  0.0    0 10.5 16 190   M    M   0        21 190
11  90  58  74   M   0   9 0.00  0.0    0  6.4 14 200   M    M   0         M  M
12  92  65  79   M   0  14 0.00  0.0    0 12.6 20 250   M    M   1        30 250
13  87  60  74   M   0   9 0.00  0.0    0 14.5 25 260   M    M   1        40 240
14  60  38  49   M  16   0 0.00  0.0    0 18.2 28  50   M    M   2        36  10
15  67  33  50   M  15   0 0.00  0.0    0  8.1 18 210   M    M   0        23 200
16  82  49  66   M   0   1 0.00  0.0    0 15.6 20 160   M    M   0        27 170
17  76  52  64   M   1   0 0.00  0.0    0 10.3 18  70   M    M   1        24  60
18  77  51  64   M   1   0 0.00  0.0    0  8.4 15 140   M    M   5 1      21 130
19  79  58  69   M   0   4 0.22  0.0    0 10.5 21 140   M    M   4 3      29 140
20  82  59  71   M   0   6 0.00  0.0    0  8.2 14 180   M    M   3        17 200
21  89  63  76   M   0  11 0.00  0.0    0  9.5 14  70   M    M   2 1      21  70
22  88  60  74   M   0   9 0.00  0.0    0  8.9 14 130   M    M   0        20 140
23  92  66  79   M   0  14 0.00  0.0    0 13.6 21 200   M    M   0        29 190
================================================================================
SM 1862 1235        64 122  0.22     0.0 247.8          M       24
================================================================================
AV 81.0 53.7                              10.8 FASTST   M    M   1    MAX(MPH)
                                 MISC ---->    30   M                 41    M
================================================================================
NOTES:
# LAST OF SEVERAL OCCURRENCES

COLUMN 17 PEAK WIND IN M.P.H.

PRELIMINARY LOCAL CLIMATOLOGICAL DATA (WS FORM: F-6) , PAGE 2

                                          STATION:  Midland Airpark
                                          MONTH:    APRIL
                                          YEAR:     2014
                                          LATITUDE:   32  2 N
                                          LONGITUDE: 102  6 W

[TEMPERATURE DATA]      [PRECIPITATION DATA]       SYMBOLS USED IN COLUMN 16

AVERAGE MONTHLY: 67.3   TOTAL FOR MONTH:   0.22    1 = FOG OR MIST
DPTR FM NORMAL:     M   DPTR FM NORMAL:       M    2 = FOG REDUCING VISIBILITY
HIGHEST:    92 ON 23,12 GRTST 24HR  0.22 ON 19-19      TO 1/4 MILE OR LESS
LOWEST:     33 ON 15                               3 = THUNDER
                        SNOW, ICE PELLETS, HAIL    4 = ICE PELLETS
                        TOTAL MONTH:   0.0 INCH    5 = HAIL
                        GRTST 24HR     0.0         6 = FREEZING RAIN OR DRIZZLE
                        GRTST DEPTH:   0           7 = DUSTSTORM OR SANDSTORM:
                                                       VSBY 1/2 MILE OR LESS
                                                   8 = SMOKE OR HAZE
[NO. OF DAYS WITH]      [WEATHER - DAYS WITH]      9 = BLOWING SNOW
                                                   X = TORNADO
MAX 32 OR BELOW:   0    0.01 INCH OR MORE:   1
MAX 90 OR ABOVE:   6    0.10 INCH OR MORE:   1
MIN 32 OR BELOW:   0    0.50 INCH OR MORE:   0
MIN  0 OR BELOW:   0    1.00 INCH OR MORE:   0

[HDD (BASE 65) ]
TOTAL THIS MO.    64    CLEAR  (SCALE 0-3)  20
DPTR FM NORMAL     M    PTCLDY (SCALE 4-7)   3
TOTAL FM JUL 1  2361    CLOUDY (SCALE 8-10)  0
DPTR FM NORMAL     M

[CDD (BASE 65) ]
TOTAL THIS MO.   122
DPTR FM NORMAL     M    [PRESSURE DATA]
TOTAL FM JAN 1   162    HIGHEST SLP M ON M
DPTR FM NORMAL     M    LOWEST  SLP M ON M

[REMARKS]




U.S. Dept. of Commerce
NOAA National Weather Service
1325 East West Highway
Silver Spring, MD 20910
E-mail: w-nws.webmaster@noaa.gov
Page last modified: May 16, 2007
NATIONAL WEATHER SERVICE: for Safety, for Work, for Fun - FOR LIFE