494
CXUS53 KDMX 230920
CF6MCW
PRELIMINARY LOCAL CLIMATOLOGICAL DATA (WS FORM: F-6)

                                          STATION:   MASON CITY IA
                                          MONTH:     APRIL
                                          YEAR:      2014
                                          LATITUDE:   43  9 N
                                          LONGITUDE:  93 20 W

  TEMPERATURE IN F:       :PCPN:    SNOW:  WIND      :SUNSHINE: SKY     :PK WND
================================================================================
1   2   3   4   5  6A  6B    7    8   9   10  11  12  13   14  15   16   17  18
                                     12Z  AVG MX 2MIN
DY MAX MIN AVG DEP HDD CDD  WTR  SNW DPTH SPD SPD DIR MIN PSBL S-S WX    SPD DR
================================================================================

 1  41  20  31  -9  34   0    T    M    0 19.2 37 290   M    M   5 1      44 290
 2  47  26  37  -4  28   0 0.02  0.0    0 13.5 22  90   M    M   6 1      28  80
 3  38  32  35  -6  30   0 0.21  0.0    0 15.4 24  90   M    M  10 16     32  80
 4  40  26  33  -9  32   0 0.35  4.0    4 21.3 36 320   M    M   7 126    44 320
 5  51  21  36  -6  29   0 0.00  0.0    0  9.5 17 170   M    M   0 1      22 170
 6  61  31  46   4  19   0 0.06  0.0    0 12.5 24 220   M    M   6 1      30 210
 7  61  38  50   7  15   0 0.04  0.0    0  9.2 30 330   M    M   6 12     37 330
 8  53  31  42  -1  23   0 0.00  0.0    0 14.8 26 320   M    M   3        33 320
 9  72  28  50   6  15   0 0.00  0.0    0 14.6 30 200   M    M   1        39 200
10  62  38  50   6  15   0 0.00  0.0    0 14.4 30 310   M    M   1        37 300
11  70  33  52   7  13   0    T  0.0    0  9.9 26 270   M    M   2        31 260
12  75  46  61  16   4   0 0.03    M    0 15.0 25 210   M    M   5 13     32 200
13  46  31  39  -7  26   0 1.03    M    0 21.3 36 350   M    M  10 1      48 360
14  39  24  32 -14  33   0 0.01  1.0    0 21.1 35 340   M    M   6 1      40 350
15  38  18  28 -18  37   0 0.00  0.0    0 10.4 18 120   M    M   2        23 120
16  59  32  46  -1  19   0    T  0.0    0 19.8 33 180   M    M   7 1      42 180
17  42  25  34 -13  31   0 0.00  0.0    0 13.1 28 320   M    M   6 1      35 310
18  59  22  41  -7  24   0 0.00  0.0    0  9.5 18 120   M    M   3 128    24 140
19  76  38  57   9   8   0 0.00  0.0    0 17.0 29 150   M    M   3 18     37 180
20  71  53  62  13   3   0 2.46  0.0    0  8.0 22 140   M    M   8 13     29 140
21  69  43  56   7   9   0 0.09  0.0    0 12.6 29 320   M    M   6 1      36 320
22  61  32  47  -3  18   0 0.00  0.0    0 11.1 22 360   M    M   0        26  10
================================================================================
SM 1231  688       465   0  4.30     5.0 313.2          M      103
================================================================================
AV 56.0 31.3                              14.2 FASTST   M    M   5    MAX(MPH)
                                 MISC ---->  # 37 290               # 48  360
================================================================================
NOTES:
# LAST OF SEVERAL OCCURRENCES

COLUMN 17 PEAK WIND IN M.P.H.

PRELIMINARY LOCAL CLIMATOLOGICAL DATA (WS FORM: F-6) , PAGE 2

                                          STATION:  MASON CITY IA
                                          MONTH:    APRIL
                                          YEAR:     2014
                                          LATITUDE:   43  9 N
                                          LONGITUDE:  93 20 W

[TEMPERATURE DATA]      [PRECIPITATION DATA]       SYMBOLS USED IN COLUMN 16

AVERAGE MONTHLY: 43.6   TOTAL FOR MONTH:   4.30    1 = FOG OR MIST
DPTR FM NORMAL:  -1.3   DPTR FM NORMAL:    1.66    2 = FOG REDUCING VISIBILITY
HIGHEST:    76 ON 19    GRTST 24HR  2.50 ON 20-21      TO 1/4 MILE OR LESS
LOWEST:     18 ON 15                               3 = THUNDER
                        SNOW, ICE PELLETS, HAIL    4 = ICE PELLETS
                        TOTAL MONTH:   5.0 INCHES  5 = HAIL
                        GRTST 24HR   4.0 ON  4- 4  6 = FREEZING RAIN OR DRIZZLE
                        GRTST DEPTH:   4 ON  4     7 = DUSTSTORM OR SANDSTORM:
                                                       VSBY 1/2 MILE OR LESS
                                                   8 = SMOKE OR HAZE
[NO. OF DAYS WITH]      [WEATHER - DAYS WITH]      9 = BLOWING SNOW
                                                   X = TORNADO
MAX 32 OR BELOW:   0    0.01 INCH OR MORE:  10
MAX 90 OR ABOVE:   0    0.10 INCH OR MORE:   4
MIN 32 OR BELOW:  15    0.50 INCH OR MORE:   2
MIN  0 OR BELOW:   0    1.00 INCH OR MORE:   2

[HDD (BASE 65) ]
TOTAL THIS MO.   465    CLEAR  (SCALE 0-3)   9
DPTR FM NORMAL    20    PTCLDY (SCALE 4-7)  10
TOTAL FM JUL 1  8205    CLOUDY (SCALE 8-10)  3
DPTR FM NORMAL   915

[CDD (BASE 65) ]
TOTAL THIS MO.     0
DPTR FM NORMAL     0    [PRESSURE DATA]
TOTAL FM JAN 1     0    HIGHEST SLP M ON M
DPTR FM NORMAL     0    LOWEST  SLP 29.48 ON 12

[REMARKS]




U.S. Dept. of Commerce
NOAA National Weather Service
1325 East West Highway
Silver Spring, MD 20910
E-mail: w-nws.webmaster@noaa.gov
Page last modified: May 16, 2007
NATIONAL WEATHER SERVICE: for Safety, for Work, for Fun - FOR LIFE