109
CXUS53 KDMX 010920
CF6MCW
PRELIMINARY LOCAL CLIMATOLOGICAL DATA (WS FORM: F-6)

                                          STATION:   MASON CITY IA
                                          MONTH:     JULY
                                          YEAR:      2014
                                          LATITUDE:   43  9 N
                                          LONGITUDE:  93 20 W

  TEMPERATURE IN F:       :PCPN:    SNOW:  WIND      :SUNSHINE: SKY     :PK WND
================================================================================
1   2   3   4   5  6A  6B    7    8   9   10  11  12  13   14  15   16   17  18
                                     12Z  AVG MX 2MIN
DY MAX MIN AVG DEP HDD CDD  WTR  SNW DPTH SPD SPD DIR MIN PSBL S-S WX    SPD DR
================================================================================

 1  75  55  65  -7   0   0 0.02  0.0    0 17.1 31 290   M    M   5 1      40 300
 2  71  51  61 -11   4   0    T  0.0    0 11.2 20  10   M    M   7 1      25 330
 3  76  48  62 -10   3   0 0.00  0.0    0  4.6 14 350   M    M   2 18     16 340
 4  78  48  63  -9   2   0 0.03  0.0    0  8.7 18 160   M    M   1        22 160
 5  77  61  69  -3   0   4 0.07  0.0    0 12.3 23 160   M    M   8 1      27 160
 6  89  66  78   6   0  13 0.00  0.0    0  9.8 21 290   M    M   6 128    24 290
 7  83  61  72   0   0   7    T  0.0    0  9.7 21 300   M    M   1        29 320
 8  80  57  69  -3   0   4 0.00  0.0    0 15.2 25 310   M    M   2        32 310
 9  80  52  66  -6   0   1 0.00  0.0    0  6.5 15 260   M    M   2 1      20 290
10  83  56  70  -2   0   5 0.00  0.0    0 10.1 21 180   M    M   1 18     27 180
11  81  64  73   1   0   8 0.01  0.0    0 10.9 21 170   M    M   4 1      27 140
12  78  59  69  -3   0   4 0.27  0.0    0  5.7 17 320   M    M   5 12     21 320
13  82  58  70  -2   0   5 0.00  0.0    0  9.2 21 290   M    M   2 12     25 290
14  70  52  61 -11   4   0 0.00  0.0    0 16.1 31 330   M    M   4        38 320
15  71  50  61 -11   4   0 0.00  0.0    0 11.2 23 340   M    M   4        30 340
16  76  48  62 -10   3   0 0.00  0.0    0  4.1 10 320   M    M   4        13 330
17  78  49  64  -8   1   0 0.00  0.0    0  5.1 13 210   M    M   2 18     19 200
18  79  54  67  -5   0   2 0.00  0.0    0  8.8 18 180   M    M   6 1      23 190
19  81  57  69  -3   0   4 0.00  0.0    0 10.2 20 180   M    M   4 1      27 180
20  84  68  76   4   0  11 0.00  0.0    0 12.4 24 170   M    M   5        29 150
21  88  69  79   7   0  14 0.00  0.0    0 11.7 25 170   M    M   5        33 170
22  87  61  74   2   0   9 0.00  0.0    0 11.4 22 340   M    M   0 18     27 350
23  81  56  69  -3   0   4 0.00  0.0    0  4.8 10 350   M    M   1        14 100
24  81  51  66  -6   0   1 0.01  0.0    0  6.6 22 170   M    M   2 1      26 210
25  81  63  72   0   0   7 0.49  0.0    0 11.9 32 150   M    M   7 1      40 160
26  83  68  76   5   0  11    T  0.0    0  4.3 15 350   M    M   4 12     20 310
27  74  60  67  -4   0   2 0.00  0.0    0 16.0 28 320   M    M   5        36 300
28  77  54  66  -5   0   1 0.00  0.0    0  7.9 15 340   M    M   7        20 340
29  78  52  65  -6   0   0 0.00  0.0    0  7.8 15 300   M    M   1        20 310
30  80  52  66  -5   0   1 0.00  0.0    0  6.4 13 280   M    M   1        17 280
31  82  52  67  -4   0   2 0.00  0.0    0  4.9 15 260   M    M   2        19 280
================================================================================
SM 2464 1752        21 120  0.90     0.0 292.6          M      110
================================================================================
AV 79.5 56.5                               9.4 FASTST   M    M   4    MAX(MPH)
                                 MISC ---->  # 32 150               # 40  300
================================================================================
NOTES:
# LAST OF SEVERAL OCCURRENCES

COLUMN 17 PEAK WIND IN M.P.H.

PRELIMINARY LOCAL CLIMATOLOGICAL DATA (WS FORM: F-6) , PAGE 2

                                          STATION:  MASON CITY IA
                                          MONTH:    JULY
                                          YEAR:     2014
                                          LATITUDE:   43  9 N
                                          LONGITUDE:  93 20 W

[TEMPERATURE DATA]      [PRECIPITATION DATA]       SYMBOLS USED IN COLUMN 16

AVERAGE MONTHLY: 68.0   TOTAL FOR MONTH:   0.90    1 = FOG OR MIST
DPTR FM NORMAL:  -3.8   DPTR FM NORMAL:   -3.80    2 = FOG REDUCING VISIBILITY
HIGHEST:    89 ON  6    GRTST 24HR  0.50 ON 24-25      TO 1/4 MILE OR LESS
LOWEST:     48 ON 16, 4                            3 = THUNDER
                        SNOW, ICE PELLETS, HAIL    4 = ICE PELLETS
                        TOTAL MONTH:   0.0 INCH    5 = HAIL
                        GRTST 24HR     0.0         6 = FREEZING RAIN OR DRIZZLE
                        GRTST DEPTH:   0           7 = DUSTSTORM OR SANDSTORM:
                                                       VSBY 1/2 MILE OR LESS
                                                   8 = SMOKE OR HAZE
[NO. OF DAYS WITH]      [WEATHER - DAYS WITH]      9 = BLOWING SNOW
                                                   X = TORNADO
MAX 32 OR BELOW:   0    0.01 INCH OR MORE:   7
MAX 90 OR ABOVE:   0    0.10 INCH OR MORE:   2
MIN 32 OR BELOW:   0    0.50 INCH OR MORE:   0
MIN  0 OR BELOW:   0    1.00 INCH OR MORE:   0

[HDD (BASE 65) ]
TOTAL THIS MO.    21    CLEAR  (SCALE 0-3)  14
DPTR FM NORMAL    12    PTCLDY (SCALE 4-7)  17
TOTAL FM JUL 1    21    CLOUDY (SCALE 8-10)  0
DPTR FM NORMAL    12

[CDD (BASE 65) ]
TOTAL THIS MO.   120
DPTR FM NORMAL  -101    [PRESSURE DATA]
TOTAL FM JAN 1   309    HIGHEST SLP 30.30 ON  4
DPTR FM NORMAL   -85    LOWEST  SLP 29.65 ON  1

[REMARKS]
#FINAL-07-14#




U.S. Dept. of Commerce
NOAA National Weather Service
1325 East West Highway
Silver Spring, MD 20910
E-mail: w-nws.webmaster@noaa.gov
Page last modified: May 16, 2007
NATIONAL WEATHER SERVICE: for Safety, for Work, for Fun - FOR LIFE