402
CXUS53 KDMX 280920
CF6MCW
PRELIMINARY LOCAL CLIMATOLOGICAL DATA (WS FORM: F-6)

                                          STATION:   MASON CITY IA
                                          MONTH:     NOVEMBER
                                          YEAR:      2014
                                          LATITUDE:   43  9 N
                                          LONGITUDE:  93 20 W

  TEMPERATURE IN F:       :PCPN:    SNOW:  WIND      :SUNSHINE: SKY     :PK WND
================================================================================
1   2   3   4   5  6A  6B    7    8   9   10  11  12  13   14  15   16   17  18
                                     12Z  AVG MX 2MIN
DY MAX MIN AVG DEP HDD CDD  WTR  SNW DPTH SPD SPD DIR MIN PSBL S-S WX    SPD DR
================================================================================

 1  44  15  30 -12  35   0 0.00  0.0    0 11.2 23 160   M    M   0        26 160
 2  58  31  45   4  20   0 0.00  0.0    0 17.0 29 180   M    M   0        36 170
 3  58  38  48   7  17   0 0.05  0.0    0 11.7 23 210   M    M   5 1      30 200
 4  57  28  43   3  22   0 0.00  0.0    0 14.0 29 280   M    M   2        35 290
 5  50  27  39  -1  26   0    T  0.0    0 11.0 30 320   M    M   7 1      37 300
 6  44  21  33  -6  32   0    T  0.0    0 15.7 31 330   M    M   5 1      39 340
 7  53  22  38  -1  27   0    T  0.0    0 15.2 38 320   M    M   3        46 320
 8  44  33  39   1  26   0 0.00  0.0    0 19.4 38 330   M    M   6        49 320
 9  49  34  42   4  23   0    T  0.0    0  9.0 15 360   M    M   6        20 340
10  56  26  41   4  24   0 0.01    T    0 16.4 28 340   M    M   6 168    36 330
11  26  18  22 -14  43   0 0.10  1.0    1 22.1 30 330   M    M   9 19     37 320
12  22  15  19 -17  46   0    T  0.2    1 14.5 22 300   M    M  10 1      27 300
13  22  11  17 -18  48   0    T    T    T 16.5 24 320   M    M   9 1      28 320
14  21   6  14 -21  51   0    T    T    T  6.8 15 300   M    M   3        18 300
15  23   5  14 -20  51   0 0.18  1.9    0  7.2 12 160   M    M   9 1      14 140
16  22   5  14 -19  51   0 0.05  0.6    3 12.6 21 240   M    M   5 1      26 240
17  12   4   8 -25  57   0    T  0.1    3 21.3 31 290   M    M   4 189    37 300
18  19   3  11 -21  54   0    T    T    3 14.3 18 250   M    M   7         M  M
19  25  14  20 -12  45   0    T    T    3 19.2 33 310   M    M   7 19     42 310
20  20  -2   9 -22  56   0 0.00  0.0    3  9.8 18 300   M    M   0        22 320
21  33  -3  15 -15  50   0 0.00  0.0    3 14.3 24 170   M    M   2        29 170
22  51  33  42  12  23   0 0.00  0.0    2 11.6 22 210   M    M   9 12     28 200
23  52  31  42  13  23   0 0.01    T    0 15.9 32 320   M    M  10 12     41 320
24  31  14  23  -6  42   0 0.15  1.7    1 26.0 36 300   M    M  10 1      44 300
25  29   7  18 -10  47   0 0.00  0.0    1  9.9 20 320   M    M   3        24 320
26  29  13  21  -7  44   0    M  2.5    1 13.5 23 320   M    M  10 128    26 320
27  12  -9   2 -25  63   0    T  0.0    3 10.3 22 320   M    M   3        25 320
================================================================================
SM  962  440      1046   0  0.55     8.0 386.4          M      150
================================================================================
AV 35.6 16.3                              14.3 FASTST   M    M   6    MAX(MPH)
                                 MISC ---->  # 38 320               # 49  320
================================================================================
NOTES:
# LAST OF SEVERAL OCCURRENCES

COLUMN 17 PEAK WIND IN M.P.H.

PRELIMINARY LOCAL CLIMATOLOGICAL DATA (WS FORM: F-6) , PAGE 2

                                          STATION:  MASON CITY IA
                                          MONTH:    NOVEMBER
                                          YEAR:     2014
                                          LATITUDE:   43  9 N
                                          LONGITUDE:  93 20 W

[TEMPERATURE DATA]      [PRECIPITATION DATA]       SYMBOLS USED IN COLUMN 16

AVERAGE MONTHLY: 26.0   TOTAL FOR MONTH:   0.55    1 = FOG OR MIST
DPTR FM NORMAL:  -8.6   DPTR FM NORMAL:   -1.17    2 = FOG REDUCING VISIBILITY
HIGHEST:    58 ON  3, 2 GRTST 24HR  0.18 ON 15-15      TO 1/4 MILE OR LESS
LOWEST:     -9 ON 27                               3 = THUNDER
                        SNOW, ICE PELLETS, HAIL    4 = ICE PELLETS
                        TOTAL MONTH:   8.0 INCHES  5 = HAIL
                        GRTST 24HR   2.5 ON 26-26  6 = FREEZING RAIN OR DRIZZLE
                        GRTST DEPTH:   3 ON 27,21  7 = DUSTSTORM OR SANDSTORM:
                                                       VSBY 1/2 MILE OR LESS
                                                   8 = SMOKE OR HAZE
[NO. OF DAYS WITH]      [WEATHER - DAYS WITH]      9 = BLOWING SNOW
                                                   X = TORNADO
MAX 32 OR BELOW:  14    0.01 INCH OR MORE:   7
MAX 90 OR ABOVE:   0    0.10 INCH OR MORE:   3
MIN 32 OR BELOW:  23    0.50 INCH OR MORE:   0
MIN  0 OR BELOW:   3    1.00 INCH OR MORE:   0

[HDD (BASE 65) ]
TOTAL THIS MO.  1046    CLEAR  (SCALE 0-3)   7
DPTR FM NORMAL   222    PTCLDY (SCALE 4-7)  12
TOTAL FM JUL 1  1771    CLOUDY (SCALE 8-10)  8
DPTR FM NORMAL   209

[CDD (BASE 65) ]
TOTAL THIS MO.     0
DPTR FM NORMAL     0    [PRESSURE DATA]
TOTAL FM JAN 1   544    HIGHEST SLP M ON M
DPTR FM NORMAL   -72    LOWEST  SLP 29.34 ON 23

[REMARKS]




U.S. Dept. of Commerce
NOAA National Weather Service
1325 East West Highway
Silver Spring, MD 20910
E-mail: w-nws.webmaster@noaa.gov
Page last modified: May 16, 2007
NATIONAL WEATHER SERVICE: for Safety, for Work, for Fun - FOR LIFE