239
CXUS52 KMLB 231220
CF6MCO
PRELIMINARY LOCAL CLIMATOLOGICAL DATA (WS FORM: F-6)

                                          STATION:   ORLANDO INTL
                                          MONTH:     APRIL
                                          YEAR:      2014
                                          LATITUDE:   28 25 N
                                          LONGITUDE:  81 19 W

  TEMPERATURE IN F:       :PCPN:    SNOW:  WIND      :SUNSHINE: SKY     :PK WND
================================================================================
1   2   3   4   5  6A  6B    7    8   9   10  11  12  13   14  15   16   17  18
                                     12Z  AVG MX 2MIN
DY MAX MIN AVG DEP HDD CDD  WTR  SNW DPTH SPD SPD DIR MIN PSBL S-S WX    SPD DR
================================================================================

 1  84  49  67  -2   0   2 0.00  0.0    0  3.1 12 110   M    M   1 1      16 120
 2  85  55  70   1   0   5 0.00  0.0    0  5.5 16 100   M    M   1 1      20 100
 3  86  58  72   3   0   7 0.00  0.0    0  6.7 14 110   M    M   5 1      19 140
 4  86  63  75   6   0  10 0.00  0.0    0  6.2 18 160   M    M   5 1      22 190
 5  86  63  75   5   0  10 0.00  0.0    0  4.2 13 120   M    M   6        16 110
 6  87  67  77   7   0  12 0.00  0.0    0  6.9 16 210   M    M   8        20 190
 7  91  69  80  10   0  15 0.01  0.0    0 12.7 23 230   M    M   7        28 230
 8  80  63  72   2   0   7 0.91  0.0    0 12.8 24 240   M    M   9 12     30 190
 9  75  58  67  -3   0   2    T  0.0    0  8.8 20 300   M    M   4        26 270
10  81  56  69  -1   0   4 0.00  0.0    0  5.6 16 100   M    M   3        20 110
11  81  57  69  -1   0   4    T  0.0    0  7.2 18 100   M    M   5        23 100
12  84  64  74   3   0   9 0.00  0.0    0  8.6 17  60   M    M   5        23  50
13  84  67  76   5   0  11    T  0.0    0 10.8 18 100   M    M   6        24 110
14  89  65  77   6   0  12 0.00  0.0    0  6.9 16 180   M    M   6        20 160
15  89  65  77   6   0  12 1.38  0.0    0 11.4 28 260   M    M   7 138    35 250
16  77  52  65  -6   0   0 0.00  0.0    0 13.7 22  30   M    M   6        31  40
17  77  62  70  -1   0   5    T  0.0    0 13.4 24  50   M    M   8        30  80
18  82  67  75   3   0  10 0.05  0.0    0  8.3 29 250   M    M  10 1      36 240
19  79  65  72   0   0   7 0.00  0.0    0 11.2 21 240   M    M   7        25 280
20  73  61  67  -5   0   2    T  0.0    0 10.5 17 350   M    M  10        21 360
21  75  61  68  -4   0   3 0.00  0.0    0 10.7 20 360   M    M   7        24 350
22  82  57  70  -2   0   5 0.00  0.0    0  6.0 15 280   M    M   4        19 270
================================================================================
SM 1813 1344         0 154  2.35     0.0 191.2          M      130
================================================================================
AV 82.4 61.1                               8.7 FASTST   M    M   6    MAX(MPH)
                                 MISC ---->  # 29 250               # 36  240
================================================================================
NOTES:
# LAST OF SEVERAL OCCURRENCES

COLUMN 17 PEAK WIND IN M.P.H.

PRELIMINARY LOCAL CLIMATOLOGICAL DATA (WS FORM: F-6) , PAGE 2

                                          STATION:  ORLANDO INTL
                                          MONTH:    APRIL
                                          YEAR:     2014
                                          LATITUDE:   28 25 N
                                          LONGITUDE:  81 19 W

[TEMPERATURE DATA]      [PRECIPITATION DATA]       SYMBOLS USED IN COLUMN 16

AVERAGE MONTHLY: 71.8   TOTAL FOR MONTH:   2.35    1 = FOG OR MIST
DPTR FM NORMAL:   1.2   DPTR FM NORMAL:    0.27    2 = FOG REDUCING VISIBILITY
HIGHEST:    91 ON  7    GRTST 24HR  1.38 ON 15-15      TO 1/4 MILE OR LESS
LOWEST:     49 ON  1                               3 = THUNDER
                        SNOW, ICE PELLETS, HAIL    4 = ICE PELLETS
                        TOTAL MONTH:   0.0 INCH    5 = HAIL
                        GRTST 24HR     0.0         6 = FREEZING RAIN OR DRIZZLE
                        GRTST DEPTH:   0           7 = DUSTSTORM OR SANDSTORM:
                                                       VSBY 1/2 MILE OR LESS
                                                   8 = SMOKE OR HAZE
[NO. OF DAYS WITH]      [WEATHER - DAYS WITH]      9 = BLOWING SNOW
                                                   X = TORNADO
MAX 32 OR BELOW:   0    0.01 INCH OR MORE:   4
MAX 90 OR ABOVE:   1    0.10 INCH OR MORE:   2
MIN 32 OR BELOW:   0    0.50 INCH OR MORE:   2
MIN  0 OR BELOW:   0    1.00 INCH OR MORE:   1

[HDD (BASE 65) ]
TOTAL THIS MO.     0    CLEAR  (SCALE 0-3)   3
DPTR FM NORMAL   -11    PTCLDY (SCALE 4-7)  16
TOTAL FM JUL 1   406    CLOUDY (SCALE 8-10)  3
DPTR FM NORMAL  -163

[CDD (BASE 65) ]
TOTAL THIS MO.   154
DPTR FM NORMAL    21    [PRESSURE DATA]
TOTAL FM JAN 1   411    HIGHEST SLP M ON M
DPTR FM NORMAL    56    LOWEST  SLP 29.69 ON  8

[REMARKS]




U.S. Dept. of Commerce
NOAA National Weather Service
1325 East West Highway
Silver Spring, MD 20910
E-mail: w-nws.webmaster@noaa.gov
Page last modified: May 16, 2007
NATIONAL WEATHER SERVICE: for Safety, for Work, for Fun - FOR LIFE