974
CXUS52 KMLB 011107
CF6MCO
PRELIMINARY LOCAL CLIMATOLOGICAL DATA (WS FORM: F-6)

                                          STATION:   ORLANDO INTL
                                          MONTH:     JULY
                                          YEAR:      2014
                                          LATITUDE:   28 25 N
                                          LONGITUDE:  81 19 W

  TEMPERATURE IN F:       :PCPN:    SNOW:  WIND      :SUNSHINE: SKY     :PK WND
================================================================================
1   2   3   4   5  6A  6B    7    8   9   10  11  12  13   14  15   16   17  18
                                     12Z  AVG MX 2MIN
DY MAX MIN AVG DEP HDD CDD  WTR  SNW DPTH SPD SPD DIR MIN PSBL S-S WX    SPD DR
================================================================================

 1  93  76  85   3   0  20    T  0.0    0 12.8 28  50   M    M   6        36  60
 2  90  77  84   2   0  19 0.09  0.0    0  9.6 24 360   M    M   7 3      29 360
 3  94  76  85   3   0  20 0.34  0.0    0  9.0 25 250   M    M   8 13     31 250
 4  90  75  83   1   0  18 0.03  0.0    0  7.0 23 210   M    M   7 3      27 220
 5  92  73  83   1   0  18 0.74  0.0    0  5.4 28 220   M    M   7 13     36 220
 6  90  73  82   0   0  17 1.96  0.0    0  5.4 24 270   M    M   8 13     31 270
 7  87  71  79  -3   0  14 0.00  0.0    0  4.6 16 190   M    M   7 3      20 190
 8  93  73  83   1   0  18 2.30  0.0    0  3.6 12  90   M    M   6 13     36 170
 9  91  71  81  -1   0  16 0.01  0.0    0  4.2 21 290   M    M   5 13     26 290
10  92  73  83   1   0  18 0.26  0.0    0  4.6 26 120   M    M   6 13     32 130
11  89  74  82  -1   0  17    T  0.0    0  4.6 17  80   M    M   7 38     19  80
12  92  75  84   1   0  19 0.09  0.0    0  5.2 22 130   M    M   8 13     30 130
13  92  74  83   0   0  18 0.00  0.0    0  3.4 25  20   M    M   8 3      30  20
14  92  74  83   0   0  18 0.26  0.0    0  4.5 14 270   M    M   6 13     24 270
15  91  73  82  -1   0  17 0.13  0.0    0  5.9 25 280   M    M   7 13     33 280
16  86  73  80  -3   0  15 0.58  0.0    0  7.5 31 280   M    M   8 13     40 290
17  91  76  84   1   0  19 0.00  0.0    0  6.8 17 290   M    M   7 3      23 300
18  93  74  84   1   0  19 0.00  0.0    0  4.3 16  80   M    M   4        18  80
19  94  74  84   1   0  19 0.00  0.0    0  3.3 13 100   M    M   7 1      15 100
20  92  77  85   2   0  20    T  0.0    0  5.0 18 260   M    M   8 3      23 270
21  94  73  84   1   0  19 1.02  0.0    0  3.3 18  80   M    M   8 13     22  80
22  94  74  84   1   0  19 0.27  0.0    0  4.5 18  80   M    M   5 13     23 100
23  93  73  83   0   0  18 0.24  0.0    0  3.2 26 170   M    M   6 13     31 170
24  93  76  85   2   0  20    T  0.0    0  4.3 18 260   M    M   4 13     24 250
25  92  75  84   1   0  19 0.01  0.0    0  3.9 18 260   M    M   5 3      25 260
26  94  75  85   2   0  20    T  0.0    0  5.5 22 300   M    M   6 3      26 300
27  92  76  84   1   0  19 0.00  0.0    0  7.4 20 310   M    M   6 3      26 310
28  93  77  85   2   0  20    T  0.0    0  9.2 24 270   M    M   6 3      32 260
29  92  75  84   1   0  19 0.46  0.0    0  8.8 33 260   M    M   5 13     41 270
30  93  74  84   1   0  19 0.00  0.0    0  5.1 13 340   M    M   3 1      23 350
31  93  75  84   1   0  19 0.00  0.0    0  4.6 14 150   M    M   5 8      17 160
================================================================================
SM 2847 2305         0 570  8.79     0.0 176.5          M      196
================================================================================
AV 91.8 74.4                               5.7 FASTST   M    M   6    MAX(MPH)
                                 MISC ---->  # 33 260               # 41  270
================================================================================
NOTES:
# LAST OF SEVERAL OCCURRENCES

COLUMN 17 PEAK WIND IN M.P.H.

PRELIMINARY LOCAL CLIMATOLOGICAL DATA (WS FORM: F-6) , PAGE 2

                                          STATION:  ORLANDO INTL
                                          MONTH:    JULY
                                          YEAR:     2014
                                          LATITUDE:   28 25 N
                                          LONGITUDE:  81 19 W

[TEMPERATURE DATA]      [PRECIPITATION DATA]       SYMBOLS USED IN COLUMN 16

AVERAGE MONTHLY: 83.1   TOTAL FOR MONTH:   8.79    1 = FOG OR MIST
DPTR FM NORMAL:   0.4   DPTR FM NORMAL:    1.52    2 = FOG REDUCING VISIBILITY
HIGHEST:    94 ON 26,22 GRTST 24HR  2.60 ON  5- 6      TO 1/4 MILE OR LESS
LOWEST:     71 ON  9, 7                            3 = THUNDER
                        SNOW, ICE PELLETS, HAIL    4 = ICE PELLETS
                        TOTAL MONTH:   0.0 INCH    5 = HAIL
                        GRTST 24HR     0.0         6 = FREEZING RAIN OR DRIZZLE
                        GRTST DEPTH:   0           7 = DUSTSTORM OR SANDSTORM:
                                                       VSBY 1/2 MILE OR LESS
                                                   8 = SMOKE OR HAZE
[NO. OF DAYS WITH]      [WEATHER - DAYS WITH]      9 = BLOWING SNOW
                                                   X = TORNADO
MAX 32 OR BELOW:   0    0.01 INCH OR MORE:  17
MAX 90 OR ABOVE:  28    0.10 INCH OR MORE:  12
MIN 32 OR BELOW:   0    0.50 INCH OR MORE:   5
MIN  0 OR BELOW:   0    1.00 INCH OR MORE:   3

[HDD (BASE 65) ]
TOTAL THIS MO.     0    CLEAR  (SCALE 0-3)   0
DPTR FM NORMAL     0    PTCLDY (SCALE 4-7)  31
TOTAL FM JUL 1     0    CLOUDY (SCALE 8-10)  0
DPTR FM NORMAL     0

[CDD (BASE 65) ]
TOTAL THIS MO.   570
DPTR FM NORMAL    21    [PRESSURE DATA]
TOTAL FM JAN 1  2007    HIGHEST SLP 30.16 ON 11
DPTR FM NORMAL   167    LOWEST  SLP 29.86 ON  2

[REMARKS]
#FINAL-07-14#




U.S. Dept. of Commerce
NOAA National Weather Service
1325 East West Highway
Silver Spring, MD 20910
E-mail: w-nws.webmaster@noaa.gov
Page last modified: May 16, 2007
NATIONAL WEATHER SERVICE: for Safety, for Work, for Fun - FOR LIFE