250
CXUS52 KMLB 301115
CF6MCO
PRELIMINARY LOCAL CLIMATOLOGICAL DATA (WS FORM: F-6)

                                          STATION:   ORLANDO INTL
                                          MONTH:     AUGUST
                                          YEAR:      2014
                                          LATITUDE:   28 25 N
                                          LONGITUDE:  81 19 W

  TEMPERATURE IN F:       :PCPN:    SNOW:  WIND      :SUNSHINE: SKY     :PK WND
================================================================================
1   2   3   4   5  6A  6B    7    8   9   10  11  12  13   14  15   16   17  18
                                     12Z  AVG MX 2MIN
DY MAX MIN AVG DEP HDD CDD  WTR  SNW DPTH SPD SPD DIR MIN PSBL S-S WX    SPD DR
================================================================================

 1  93  75  84   1   0  19 0.03  0.0    0  4.0 15 100   M    M   6        20 110
 2  94  76  85   2   0  20 0.00  0.0    0  5.0 22  80   M    M   8        26  80
 3  96  74  85   2   0  20 2.25  0.0    0  5.5 28 340   M    M   8 13     33  20
 4  90  74  82  -1   0  17 0.13  0.0    0  4.5 23 130   M    M   9 13     29 130
 5  91  74  83   0   0  18 0.00  0.0    0  5.8 13 280   M    M   6 3      18  80
 6  95  74  85   2   0  20 1.84  0.0    0  4.3 31 340   M    M   5 13     40 360
 7  92  74  83   0   0  18 0.98  0.0    0  3.2 24 170   M    M   6 13     29 160
 8  95  74  85   2   0  20    T  0.0    0  4.1 23 120   M    M   5 3      30 120
 9  93  74  84   1   0  19    T  0.0    0  4.9 23 280   M    M   6 3      29 280
10  91  75  83   0   0  18    T  0.0    0  5.8 29 290   M    M   5 3      38 300
11  89  74  82  -1   0  17 0.18  0.0    0  7.3 29 260   M    M   8 13     40 240
12  91  73  82  -1   0  17 0.46  0.0    0  6.7 33 230   M    M   5 138    40 230
13  93  74  84   1   0  19 0.00  0.0    0  7.9 17 210   M    M   5 3      21 210
14  93  75  84   1   0  19 0.02  0.0    0  5.9 18 260   M    M   6 13     23 270
15  89  74  82  -1   0  17    T  0.0    0  5.7 17 280   M    M   8 3      22 280
16  91  73  82  -1   0  17 0.01  0.0    0  5.1 21 280   M    M   8 3      27 280
17  93  73  83   0   0  18 0.62  0.0    0  4.4 31 200   M    M   5 13     36 210
18  94  75  85   2   0  20    T  0.0    0  4.6 17 280   M    M   3 8      22 280
19  96  75  86   3   0  21    T  0.0    0  5.4 13 330   M    M   3        16 290
20  96  75  86   3   0  21    T  0.0    0  4.8 14 100   M    M   4 3      16 110
21  97  76  87   4   0  22    T  0.0    0  3.0 24 120   M    M   5 3      30 110
22  97  75  86   3   0  21    T  0.0    0  2.7 21  50   M    M   4 3      27  50
23  96  73  85   2   0  20 0.04  0.0    0  2.9 20 250   M    M   4 3      23 250
24  98  74  86   3   0  21 0.00  0.0    0  7.8 26  50   M    M   4 3      33  50
25  91  77  84   1   0  19 0.07  0.0    0 14.6 25  60   M    M   5 1      32  40
26  92  75  84   1   0  19    T  0.0    0 12.6 24  60   M    M   3        29  50
27  92  75  84   1   0  19    T  0.0    0  8.6 17  60   M    M   5        25  70
28  94  74  84   2   0  19 0.00  0.0    0  5.5 17 100   M    M   3        23 100
29  91  74  83   1   0  18 0.33  0.0    0  6.5 18 190   M    M   6 13     23 190
================================================================================
SM 2703 2158         0 553  6.96     0.0 169.1          M      158
================================================================================
AV 93.2 74.4                               5.8 FASTST   M    M   5    MAX(MPH)
                                 MISC ---->  # 33 230               # 40  360
================================================================================
NOTES:
# LAST OF SEVERAL OCCURRENCES

COLUMN 17 PEAK WIND IN M.P.H.

PRELIMINARY LOCAL CLIMATOLOGICAL DATA (WS FORM: F-6) , PAGE 2

                                          STATION:  ORLANDO INTL
                                          MONTH:    AUGUST
                                          YEAR:     2014
                                          LATITUDE:   28 25 N
                                          LONGITUDE:  81 19 W

[TEMPERATURE DATA]      [PRECIPITATION DATA]       SYMBOLS USED IN COLUMN 16

AVERAGE MONTHLY: 83.8   TOTAL FOR MONTH:   6.96    1 = FOG OR MIST
DPTR FM NORMAL:   0.9   DPTR FM NORMAL:    0.27    2 = FOG REDUCING VISIBILITY
HIGHEST:    98 ON 24    GRTST 24HR  2.80 ON  6- 7      TO 1/4 MILE OR LESS
LOWEST:     73 ON 23,17                            3 = THUNDER
                        SNOW, ICE PELLETS, HAIL    4 = ICE PELLETS
                        TOTAL MONTH:   0.0 INCH    5 = HAIL
                        GRTST 24HR     0.0         6 = FREEZING RAIN OR DRIZZLE
                        GRTST DEPTH:   0           7 = DUSTSTORM OR SANDSTORM:
                                                       VSBY 1/2 MILE OR LESS
                                                   8 = SMOKE OR HAZE
[NO. OF DAYS WITH]      [WEATHER - DAYS WITH]      9 = BLOWING SNOW
                                                   X = TORNADO
MAX 32 OR BELOW:   0    0.01 INCH OR MORE:  13
MAX 90 OR ABOVE:  27    0.10 INCH OR MORE:   8
MIN 32 OR BELOW:   0    0.50 INCH OR MORE:   4
MIN  0 OR BELOW:   0    1.00 INCH OR MORE:   2

[HDD (BASE 65) ]
TOTAL THIS MO.     0    CLEAR  (SCALE 0-3)   4
DPTR FM NORMAL     0    PTCLDY (SCALE 4-7)  24
TOTAL FM JUL 1     0    CLOUDY (SCALE 8-10)  1
DPTR FM NORMAL     0

[CDD (BASE 65) ]
TOTAL THIS MO.   553
DPTR FM NORMAL    32    [PRESSURE DATA]
TOTAL FM JAN 1  2560    HIGHEST SLP M ON M
DPTR FM NORMAL   199    LOWEST  SLP 29.80 ON 24

[REMARKS]




U.S. Dept. of Commerce
NOAA National Weather Service
1325 East West Highway
Silver Spring, MD 20910
E-mail: w-nws.webmaster@noaa.gov
Page last modified: May 16, 2007
NATIONAL WEATHER SERVICE: for Safety, for Work, for Fun - FOR LIFE