072
CXUS52 KMLB 011226
CF6MCO
PRELIMINARY LOCAL CLIMATOLOGICAL DATA (WS FORM: F-6)

                                          STATION:   ORLANDO INTL
                                          MONTH:     NOVEMBER
                                          YEAR:      2014
                                          LATITUDE:   28 25 N
                                          LONGITUDE:  81 19 W

  TEMPERATURE IN F:       :PCPN:    SNOW:  WIND      :SUNSHINE: SKY     :PK WND
================================================================================
1   2   3   4   5  6A  6B    7    8   9   10  11  12  13   14  15   16   17  18
                                     12Z  AVG MX 2MIN
DY MAX MIN AVG DEP HDD CDD  WTR  SNW DPTH SPD SPD DIR MIN PSBL S-S WX    SPD DR
================================================================================

 1  64  51  58 -14   7   0 0.00  0.0    0 14.9 29 280   M    M   2        39 270
 2  67  44  56 -15   9   0 0.00  0.0    0  9.3 18 320   M    M   1        24 320
 3  75  48  62  -9   3   0 0.00  0.0    0  8.7 20  50   M    M   3        24  40
 4  82  54  68  -3   0   3 0.00  0.0    0  8.3 21  90   M    M   4        27 100
 5  83  61  72   1   0   7 0.00  0.0    0  7.0 17 110   M    M   5        21 120
 6  86  62  74   4   0   9 0.00  0.0    0  5.8 14 310   M    M   6        17 290
 7  78  56  67  -3   0   2 0.00  0.0    0  8.3 15  30   M    M   3        19  20
 8  80  54  67  -3   0   2 0.07  0.0    0  7.2 16 350   M    M   8 1      21 330
 9  69  58  64  -6   1   0 0.43  0.0    0  9.2 14 350   M    M  10 1      17 340
10  75  63  69  -1   0   4 0.01  0.0    0 10.3 18 340   M    M   8 1      22 340
11  81  59  70   1   0   5 0.00  0.0    0 10.4 18 320   M    M   4        26 350
12  80  56  68  -1   0   3 0.00  0.0    0  5.6 12 350   M    M   5        14 330
13  83  55  69   0   0   4 0.00  0.0    0  3.1  9 320   M    M   7        14  20
14  70  54  62  -7   3   0    T  0.0    0  7.7 13  20   M    M   6 1      16  40
15  77  49  63  -6   2   0 0.00  0.0    0  7.1 14  20   M    M   1        16  20
16  83  56  70   2   0   5 0.00  0.0    0  5.1 15 170   M    M   3 1      19 140
17  85  66  76   8   0  11 0.86  0.0    0 10.4 29 290   M    M   7 13     37 280
18  69  46  58 -10   7   0 0.01  0.0    0 11.3 23 310   M    M   8 1      28 310
19  61  41  51 -17  14   0 0.00  0.0    0 13.1 20 340   M    M   6        25 350
20  66  46  56 -12   9   0 0.00  0.0    0  9.7 15  30   M    M   6        21  20
21  76  54  65  -2   0   0 0.00  0.0    0 13.0 24  40   M    M   7        31  30
22  73  65  69   2   0   4 0.07  0.0    0 10.7 16  80   M    M  10 18     20 120
23  86  70  78  11   0  13 0.03  0.0    0 10.8 23 180   M    M   8 18     29 170
24  87  71  79  12   0  14 0.00  0.0    0  9.1 18 200   M    M   7 1      24 170
25  77  69  73   7   0   8 2.75  0.0    0  5.8 18  80   M    M   8 123    25 200
26  72  50  61  -5   4   0 0.60  0.0    0  9.8 28 290   M    M   8 138    35 290
27  71  45  58  -8   7   0 0.00  0.0    0  9.1 20 290   M    M   1 1      26 300
28  63  44  54 -12  11   0 0.00  0.0    0 11.6 17  30   M    M   0        22 350
29  73  47  60  -6   5   0 0.00  0.0    0  7.4 13  50   M    M   1        19  70
30  78  53  66   0   0   1 0.00  0.0    0  7.2 15 100   M    M   2        20 100
================================================================================
SM 2270 1647        82  95  4.83     0.0 267.0          M      155
================================================================================
AV 75.7 54.9                               8.9 FASTST   M    M   5    MAX(MPH)
                                 MISC ---->  # 29 280               # 39  270
================================================================================
NOTES:
# LAST OF SEVERAL OCCURRENCES

COLUMN 17 PEAK WIND IN M.P.H.

PRELIMINARY LOCAL CLIMATOLOGICAL DATA (WS FORM: F-6) , PAGE 2

                                          STATION:  ORLANDO INTL
                                          MONTH:    NOVEMBER
                                          YEAR:     2014
                                          LATITUDE:   28 25 N
                                          LONGITUDE:  81 19 W

[TEMPERATURE DATA]      [PRECIPITATION DATA]       SYMBOLS USED IN COLUMN 16

AVERAGE MONTHLY: 65.3   TOTAL FOR MONTH:   4.83    1 = FOG OR MIST
DPTR FM NORMAL:  -3.2   DPTR FM NORMAL:    2.66    2 = FOG REDUCING VISIBILITY
HIGHEST:    87 ON 24    GRTST 24HR  3.23 ON 25-26      TO 1/4 MILE OR LESS
LOWEST:     41 ON 19                               3 = THUNDER
                        SNOW, ICE PELLETS, HAIL    4 = ICE PELLETS
                        TOTAL MONTH:   0.0 INCH    5 = HAIL
                        GRTST 24HR     0.0         6 = FREEZING RAIN OR DRIZZLE
                        GRTST DEPTH:   0           7 = DUSTSTORM OR SANDSTORM:
                                                       VSBY 1/2 MILE OR LESS
                                                   8 = SMOKE OR HAZE
[NO. OF DAYS WITH]      [WEATHER - DAYS WITH]      9 = BLOWING SNOW
                                                   X = TORNADO
MAX 32 OR BELOW:   0    0.01 INCH OR MORE:   9
MAX 90 OR ABOVE:   0    0.10 INCH OR MORE:   4
MIN 32 OR BELOW:   0    0.50 INCH OR MORE:   3
MIN  0 OR BELOW:   0    1.00 INCH OR MORE:   1

[HDD (BASE 65) ]
TOTAL THIS MO.    82    CLEAR  (SCALE 0-3)   8
DPTR FM NORMAL    40    PTCLDY (SCALE 4-7)  18
TOTAL FM JUL 1    82    CLOUDY (SCALE 8-10)  4
DPTR FM NORMAL    35

[CDD (BASE 65) ]
TOTAL THIS MO.    95
DPTR FM NORMAL   -52    [PRESSURE DATA]
TOTAL FM JAN 1  3491    HIGHEST SLP 30.37 ON 19
DPTR FM NORMAL   137    LOWEST  SLP 29.84 ON 26

[REMARKS]
#FINAL-11-14#




U.S. Dept. of Commerce
NOAA National Weather Service
1325 East West Highway
Silver Spring, MD 20910
E-mail: w-nws.webmaster@noaa.gov
Page last modified: May 16, 2007
NATIONAL WEATHER SERVICE: for Safety, for Work, for Fun - FOR LIFE