046
CXUS52 KFFC 011110
CF6MCN
PRELIMINARY LOCAL CLIMATOLOGICAL DATA (WS FORM: F-6)

                                          STATION:   MACON
                                          MONTH:     NOVEMBER
                                          YEAR:      2014
                                          LATITUDE:   32 42 N
                                          LONGITUDE:  83 39 W

  TEMPERATURE IN F:       :PCPN:    SNOW:  WIND      :SUNSHINE: SKY     :PK WND
================================================================================
1   2   3   4   5  6A  6B    7    8   9   10  11  12  13   14  15   16   17  18
                                     12Z  AVG MX 2MIN
DY MAX MIN AVG DEP HDD CDD  WTR  SNW DPTH SPD SPD DIR MIN PSBL S-S WX    SPD DR
================================================================================

 1  54  37  46 -14  19   0 0.00  0.0    0 15.5 30 330   M    M   3        39 330
 2  63  29  46 -14  19   0 0.00  0.0    0  5.8 14  30   M    M   0        17  20
 3  67  27  47 -13  18   0 0.00  0.0    0  1.2  9 130   M    M   0        16 210
 4  72  33  53  -6  12   0 0.00  0.0    0  1.6 12 240   M    M   0        15 170
 5  71  46  59   0   6   0 0.00  0.0    0  1.2  8 170   M    M   0 1      14  30
 6  78  54  66   7   0   1 0.01  0.0    0  7.5 23 280   M    M   2 128    31 280
 7  63  35  49  -9  16   0 0.00  0.0    0  4.0 18 350   M    M   0        24 340
 8  61  31  46 -12  19   0 0.00  0.0    0  1.4 14 300   M    M   0        29 210
 9  71  39  55  -3  10   0 0.00  0.0    0  2.1 10 340   M    M   0 1      15  20
10  74  34  54  -4  11   0 0.00  0.0    0  1.8  8 330   M    M   0 1      12 340
11  74  35  55  -2  10   0 0.00  0.0    0  3.9 10 290   M    M   0 1      15  10
12  80  42  61   4   4   0 0.00  0.0    0  3.6 14 330   M    M   1 1      21 280
13  55  37  46 -11  19   0 0.00  0.0    0  8.3 15 320   M    M   4 1      20 320
14  51  29  40 -16  25   0 0.00  0.0    0  7.0 15 330   M    M   1        23 290
15  53  26  40 -16  25   0 0.00  0.0    0  4.0 14  70   M    M   1 8      17  60
16  66  29  48  -8  17   0 0.00  0.0    0  3.4 10 350   M    M   7        13 170
17  67  34  51  -5  14   0 1.08  0.0    0  9.1 23 310   M    M   8 1      32 300
18  42  23  33 -22  32   0 0.00  0.0    0  9.1 20 330   M    M   0        25 340
19  51  17  34 -21  31   0 0.00  0.0    0  2.7 10 260   M    M   0        13 250
20  65  24  45 -10  20   0 0.00  0.0    0  3.5 16 290   M    M   0        23 280
21  67  31  49  -5  16   0 0.00  0.0    0  2.3 12 340   M    M   0 1      18 360
22  64  31  48  -6  17   0 0.11  0.0    0  5.5 13 100   M    M   6 1      30 210
23  67  50  59   5   6   0 2.49  0.0    0  8.3 32 240   M    M   8 13     45 220
24  78  63  71  18   0   6 0.00  0.0    0  5.5 15 270   M    M   7 1      18 270
25  65  45  55   2  10   0 0.37  0.0    0  3.5 12 330   M    M   9 1      15  10
26  60  41  51  -2  14   0 0.25  0.0    0  6.5 17 290   M    M   3 1      23 290
27  53  32  43  -9  22   0 0.00  0.0    0  9.8 22 320   M    M   1        31 320
28  51  25  38 -14  27   0 0.00  0.0    0  2.5 10  20   M    M   0 1      13  20
29  62  26  44  -8  21   0 0.00  0.0    0  2.3 10 230   M    M   0 1      16 240
30  70  31  51  -1  14   0 0.00  0.0    0  2.1 12 260   M    M   0        16 200
================================================================================
SM 1915 1036       474   7  4.31     0.0 145.0          M       61
================================================================================
AV 63.8 34.5                               4.8 FASTST   M    M   2    MAX(MPH)
                                 MISC ---->  # 32 240               # 45  220
================================================================================
NOTES:
# LAST OF SEVERAL OCCURRENCES

COLUMN 17 PEAK WIND IN M.P.H.

PRELIMINARY LOCAL CLIMATOLOGICAL DATA (WS FORM: F-6) , PAGE 2

                                          STATION:  MACON
                                          MONTH:    NOVEMBER
                                          YEAR:     2014
                                          LATITUDE:   32 42 N
                                          LONGITUDE:  83 39 W

[TEMPERATURE DATA]      [PRECIPITATION DATA]       SYMBOLS USED IN COLUMN 16

AVERAGE MONTHLY: 49.2   TOTAL FOR MONTH:   4.31    1 = FOG OR MIST
DPTR FM NORMAL:  -6.7   DPTR FM NORMAL:    0.99    2 = FOG REDUCING VISIBILITY
HIGHEST:    80 ON 12    GRTST 24HR  2.60 ON 22-23      TO 1/4 MILE OR LESS
LOWEST:     17 ON 19                               3 = THUNDER
                        SNOW, ICE PELLETS, HAIL    4 = ICE PELLETS
                        TOTAL MONTH:   0.0 INCH    5 = HAIL
                        GRTST 24HR     0.0         6 = FREEZING RAIN OR DRIZZLE
                        GRTST DEPTH:   0           7 = DUSTSTORM OR SANDSTORM:
                                                       VSBY 1/2 MILE OR LESS
                                                   8 = SMOKE OR HAZE
[NO. OF DAYS WITH]      [WEATHER - DAYS WITH]      9 = BLOWING SNOW
                                                   X = TORNADO
MAX 32 OR BELOW:   0    0.01 INCH OR MORE:   6
MAX 90 OR ABOVE:   0    0.10 INCH OR MORE:   5
MIN 32 OR BELOW:  15    0.50 INCH OR MORE:   2
MIN  0 OR BELOW:   0    1.00 INCH OR MORE:   2

[HDD (BASE 65) ]
TOTAL THIS MO.   474    CLEAR  (SCALE 0-3)  22
DPTR FM NORMAL   182    PTCLDY (SCALE 4-7)   6
TOTAL FM JUL 1   560    CLOUDY (SCALE 8-10)  2
DPTR FM NORMAL   165

[CDD (BASE 65) ]
TOTAL THIS MO.     7
DPTR FM NORMAL   -12    [PRESSURE DATA]
TOTAL FM JAN 1  2048    HIGHEST SLP 30.49 ON  3
DPTR FM NORMAL  -115    LOWEST  SLP 29.71 ON 23

[REMARKS]
#FINAL-11-14#




U.S. Dept. of Commerce
NOAA National Weather Service
1325 East West Highway
Silver Spring, MD 20910
E-mail: w-nws.webmaster@noaa.gov
Page last modified: May 16, 2007
NATIONAL WEATHER SERVICE: for Safety, for Work, for Fun - FOR LIFE