838
CXUS52 KFFC 181110
CF6MCN
PRELIMINARY LOCAL CLIMATOLOGICAL DATA (WS FORM: F-6)

                                          STATION:   MACON
                                          MONTH:     APRIL
                                          YEAR:      2014
                                          LATITUDE:   32 42 N
                                          LONGITUDE:  83 39 W

  TEMPERATURE IN F:       :PCPN:    SNOW:  WIND      :SUNSHINE: SKY     :PK WND
================================================================================
1   2   3   4   5  6A  6B    7    8   9   10  11  12  13   14  15   16   17  18
                                     12Z  AVG MX 2MIN
DY MAX MIN AVG DEP HDD CDD  WTR  SNW DPTH SPD SPD DIR MIN PSBL S-S WX    SPD DR
================================================================================

 1  83  42  63   3   2   0 0.00  0.0    0  3.2 13 260   M    M   0 1      23 210
 2  83  47  65   5   0   0 0.00  0.0    0  5.4 15 230   M    M   0        22 230
 3  84  53  69   8   0   4 0.00  0.0    0  5.7 16 210   M    M   0 1      22 200
 4  84  58  71  10   0   6 0.00  0.0    0  7.6 18 250   M    M   3 18     25 250
 5  78  57  68   7   0   3 0.00  0.0    0  4.6 14 250   M    M   5 18     18 260
 6  62  52  57  -4   8   0 0.50  0.0    0  5.4 15 150   M    M   9 1      21 140
 7  66  57  62   0   3   0 2.18  0.0    0  8.8 21  30   M    M  10 13     24 130
 8  68  49  59  -3   6   0 0.12    M    0  8.0 17 280   M    M   2 1      24 260
 9  72  45  59  -3   6   0 0.00  0.0    0  7.5 20 330   M    M   1        25 350
10  76  38  57  -5   8   0 0.00  0.0    0  3.5 13 210   M    M   0 1      17 210
11  77  46  62   0   3   0 0.00  0.0    0  5.1 15 210   M    M   0 1      21 200
12  81  46  64   2   1   0 0.00  0.0    0  1.9 12 200   M    M   1 12     21 240
13  81  53  67   4   0   2 0.00  0.0    0  5.3 13 130   M    M   1 1      18 150
14  81  60  71   8   0   6 0.34  0.0    0  6.0 17 180   M    M   6 13     24 190
15  67  39  53 -10  12   0 0.67  0.0    0 10.4 24 330   M    M   7 1      33 300
16  63  33  48 -15  17   0 0.00  0.0    0  8.0 18  60   M    M   0        23  80
17  68  38  53 -11  12   0 0.00  0.0    0  8.1 17  80   M    M   6        22  70
================================================================================
SM 1274  813        78  21  3.81     0.0 104.5          M       51
================================================================================
AV 74.9 47.8                               6.1 FASTST   M    M   3    MAX(MPH)
                                 MISC ---->  # 24 330               # 33  300
================================================================================
NOTES:
# LAST OF SEVERAL OCCURRENCES

COLUMN 17 PEAK WIND IN M.P.H.

PRELIMINARY LOCAL CLIMATOLOGICAL DATA (WS FORM: F-6) , PAGE 2

                                          STATION:  MACON
                                          MONTH:    APRIL
                                          YEAR:     2014
                                          LATITUDE:   32 42 N
                                          LONGITUDE:  83 39 W

[TEMPERATURE DATA]      [PRECIPITATION DATA]       SYMBOLS USED IN COLUMN 16

AVERAGE MONTHLY: 61.4   TOTAL FOR MONTH:   3.81    1 = FOG OR MIST
DPTR FM NORMAL:  -0.5   DPTR FM NORMAL:    1.97    2 = FOG REDUCING VISIBILITY
HIGHEST:    84 ON  4, 3 GRTST 24HR  2.30 ON  7- 8      TO 1/4 MILE OR LESS
LOWEST:     33 ON 16                               3 = THUNDER
                        SNOW, ICE PELLETS, HAIL    4 = ICE PELLETS
                        TOTAL MONTH:   0.0 INCH    5 = HAIL
                        GRTST 24HR     0.0         6 = FREEZING RAIN OR DRIZZLE
                        GRTST DEPTH:   0           7 = DUSTSTORM OR SANDSTORM:
                                                       VSBY 1/2 MILE OR LESS
                                                   8 = SMOKE OR HAZE
[NO. OF DAYS WITH]      [WEATHER - DAYS WITH]      9 = BLOWING SNOW
                                                   X = TORNADO
MAX 32 OR BELOW:   0    0.01 INCH OR MORE:   5
MAX 90 OR ABOVE:   0    0.10 INCH OR MORE:   5
MIN 32 OR BELOW:   0    0.50 INCH OR MORE:   3
MIN  0 OR BELOW:   0    1.00 INCH OR MORE:   1

[HDD (BASE 65) ]
TOTAL THIS MO.    78    CLEAR  (SCALE 0-3)  11
DPTR FM NORMAL    -2    PTCLDY (SCALE 4-7)   4
TOTAL FM JUL 1  2582    CLOUDY (SCALE 8-10)  2
DPTR FM NORMAL   305

[CDD (BASE 65) ]
TOTAL THIS MO.    21
DPTR FM NORMAL    -5    [PRESSURE DATA]
TOTAL FM JAN 1    22    HIGHEST SLP M ON M
DPTR FM NORMAL   -25    LOWEST  SLP 29.65 ON  8

[REMARKS]




U.S. Dept. of Commerce
NOAA National Weather Service
1325 East West Highway
Silver Spring, MD 20910
E-mail: w-nws.webmaster@noaa.gov
Page last modified: May 16, 2007
NATIONAL WEATHER SERVICE: for Safety, for Work, for Fun - FOR LIFE