471
CXUS53 KGLD 240800
CF6MCK
PRELIMINARY LOCAL CLIMATOLOGICAL DATA (WS FORM: F-6)

                                          STATION:   MCCOOK NE
                                          MONTH:     APRIL
                                          YEAR:      2014
                                          LATITUDE:   40 13 N
                                          LONGITUDE: 100 35 W

  TEMPERATURE IN F:       :PCPN:    SNOW:  WIND      :SUNSHINE: SKY     :PK WND
================================================================================
1   2   3   4   5  6A  6B    7    8   9   10  11  12  13   14  15   16   17  18
                                     12Z  AVG MX 2MIN
DY MAX MIN AVG DEP HDD CDD  WTR  SNW DPTH SPD SPD DIR MIN PSBL S-S WX    SPD DR
================================================================================

 1  51  24  38  -6  27   0 0.00    M    M 11.3 22  90   M    M   1        28  80
 2  46  31  39  -6  26   0 0.00    M    M 12.9 21  70   M    M   8 18     26  70
 3  41  30  36  -9  29   0 0.12    M    M 14.6 26 360   M    M   8 12     31 350
 4  57  22  40  -5  25   0 0.00    M    M  8.6 15 160   M    M   0 8      19 160
 5  66  34  50   4  15   0 0.00    M    M 14.3 26 200   M    M   1        34 200
 6  68  37  53   7  12   0 0.07    M    M  8.2 22 210   M    M   4 13     27 220
 7  58  33  46   0  19   0    T    M    M 18.2 41 330   M    M   4        52 330
 8  67  26  47   0  18   0 0.00    M    M  7.4 16 340   M    M   0        24 340
 9  87  40  64  17   1   0 0.00    M    M 12.8 30 280   M    M   0        41 280
10  67  45  56   9   9   0 0.00    M    M 10.3 38 350   M    M   1 8      43 350
11  79  37  58  10   7   0 0.00    M    M 12.2 25 170   M    M   0        31 190
12  81  44  63  15   2   0 0.00    M    M 11.8 25  30   M    M   0 18     33 200
13  57  29  43  -5  22   0 0.59    M    M 25.1 38 360   M    M   8 1238   47  20
14  46  26  36 -13  29   0 0.00    M    M 14.7 29 290   M    M   5        35 360
15  68  24  46  -3  19   0 0.00    M    M 12.3 23 210   M    M   0        29 180
16  60  32  46  -4  19   0 0.00    M    M 17.3 37 320   M    M   2        44 330
17  56  31  44  -6  21   0 0.00    M    M  8.4 17 190   M    M   5        20 180
18  73  38  56   6   9   0 0.00    M    M 17.3 32 180   M    M   0 18     42 160
19  71  50  61  10   4   0 0.06    M    M 10.4 23  10   M    M   1 3      32 170
20  79  49  64  13   1   0 0.00    M    M  5.2 17 160   M    M   3 1      22 150
21  74  49  62  10   3   0 0.00    M    M 11.1 25  40   M    M   0        32  40
22  78  43  61   9   4   0 0.00    M    M 19.0 32 160   M    M   1        42 160
23  81  55  68  16   0   3    T    M    M 18.8 37 320   M    M   1 3      45  20
================================================================================
SM 1511  829       321   3  0.84    M    302.2          M       53
================================================================================
AV 65.7 36.0                              13.1 FASTST   M    M   2    MAX(MPH)
                                 MISC ---->  # 41 330               # 52  330
================================================================================
NOTES:
# LAST OF SEVERAL OCCURRENCES

COLUMN 17 PEAK WIND IN M.P.H.

PRELIMINARY LOCAL CLIMATOLOGICAL DATA (WS FORM: F-6) , PAGE 2

                                          STATION:  MCCOOK NE
                                          MONTH:    APRIL
                                          YEAR:     2014
                                          LATITUDE:   40 13 N
                                          LONGITUDE: 100 35 W

[TEMPERATURE DATA]      [PRECIPITATION DATA]       SYMBOLS USED IN COLUMN 16

AVERAGE MONTHLY: 50.9   TOTAL FOR MONTH:   0.84    1 = FOG OR MIST
DPTR FM NORMAL:   2.7   DPTR FM NORMAL:   -0.82    2 = FOG REDUCING VISIBILITY
HIGHEST:    87 ON  9    GRTST 24HR  0.59 ON 13-13      TO 1/4 MILE OR LESS
LOWEST:     22 ON  4                               3 = THUNDER
                        SNOW, ICE PELLETS, HAIL    4 = ICE PELLETS
                        TOTAL MONTH:    M          5 = HAIL
                        GRTST 24HR    M  ON   M    6 = FREEZING RAIN OR DRIZZLE
                        GRTST DEPTH:  M  ON   M    7 = DUSTSTORM OR SANDSTORM:
                                                       VSBY 1/2 MILE OR LESS
                                                   8 = SMOKE OR HAZE
[NO. OF DAYS WITH]      [WEATHER - DAYS WITH]      9 = BLOWING SNOW
                                                   X = TORNADO
MAX 32 OR BELOW:   0    0.01 INCH OR MORE:   4
MAX 90 OR ABOVE:   0    0.10 INCH OR MORE:   2
MIN 32 OR BELOW:  10    0.50 INCH OR MORE:   1
MIN  0 OR BELOW:   0    1.00 INCH OR MORE:   0

[HDD (BASE 65) ]
TOTAL THIS MO.   321    CLEAR  (SCALE 0-3)  15
DPTR FM NORMAL   -68    PTCLDY (SCALE 4-7)   7
TOTAL FM JUL 1  5658    CLOUDY (SCALE 8-10)  1
DPTR FM NORMAL  -162

[CDD (BASE 65) ]
TOTAL THIS MO.     3
DPTR FM NORMAL     3    [PRESSURE DATA]
TOTAL FM JAN 1     3    HIGHEST SLP M ON M
DPTR FM NORMAL     3    LOWEST  SLP 29.37 ON 23

[REMARKS]




U.S. Dept. of Commerce
NOAA National Weather Service
1325 East West Highway
Silver Spring, MD 20910
E-mail: w-nws.webmaster@noaa.gov
Page last modified: May 16, 2007
NATIONAL WEATHER SERVICE: for Safety, for Work, for Fun - FOR LIFE