310
CXUS53 KGLD 220800
CF6MCK
PRELIMINARY LOCAL CLIMATOLOGICAL DATA (WS FORM: F-6)

                                          STATION:   MCCOOK NE
                                          MONTH:     NOVEMBER
                                          YEAR:      2014
                                          LATITUDE:   40 13 N
                                          LONGITUDE: 100 35 W

  TEMPERATURE IN F:       :PCPN:    SNOW:  WIND      :SUNSHINE: SKY     :PK WND
================================================================================
1   2   3   4   5  6A  6B    7    8   9   10  11  12  13   14  15   16   17  18
                                     12Z  AVG MX 2MIN
DY MAX MIN AVG DEP HDD CDD  WTR  SNW DPTH SPD SPD DIR MIN PSBL S-S WX    SPD DR
================================================================================

 1  59  28  44  -1  21   0 0.00    M    M 15.4 28 150   M    M   0        35 160
 2  76  36  56  11   9   0    T    M    M  9.5 26 200   M    M   1        35 190
 3  64  33  49   5  16   0    T    M    M 13.2 31 330   M    M   3        37 330
 4  62  27  45   1  20   0 0.00    M    M  9.5 17 290   M    M   0        21 290
 5  70  33  52   9  13   0 0.00  0.0    0 15.4 33 320   M    M   0        42 320
 6  63  28  46   3  19   0 0.00  0.0    0  8.0 16 190   M    M   0        20 200
 7  77  32  55  13  10   0 0.00    M    M 12.9 30 350   M    M   0        37 340
 8  64  32  48   6  17   0 0.00    M    M  9.3 16 320   M    M   0        22 240
 9  76  34  55  14  10   0 0.00    M    M  8.7 14 210   M    M   0        19 200
10  58  17  38  -3  27   0    T    M    M 20.8 39 340   M    M   3 1      47 340
11  27   7  17 -23  48   0 0.00    M    M 14.8 23 340   M    M   5        30 350
12  21   3  12 -28  53   0 0.00    M    M 15.3 26 340   M    M   5        32 320
13  24   0  12 -27  53   0 0.00    M    M  5.4 12 290   M    M   0        19 270
14  32  17  25 -14  40   0 0.00    M    M 13.3 23 180   M    M   7        30 170
15  29  11  20 -18  45   0    T    M    M 12.8 25 340   M    M   7 18     32 340
16  39   6  23 -15  42   0 0.00    M    M 14.9 33 320   M    M   1        41 330
17  27   2  15 -22  50   0 0.00    M    M 11.0 32 320   M    M   6        39 320
18  56   1  29  -8  36   0 0.00    M    M 10.3 21 290   M    M   0        27 290
19  46  19  33  -3  32   0 0.00    M    M  7.8 17 280   M    M   1        22 280
20  45   9  27  -9  38   0 0.00    M    M  5.0 13 110   M    M   0        14 110
21  57  19  38   3  27   0 0.00    M    M  7.4 16 170   M    M   0        21 180
================================================================================
SM 1072  394       626   0    T      0.0 240.7          M       39
================================================================================
AV 51.0 18.8                              11.5 FASTST   M    M   2    MAX(MPH)
                                 MISC ---->  # 39 340               # 47  340
================================================================================
NOTES:
# LAST OF SEVERAL OCCURRENCES

COLUMN 17 PEAK WIND IN M.P.H.

PRELIMINARY LOCAL CLIMATOLOGICAL DATA (WS FORM: F-6) , PAGE 2

                                          STATION:  MCCOOK NE
                                          MONTH:    NOVEMBER
                                          YEAR:     2014
                                          LATITUDE:   40 13 N
                                          LONGITUDE: 100 35 W

[TEMPERATURE DATA]      [PRECIPITATION DATA]       SYMBOLS USED IN COLUMN 16

AVERAGE MONTHLY: 34.9   TOTAL FOR MONTH:      T    1 = FOG OR MIST
DPTR FM NORMAL:  -5.3   DPTR FM NORMAL:   -0.71    2 = FOG REDUCING VISIBILITY
HIGHEST:    77 ON  7    GRTST 24HR    T  ON 15-15      TO 1/4 MILE OR LESS
LOWEST:      0 ON 13                               3 = THUNDER
                        SNOW, ICE PELLETS, HAIL    4 = ICE PELLETS
                        TOTAL MONTH:   0.0 INCH    5 = HAIL
                        GRTST 24HR     0.0         6 = FREEZING RAIN OR DRIZZLE
                        GRTST DEPTH:   0           7 = DUSTSTORM OR SANDSTORM:
                                                       VSBY 1/2 MILE OR LESS
                                                   8 = SMOKE OR HAZE
[NO. OF DAYS WITH]      [WEATHER - DAYS WITH]      9 = BLOWING SNOW
                                                   X = TORNADO
MAX 32 OR BELOW:   6    0.01 INCH OR MORE:   0
MAX 90 OR ABOVE:   0    0.10 INCH OR MORE:   0
MIN 32 OR BELOW:  17    0.50 INCH OR MORE:   0
MIN  0 OR BELOW:   1    1.00 INCH OR MORE:   0

[HDD (BASE 65) ]
TOTAL THIS MO.   626    CLEAR  (SCALE 0-3)  16
DPTR FM NORMAL   106    PTCLDY (SCALE 4-7)   5
TOTAL FM JUL 1  1028    CLOUDY (SCALE 8-10)  0
DPTR FM NORMAL   -51

[CDD (BASE 65) ]
TOTAL THIS MO.     0
DPTR FM NORMAL     0    [PRESSURE DATA]
TOTAL FM JAN 1  1096    HIGHEST SLP M ON M
DPTR FM NORMAL   140    LOWEST  SLP 29.32 ON 10

[REMARKS]




U.S. Dept. of Commerce
NOAA National Weather Service
1325 East West Highway
Silver Spring, MD 20910
E-mail: w-nws.webmaster@noaa.gov
Page last modified: May 16, 2007
NATIONAL WEATHER SERVICE: for Safety, for Work, for Fun - FOR LIFE