134
CXUS53 KGLD 280800
CF6MCK
PRELIMINARY LOCAL CLIMATOLOGICAL DATA (WS FORM: F-6)

                                          STATION:   MCCOOK NE
                                          MONTH:     AUGUST
                                          YEAR:      2014
                                          LATITUDE:   40 13 N
                                          LONGITUDE: 100 35 W

  TEMPERATURE IN F:       :PCPN:    SNOW:  WIND      :SUNSHINE: SKY     :PK WND
================================================================================
1   2   3   4   5  6A  6B    7    8   9   10  11  12  13   14  15   16   17  18
                                     12Z  AVG MX 2MIN
DY MAX MIN AVG DEP HDD CDD  WTR  SNW DPTH SPD SPD DIR MIN PSBL S-S WX    SPD DR
================================================================================

 1  91  55  73  -3   0   8 0.00    M    M  5.4 15  50   M    M   1 3      19  50
 2  94  58  76   0   0  11 0.00    M    M  7.4 20  30   M    M   1        25  30
 3  97  60  79   4   0  14 0.00  0.0    0  5.9 14  90   M    M   1        17  90
 4  99  61  80   5   0  15 0.00  0.0    0  7.7 17 170   M    M   0 18     23 160
 5  96  71  84   9   0  19 0.00  0.0    0  8.9 18 220   M    M   1        25 220
 6  94  68  81   6   0  16 0.00  0.0    0  6.7 15  50   M    M   1 138    19  50
 7  87  64  76   1   0  11 0.63  0.0    0  5.4 35 280   M    M   5 138    45 280
 8  89  61  75   0   0  10 0.30  0.0    0  7.1 31 320   M    M   1 138    40 330
 9  91  63  77   2   0  12 0.75    M    M  9.0 41  30   M    M   2 13     50  30
10  87  62  75   0   0  10 0.01    M    M  8.8 21 360   M    M   2 3       M  M
11  85  58  72  -3   0   7 0.00    M    M  4.3 14 360   M    M   2 1      19  10
12  87  59  73  -2   0   8 0.00    M    M  7.2 15  70   M    M   3        20 350
13  92  58  75   1   0  10 0.00    M    M 10.0 18 140   M    M   0        25 140
14  93  66  80   6   0  15 0.00    M    M 12.4 24 120   M    M   1        31 140
15  94  70  82   8   0  17 0.00    M    M  9.2 18 340   M    M   2        24 310
16  96  63  80   6   0  15 0.00    M    M  5.0 16  80   M    M   0 1      22  60
17 100  63  82   8   0  17 0.00    M    M  8.7 23  70   M    M   0 18     29  80
18  93  60  77   3   0  12 0.00    M    M  6.7 26 360   M    M   0        33  10
19  95  57  76   2   0  11 0.00    M    M  7.6 20 280   M    M   0 3      28 270
20  98  72  85  12   0  20    T    M    M  8.1 28 290   M    M   1 3      41 300
21  97  66  82   9   0  17 0.00    M    M  6.7 15 290   M    M   0 8      18 290
22  92  64  78   5   0  13 0.74    M    M 10.7 24 190   M    M   2 13     35 180
23  89  65  77   4   0  12    T    M    M  7.1 35 300   M    M   3 1      48 310
24  87  59  73   0   0   8 0.00    M    M  5.8 13 350   M    M   0        17 350
25  81  61  71  -1   0   6 0.81    M    M 10.3 28 250   M    M   2 13     44 300
26  83  61  72   0   0   7 1.17  0.0    0  9.0 33 250   M    M   4 123    38 250
27  80  65  73   1   0   8 1.04    M    M 10.1 35 250   M    M   7 123    40 250
================================================================================
SM 2467 1690         0 329  5.45     0.0 211.2          M       42
================================================================================
AV 91.4 62.6                               7.8 FASTST   M    M   2    MAX(MPH)
                                 MISC ---->  # 41  30               # 50   30
================================================================================
NOTES:
# LAST OF SEVERAL OCCURRENCES

COLUMN 17 PEAK WIND IN M.P.H.

PRELIMINARY LOCAL CLIMATOLOGICAL DATA (WS FORM: F-6) , PAGE 2

                                          STATION:  MCCOOK NE
                                          MONTH:    AUGUST
                                          YEAR:     2014
                                          LATITUDE:   40 13 N
                                          LONGITUDE: 100 35 W

[TEMPERATURE DATA]      [PRECIPITATION DATA]       SYMBOLS USED IN COLUMN 16

AVERAGE MONTHLY: 77.0   TOTAL FOR MONTH:   5.45    1 = FOG OR MIST
DPTR FM NORMAL:   2.9   DPTR FM NORMAL:    2.60    2 = FOG REDUCING VISIBILITY
HIGHEST:   100 ON 17    GRTST 24HR  2.04 ON 26-27      TO 1/4 MILE OR LESS
LOWEST:     55 ON  1                               3 = THUNDER
                        SNOW, ICE PELLETS, HAIL    4 = ICE PELLETS
                        TOTAL MONTH:   0.0 INCH    5 = HAIL
                        GRTST 24HR     0.0         6 = FREEZING RAIN OR DRIZZLE
                        GRTST DEPTH:   0           7 = DUSTSTORM OR SANDSTORM:
                                                       VSBY 1/2 MILE OR LESS
                                                   8 = SMOKE OR HAZE
[NO. OF DAYS WITH]      [WEATHER - DAYS WITH]      9 = BLOWING SNOW
                                                   X = TORNADO
MAX 32 OR BELOW:   0    0.01 INCH OR MORE:   8
MAX 90 OR ABOVE:  17    0.10 INCH OR MORE:   7
MIN 32 OR BELOW:   0    0.50 INCH OR MORE:   6
MIN  0 OR BELOW:   0    1.00 INCH OR MORE:   2

[HDD (BASE 65) ]
TOTAL THIS MO.     0    CLEAR  (SCALE 0-3)  24
DPTR FM NORMAL    -1    PTCLDY (SCALE 4-7)   3
TOTAL FM JUL 1     7    CLOUDY (SCALE 8-10)  0
DPTR FM NORMAL     3

[CDD (BASE 65) ]
TOTAL THIS MO.   329
DPTR FM NORMAL    77    [PRESSURE DATA]
TOTAL FM JAN 1   948    HIGHEST SLP M ON M
DPTR FM NORMAL   125    LOWEST  SLP 29.61 ON M

[REMARKS]




U.S. Dept. of Commerce
NOAA National Weather Service
1325 East West Highway
Silver Spring, MD 20910
E-mail: w-nws.webmaster@noaa.gov
Page last modified: May 16, 2007
NATIONAL WEATHER SERVICE: for Safety, for Work, for Fun - FOR LIFE