426
CXUS53 KGLD 010800
CF6MCK
PRELIMINARY LOCAL CLIMATOLOGICAL DATA (WS FORM: F-6)

                                          STATION:   MCCOOK NE
                                          MONTH:     JULY
                                          YEAR:      2014
                                          LATITUDE:   40 13 N
                                          LONGITUDE: 100 35 W

  TEMPERATURE IN F:       :PCPN:    SNOW:  WIND      :SUNSHINE: SKY     :PK WND
================================================================================
1   2   3   4   5  6A  6B    7    8   9   10  11  12  13   14  15   16   17  18
                                     12Z  AVG MX 2MIN
DY MAX MIN AVG DEP HDD CDD  WTR  SNW DPTH SPD SPD DIR MIN PSBL S-S WX    SPD DR
================================================================================

 1  81  58  70  -5   0   5 0.00    M    M 11.0 24 320   M    M   0        34 320
 2  80  54  67  -8   0   2    T    M    M  5.8 12 340   M    M   1        16 320
 3  83  56  70  -5   0   5 0.00    M    M 10.8 23 160   M    M   4        29 150
 4  90  64  77   2   0  12 0.43    M    M 12.7 29 280   M    M   2 3      34 270
 5  94  61  78   2   0  13 0.00    M    M  3.8 23 200   M    M   0        32 200
 6 101  65  83   7   0  18 0.00    M    M  6.5 23  40   M    M   0        28  40
 7  90  63  77   1   0  12 0.00    M    M  9.2 24  40   M    M   0        31  40
 8  85  62  74  -2   0   9 0.00    M    M  7.9 17 340   M    M   1        22 320
 9  90  59  75  -1   0  10 0.22    M    M 11.8 24 170   M    M   1 13     32 180
10  90  64  77   1   0  12 0.32    M    M 14.5 28 130   M    M   2 13     36 130
11  98  69  84   8   0  19 0.00    M    M 10.1 18 170   M    M   3 18     25 170
12  87  69  78   2   0  13 0.00    M    M  9.6 18  50   M    M   2 1      24 360
13  90  64  77   1   0  12 0.00    M    M  5.5 15 360   M    M   1 1      23 340
14  82  52  67  -9   0   2 0.00    M    M  9.5 20 350   M    M   1        33  30
15  78  47  63 -13   2   0 0.00    M    M  5.4 15 230   M    M   5        20 230
16  65  57  61 -15   4   0 0.75    M    M 10.4 21 140   M    M  10 13     28 130
17  70  57  64 -12   1   0    T    M    M  8.4 16 150   M    M   8 1      21 160
18  81  57  69  -7   0   4 0.00    M    M 11.1 20 140   M    M   5        26 150
19  84  65  75  -1   0  10 0.00    M    M 10.4 20 150   M    M   6 18     26 160
20 101  66  84   8   0  19 0.00    M    M  7.4 13 220   M    M   2 12     17 220
21 100  68  84   8   0  19 0.00    M    M  6.9 16 210   M    M   0        23 210
22  93  66  80   4   0  15 0.00    M    M 11.5 25 100   M    M   0        32 100
23  86  66  76   0   0  11 0.08    M  100 10.4 26  10   M    M   2 13     33  10
24 104  63  84   8   0  19 0.00    M  100 11.2 22 180   M    M   0        28 180
25  97  64  81   5   0  16 0.00    M    M  8.4 16  20   M    M   0        23 180
26  99  66  83   7   0  18 0.00    M    M 10.4 20  30   M    M   0        35 360
27  91  61  76   0   0  11 0.00    M    M  6.7 17  50   M    M   1        21 360
28  90  57  74  -2   0   9 0.00    M    M  8.7 20  70   M    M   0        24  80
29  87  58  73  -3   0   8 0.00    M    M 11.9 21  80   M    M   2 3      26  70
30  81  62  72  -4   0   7 0.32    M    M  5.1 17  80   M    M   5 13     22 100
31  90  58  74  -2   0   9 0.00    M    M  7.3 15 310   M    M   1 1      21 250
================================================================================
SM 2738 1898         7 319  2.12    M    280.3          M       65
================================================================================
AV 88.3 61.2                               9.0 FASTST   M    M   2    MAX(MPH)
                                 MISC ---->  # 29 280               # 36  130
================================================================================
NOTES:
# LAST OF SEVERAL OCCURRENCES

COLUMN 17 PEAK WIND IN M.P.H.

PRELIMINARY LOCAL CLIMATOLOGICAL DATA (WS FORM: F-6) , PAGE 2

                                          STATION:  MCCOOK NE
                                          MONTH:    JULY
                                          YEAR:     2014
                                          LATITUDE:   40 13 N
                                          LONGITUDE: 100 35 W

[TEMPERATURE DATA]      [PRECIPITATION DATA]       SYMBOLS USED IN COLUMN 16

AVERAGE MONTHLY: 74.8   TOTAL FOR MONTH:   2.12    1 = FOG OR MIST
DPTR FM NORMAL:  -1.1   DPTR FM NORMAL:   -1.13    2 = FOG REDUCING VISIBILITY
HIGHEST:   104 ON 24    GRTST 24HR  0.75 ON 16-16      TO 1/4 MILE OR LESS
LOWEST:     47 ON 15                               3 = THUNDER
                        SNOW, ICE PELLETS, HAIL    4 = ICE PELLETS
                        TOTAL MONTH:    M          5 = HAIL
                        GRTST 24HR    M  ON   M    6 = FREEZING RAIN OR DRIZZLE
                        GRTST DEPTH:  99 ON M      7 = DUSTSTORM OR SANDSTORM:
                                                       VSBY 1/2 MILE OR LESS
                                                   8 = SMOKE OR HAZE
[NO. OF DAYS WITH]      [WEATHER - DAYS WITH]      9 = BLOWING SNOW
                                                   X = TORNADO
MAX 32 OR BELOW:   0    0.01 INCH OR MORE:   6
MAX 90 OR ABOVE:  17    0.10 INCH OR MORE:   5
MIN 32 OR BELOW:   0    0.50 INCH OR MORE:   1
MIN  0 OR BELOW:   0    1.00 INCH OR MORE:   0

[HDD (BASE 65) ]
TOTAL THIS MO.     7    CLEAR  (SCALE 0-3)  24
DPTR FM NORMAL     4    PTCLDY (SCALE 4-7)   5
TOTAL FM JUL 1     7    CLOUDY (SCALE 8-10)  2
DPTR FM NORMAL     4

[CDD (BASE 65) ]
TOTAL THIS MO.   319
DPTR FM NORMAL   -22    [PRESSURE DATA]
TOTAL FM JAN 1   619    HIGHEST SLP M ON M
DPTR FM NORMAL    48    LOWEST  SLP 29.69 ON  7

[REMARKS]
#FINAL-07-14#




U.S. Dept. of Commerce
NOAA National Weather Service
1325 East West Highway
Silver Spring, MD 20910
E-mail: w-nws.webmaster@noaa.gov
Page last modified: May 16, 2007
NATIONAL WEATHER SERVICE: for Safety, for Work, for Fun - FOR LIFE