792
CXUS53 KGLD 280800
CF6MCK
PRELIMINARY LOCAL CLIMATOLOGICAL DATA (WS FORM: F-6)

                                          STATION:   MCCOOK NE
                                          MONTH:     JANUARY
                                          YEAR:      2015
                                          LATITUDE:   40 13 N
                                          LONGITUDE: 100 35 W

  TEMPERATURE IN F:       :PCPN:    SNOW:  WIND      :SUNSHINE: SKY     :PK WND
================================================================================
1   2   3   4   5  6A  6B    7    8   9   10  11  12  13   14  15   16   17  18
                                     12Z  AVG MX 2MIN
DY MAX MIN AVG DEP HDD CDD  WTR  SNW DPTH SPD SPD DIR MIN PSBL S-S WX    SPD DR
================================================================================

 1  26   0  13 -14  52   0 0.00    M    M  8.1 15 280   M    M   2        18 280
 2  29   0  15 -12  50   0 0.00    M    M  6.4 14 240   M    M   1 18     15 230
 3  35   8  22  -5  43   0 0.01    M    M 16.0 39 340   M    M   4 18     47 350
 4  13  -5   4 -23  61   0 0.00    M    M  6.9 22 330   M    M   3        26 330
 5  21  -1  10 -17  55   0 0.00    M    M  8.9 16 170   M    M   2        21 180
 6  33  15  24  -3  41   0 0.00    M    M 10.2 32  30   M    M   4        41  20
 7  15   4  10 -17  55   0 0.00    M    M 12.3 24 350   M    M   5        30 350
 8  49  11  30   3  35   0 0.00    M    M 14.2 33 360   M    M   4        39  20
 9  28   8  18  -9  47   0 0.00    M    M  9.6 25 350   M    M   2        32 350
10  41  18  30   3  35   0 0.00    M    M  6.1 15 190   M    M   0        20 200
11  39  14  27   0  38   0 0.00    M    M  7.6 21  30   M    M   3 18     26  30
12  25  16  21  -6  44   0 0.00    M    M  8.7 14  20   M    M  10        17  20
13  31  18  25  -2  40   0    T    M    M  8.2 16 170   M    M   6        19 170
14  43  13  28   1  37   0 0.00    M    M  7.0 13 270   M    M   1 18     16 270
15  53  20  37  10  28   0 0.00    M    M  9.4 21 320   M    M   0        25 320
16  56  22  39  12  26   0 0.00  0.0    0  7.1 14 260   M    M   0        18 260
17  52  29  41  14  24   0 0.00  0.0    0 16.4 36 320   M    M   0        44 320
18  61  23  42  15  23   0 0.00    M    M  9.2 23 340   M    M   0        28 310
19  57  31  44  17  21   0 0.00    M    M 11.2 22 340   M    M   0        26 340
20  52  30  41  14  24   0    T    M    M 11.8 24 340   M    M   4        30 320
21  45  24  35   8  30   0 0.00    M    M 11.3 21 300   M    M   3        26 300
22  46  18  32   5  33   0 0.00    M    M  6.9 16 250   M    M   1        23 240
23  57  20  39  12  26   0 0.00    M    M 12.5 25 320   M    M   3        30 320
24  56  27  42  14  23   0    T    M    M 13.1 32 310   M    M   2        39 320
25  56  35  46  18  19   0 0.00    M    M 15.7 35 340   M    M   2        40 340
26  73  34  54  26  11   0 0.00    M    M 12.8 25 320   M    M   0        31 320
27  75  30  53  25  12   0 0.00    M    M  6.6 18 260   M    M   0        21 270
================================================================================
SM 1167  462       933   0  0.01     0.0 274.2          M       62
================================================================================
AV 43.2 17.1                              10.2 FASTST   M    M   2    MAX(MPH)
                                 MISC ---->  # 39 340               # 47  350
================================================================================
NOTES:
# LAST OF SEVERAL OCCURRENCES

COLUMN 17 PEAK WIND IN M.P.H.

PRELIMINARY LOCAL CLIMATOLOGICAL DATA (WS FORM: F-6) , PAGE 2

                                          STATION:  MCCOOK NE
                                          MONTH:    JANUARY
                                          YEAR:     2015
                                          LATITUDE:   40 13 N
                                          LONGITUDE: 100 35 W

[TEMPERATURE DATA]      [PRECIPITATION DATA]       SYMBOLS USED IN COLUMN 16

AVERAGE MONTHLY: 30.2   TOTAL FOR MONTH:   0.01    1 = FOG OR MIST
DPTR FM NORMAL:   3.0   DPTR FM NORMAL:   -0.43    2 = FOG REDUCING VISIBILITY
HIGHEST:    75 ON 27    GRTST 24HR  0.01 ON  3- 3      TO 1/4 MILE OR LESS
LOWEST:     -5 ON  4                               3 = THUNDER
                        SNOW, ICE PELLETS, HAIL    4 = ICE PELLETS
                        TOTAL MONTH:   0.0 INCH    5 = HAIL
                        GRTST 24HR     0.0         6 = FREEZING RAIN OR DRIZZLE
                        GRTST DEPTH:   0           7 = DUSTSTORM OR SANDSTORM:
                                                       VSBY 1/2 MILE OR LESS
                                                   8 = SMOKE OR HAZE
[NO. OF DAYS WITH]      [WEATHER - DAYS WITH]      9 = BLOWING SNOW
                                                   X = TORNADO
MAX 32 OR BELOW:   8    0.01 INCH OR MORE:   1
MAX 90 OR ABOVE:   0    0.10 INCH OR MORE:   0
MIN 32 OR BELOW:  25    0.50 INCH OR MORE:   0
MIN  0 OR BELOW:   4    1.00 INCH OR MORE:   0

[HDD (BASE 65) ]
TOTAL THIS MO.   933    CLEAR  (SCALE 0-3)  20
DPTR FM NORMAL   -90    PTCLDY (SCALE 4-7)   6
TOTAL FM JUL 1  3263    CLOUDY (SCALE 8-10)  1
DPTR FM NORMAL  -270

[CDD (BASE 65) ]
TOTAL THIS MO.     0
DPTR FM NORMAL     0    [PRESSURE DATA]
TOTAL FM JAN 1     0    HIGHEST SLP M ON M
DPTR FM NORMAL     0    LOWEST  SLP 29.79 ON 16

[REMARKS]




U.S. Dept. of Commerce
NOAA National Weather Service
1325 East West Highway
Silver Spring, MD 20910
E-mail: w-nws.webmaster@noaa.gov
Page last modified: May 16, 2007
NATIONAL WEATHER SERVICE: for Safety, for Work, for Fun - FOR LIFE