838
CXUS55 KEAX 280736
CF6MCI
PRELIMINARY LOCAL CLIMATOLOGICAL DATA (WS FORM: F-6)

                                          STATION:   Kansas City International MO
                                          MONTH:     AUGUST
                                          YEAR:      2014
                                          LATITUDE:   39 19 N
                                          LONGITUDE:  94 43 W

  TEMPERATURE IN F:       :PCPN:    SNOW:  WIND      :SUNSHINE: SKY     :PK WND
================================================================================
1   2   3   4   5  6A  6B    7    8   9   10  11  12  13   14  15   16   17  18
                                     12Z  AVG MX 2MIN
DY MAX MIN AVG DEP HDD CDD  WTR  SNW DPTH SPD SPD DIR MIN PSBL S-S WX    SPD DR
================================================================================

 1  85  65  75  -3   0  10    T  0.0    0  6.0 13  90   M    M   6        19 120
 2  88  63  76  -2   0  11 0.00  0.0    0  4.9 10 120   0    0   0         M  M
 3  86  65  76  -2   0  11 0.75  0.0    0  9.9 23 360   M    M   6 13     27 360
 4  92  68  80   2   0  15 0.00  0.0    0  9.5 20 200   M    M   5        25 210
 5  92  70  81   3   0  16 0.00  0.0    0  6.7 15 120   M    M   6 1      17 130
 6  91  68  80   2   0  15 3.47  0.0    0 10.3 25 280   M    M   6 138    30 280
 7  84  69  77  -1   0  12    T  0.0    0  7.8 14  40   M    M   7 1      17  40
 8  80  66  73  -5   0   8 0.00  0.0    0  6.6 13  40   M    M   7 1      17  30
 9  84  66  75  -3   0  10 0.00  0.0    0  4.8 13 130   M    M   6 1      15 140
10  78  67  73  -5   0   8 0.30  0.0    0  6.9 14  60   M    M   9 13     18  50
11  81  62  72  -6   0   7 0.00  0.0    0  9.1 22 330   M    M   4 12     27 350
12  79  57  68 -10   0   3 0.00  0.0    0  8.5 17 340   M    M   1        22 340
13  82  58  70  -8   0   5 0.00  0.0    0  4.6 10  40   M    M   1 8      13  30
14  84  61  73  -5   0   8 0.00  0.0    0  6.3 13 110   M    M   3 8      16 140
15  81  68  75  -3   0  10 0.04  0.0    0 11.2 23 130   M    M   7        28 140
16  79  67  73  -5   0   8 0.02  0.0    0  7.9 22 190   M    M   7 1      27 190
17  81  65  73  -4   0   8 0.00  0.0    0  5.4 10  50   M    M   7 1      13  40
18  88  66  77   0   0  12 0.00  0.0    0  3.6 13 120   M    M   2 1      14 120
19  91  71  81   4   0  16 0.15  0.0    0  5.9 23 200   M    M   3 13     28 210
20  92  72  82   5   0  17 0.00  0.0    0 11.1 20 190   M    M   3 1      26 180
21  94  77  86   9   0  21 0.00  0.0    0 14.3 21 190   M    M   5 8      28 190
22  94  76  85   9   0  20 0.00  0.0    0  7.3 18 190   M    M   7 8      22 200
23  97  77  87  11   0  22 0.00  0.0    0 10.3 17 190   M    M   3        22 190
24  96  72  84   8   0  19 0.00  0.0    0 11.7 18 180   M    M   4        24 180
25  95  76  86  10   0  21 0.01  0.0    0  7.9 20 200   M    M   4 8      24 210
26  89  71  80   4   0  15 0.00  0.0    0  9.1 23  10   M    M   5        29  20
27  86  70  78   3   0  13 0.02  0.0    0 10.0 23  20   M    M   8        28 360
================================================================================
SM 2349 1833         0 341  4.76     0.0 217.6            0    132
================================================================================
AV 87.0 67.9                               8.1 FASTST    0   0   5    MAX(MPH)
                                 MISC ---->  # 25 280               # 30  280
================================================================================
NOTES:
# LAST OF SEVERAL OCCURRENCES

COLUMN 17 PEAK WIND IN M.P.H.

PRELIMINARY LOCAL CLIMATOLOGICAL DATA (WS FORM: F-6) , PAGE 2

                                          STATION:  Kansas City International MO
                                          MONTH:    AUGUST
                                          YEAR:     2014
                                          LATITUDE:   39 19 N
                                          LONGITUDE:  94 43 W

[TEMPERATURE DATA]      [PRECIPITATION DATA]       SYMBOLS USED IN COLUMN 16

AVERAGE MONTHLY: 77.4   TOTAL FOR MONTH:   4.76    1 = FOG OR MIST
DPTR FM NORMAL:   0.1   DPTR FM NORMAL:    1.41    2 = FOG REDUCING VISIBILITY
HIGHEST:    97 ON 23    GRTST 24HR  3.47 ON  6- 6      TO 1/4 MILE OR LESS
LOWEST:     57 ON 12                               3 = THUNDER
                        SNOW, ICE PELLETS, HAIL    4 = ICE PELLETS
                        TOTAL MONTH:   0.0 INCH    5 = HAIL
                        GRTST 24HR     0.0         6 = FREEZING RAIN OR DRIZZLE
                        GRTST DEPTH:   0           7 = DUSTSTORM OR SANDSTORM:
                                                       VSBY 1/2 MILE OR LESS
                                                   8 = SMOKE OR HAZE
[NO. OF DAYS WITH]      [WEATHER - DAYS WITH]      9 = BLOWING SNOW
                                                   X = TORNADO
MAX 32 OR BELOW:   0    0.01 INCH OR MORE:   8
MAX 90 OR ABOVE:  10    0.10 INCH OR MORE:   4
MIN 32 OR BELOW:   0    0.50 INCH OR MORE:   2
MIN  0 OR BELOW:   0    1.00 INCH OR MORE:   1

[HDD (BASE 65) ]
TOTAL THIS MO.     0    CLEAR  (SCALE 0-3)   7
DPTR FM NORMAL     0    PTCLDY (SCALE 4-7)  19
TOTAL FM JUL 1     2    CLOUDY (SCALE 8-10)  1
DPTR FM NORMAL     2

[CDD (BASE 65) ]
TOTAL THIS MO.   341
DPTR FM NORMAL     5    [PRESSURE DATA]
TOTAL FM JAN 1  1065    HIGHEST SLP  0.00 ON M
DPTR FM NORMAL   -67    LOWEST  SLP  0.00 ON M

[REMARKS]




U.S. Dept. of Commerce
NOAA National Weather Service
1325 East West Highway
Silver Spring, MD 20910
E-mail: w-nws.webmaster@noaa.gov
Page last modified: May 16, 2007
NATIONAL WEATHER SERVICE: for Safety, for Work, for Fun - FOR LIFE