240
CXUS55 KEAX 240736
CF6MCI
PRELIMINARY LOCAL CLIMATOLOGICAL DATA (WS FORM: F-6)

                                          STATION:   Kansas City International MO
                                          MONTH:     APRIL
                                          YEAR:      2014
                                          LATITUDE:   39 19 N
                                          LONGITUDE:  94 43 W

  TEMPERATURE IN F:       :PCPN:    SNOW:  WIND      :SUNSHINE: SKY     :PK WND
================================================================================
1   2   3   4   5  6A  6B    7    8   9   10  11  12  13   14  15   16   17  18
                                     12Z  AVG MX 2MIN
DY MAX MIN AVG DEP HDD CDD  WTR  SNW DPTH SPD SPD DIR MIN PSBL S-S WX    SPD DR
================================================================================

 1  52  27  40 -10  25   0 0.00  0.0    0  8.6 21 300   M    M   7        30 290
 2  50  42  46  -4  19   0 0.46  0.0    0 12.6 25 100   M    M  10 13     30  80
 3  71  38  55   4  10   0 0.11  0.0    0 12.9 24 280   M    M  10 138    33 290
 4  45  33  39 -12  26   0    T  0.0    0 13.5 30 310   M    M   8        46 300
 5  58  29  44  -7  21   0 0.00  0.0    0  7.5 14 140   M    M   3        22 150
 6  64  46  55   3  10   0 0.00  0.0    0  6.0 18  90   M    M  10        21  90
 7  65  43  54   2  11   0    T  0.0    0  8.1 20 310   M    M   7        26 300
 8  59  43  51  -1  14   0    T  0.0    0 11.8 25 350   M    M   5        32 320
 9  75  33  54   1  11   0 0.00  0.0    0 15.8 29 190   M    M   2        36 210
10  66  47  57   4   8   0 0.00  0.0    0 13.9 26  20   M    M   6        33 200
11  75  40  58   5   7   0 0.00  0.0    0  8.2 17 160   M    M   4        22 160
12  83  58  71  17   0   6    T  0.0    0 17.8 30 200   M    M   4 3      37 180
13  69  36  53  -1  12   0 0.65  0.0    0 15.9 29 180   M    M   9 1358   39 260
14  44  30  37 -17  28   0 0.02  0.1    0 15.0 28  10   M    M   7 18     35 360
15  54  29  42 -13  23   0 0.00  0.0    0  7.5 22 170   M    M   4        29 160
16  65  41  53  -2  12   0 0.00  0.0    0 22.4 37 190   M    M   5        48 190
17  51  37  44 -11  21   0 0.00  0.0    0  6.7 16 350   M    M   7        20 330
18  68  33  51  -5  14   0 0.00  0.0    0  5.8 14 140   M    M   3 18     20 170
19  77  50  64   8   1   0 0.00  0.0    0 13.7 26 190   M    M   4        33 190
20  77  53  65   9   0   0    T  0.0    0 12.9 24 190   M    M   7 8      30 200
21  75  56  66   9   0   1 0.01  0.0    0  9.2 23 360   M    M   7        29 350
22  69  42  56  -1   9   0 0.00  0.0    0  8.6 15  60   M    M   2        20  60
23  73  53  63   6   2   0    T  0.0    0 17.2 28 140   M    M   7        34 140
================================================================================
SM 1485  939       284   7  1.25     0.1 271.6          M      138
================================================================================
AV 64.6 40.8                              11.8 FASTST   M    M   6    MAX(MPH)
                                 MISC ---->  # 37 190               # 48  190
================================================================================
NOTES:
# LAST OF SEVERAL OCCURRENCES

COLUMN 17 PEAK WIND IN M.P.H.

PRELIMINARY LOCAL CLIMATOLOGICAL DATA (WS FORM: F-6) , PAGE 2

                                          STATION:  Kansas City International MO
                                          MONTH:    APRIL
                                          YEAR:     2014
                                          LATITUDE:   39 19 N
                                          LONGITUDE:  94 43 W

[TEMPERATURE DATA]      [PRECIPITATION DATA]       SYMBOLS USED IN COLUMN 16

AVERAGE MONTHLY: 52.7   TOTAL FOR MONTH:   1.25    1 = FOG OR MIST
DPTR FM NORMAL:  -1.0   DPTR FM NORMAL:   -1.40    2 = FOG REDUCING VISIBILITY
HIGHEST:    83 ON 12    GRTST 24HR  0.66 ON 13-14      TO 1/4 MILE OR LESS
LOWEST:     27 ON  1                               3 = THUNDER
                        SNOW, ICE PELLETS, HAIL    4 = ICE PELLETS
                        TOTAL MONTH:   0.1 INCH    5 = HAIL
                        GRTST 24HR   0.1 ON   M    6 = FREEZING RAIN OR DRIZZLE
                        GRTST DEPTH:   0           7 = DUSTSTORM OR SANDSTORM:
                                                       VSBY 1/2 MILE OR LESS
                                                   8 = SMOKE OR HAZE
[NO. OF DAYS WITH]      [WEATHER - DAYS WITH]      9 = BLOWING SNOW
                                                   X = TORNADO
MAX 32 OR BELOW:   0    0.01 INCH OR MORE:   5
MAX 90 OR ABOVE:   0    0.10 INCH OR MORE:   3
MIN 32 OR BELOW:   4    0.50 INCH OR MORE:   1
MIN  0 OR BELOW:   0    1.00 INCH OR MORE:   0

[HDD (BASE 65) ]
TOTAL THIS MO.   284    CLEAR  (SCALE 0-3)   3
DPTR FM NORMAL     7    PTCLDY (SCALE 4-7)  16
TOTAL FM JUL 1  5615    CLOUDY (SCALE 8-10)  4
DPTR FM NORMAL   647

[CDD (BASE 65) ]
TOTAL THIS MO.     7
DPTR FM NORMAL   -10    [PRESSURE DATA]
TOTAL FM JAN 1     7    HIGHEST SLP  0.00 ON M
DPTR FM NORMAL   -13    LOWEST  SLP  0.00 ON M

[REMARKS]




U.S. Dept. of Commerce
NOAA National Weather Service
1325 East West Highway
Silver Spring, MD 20910
E-mail: w-nws.webmaster@noaa.gov
Page last modified: May 16, 2007
NATIONAL WEATHER SERVICE: for Safety, for Work, for Fun - FOR LIFE