184
CXUS55 KEAX 010736
CF6MCI
PRELIMINARY LOCAL CLIMATOLOGICAL DATA (WS FORM: F-6)

                                          STATION:   Kansas City International MO
                                          MONTH:     SEPTEMBER
                                          YEAR:      2014
                                          LATITUDE:   39 19 N
                                          LONGITUDE:  94 43 W

  TEMPERATURE IN F:       :PCPN:    SNOW:  WIND      :SUNSHINE: SKY     :PK WND
================================================================================
1   2   3   4   5  6A  6B    7    8   9   10  11  12  13   14  15   16   17  18
                                     12Z  AVG MX 2MIN
DY MAX MIN AVG DEP HDD CDD  WTR  SNW DPTH SPD SPD DIR MIN PSBL S-S WX    SPD DR
================================================================================

 1  81  65  73  -1   0   8 0.50  0.0    0  9.4 32 160   M    M   9 13     38 150
 2  82  63  73  -1   0   8 0.00  0.0    0  4.0 12 210   M    M   5 1      14 200
 3  86  65  76   3   0  11 0.56  0.0    0 15.5 25 180   M    M   5 13     33 190
 4  91  76  84  11   0  19 0.00  0.0    0 18.0 26 190   M    M   1 8      34 190
 5  80  61  71  -2   0   6 0.15  0.0    0 10.7 18  10   M    M   8 138    24  20
 6  74  55  65  -7   0   0 0.00  0.0    0  7.9 14  30   M    M   4        18  30
 7  76  55  66  -6   0   1 0.00  0.0    0  6.3 12 110   M    M   1        16 150
 8  84  57  71   0   0   6 0.00  0.0    0 11.0 18 190   M    M   3        25 200
 9  90  73  82  11   0  17 0.40  0.0    0 16.7 32 190   M    M   6 138    45 200
10  75  58  67  -4   0   2 0.46  0.0    0 11.6 20 340   M    M   9 13     25 340
11  59  52  56 -14   9   0 0.01  0.0    0 11.3 17  20   M    M  10 1      21 360
12  54  42  48 -22  17   0    T  0.0    0 10.0 18  10   M    M   9 1      23  20
13  63  37  50 -19  15   0 0.00  0.0    0  5.0 14 150   M    M   2 12     20 150
14  72  52  62  -7   3   0 0.00  0.0    0  8.1 18 150   M    M   7        22 150
15  69  50  60  -8   5   0 0.02  0.0    0  9.2 20  20   M    M   7 1      25  10
16  70  46  58 -10   7   0 0.00  0.0    0  6.0 13 100   M    M   2 1      17 120
17  74  62  68   0   0   3 0.05  0.0    0  5.8 12 150   M    M   7 13     13 120
18  66  59  63  -4   2   0 0.00  0.0    0  9.2 16 110   M    M   8 1      20 110
19  78  59  69   2   0   4 0.00  0.0    0 10.0 16 160   M    M   6 18     20 160
20  82  67  75   9   0  10 0.00  0.0    0  9.2 17 240   M    M   3 18     22 210
21  76  53  65  -1   0   0 0.00  0.0    0  9.7 21 360   M    M   1        29 360
22  73  48  61  -4   4   0 0.00  0.0    0  4.8  9 130   M    M   3 18     14 150
23  74  52  63  -2   2   0    T  0.0    0  9.8 21 120   M    M   7 8      25 160
24  70  58  64   0   1   0 0.04  0.0    0  9.4 16 170   M    M   9 1      20 170
25  81  59  70   6   0   5 0.00  0.0    0  8.8 14 200   M    M   5        18 170
26  82  60  71   7   0   6 0.00  0.0    0  7.6 15 130   M    M   4        21 200
27  81  59  70   7   0   5 0.00  0.0    0  7.1 15 160   M    M   2        19 160
28  83  57  70   7   0   5 0.00  0.0    0  3.2 10 210   M    M   2 18     13 220
29  83  58  71   9   0   6 0.00  0.0    0  3.8 10 270   M    M   3 18     16 220
30  84  61  73  11   0   8 0.01  0.0    0 10.6 22 180   M    M   5 38     25 160
================================================================================
SM 2293 1719        65 130  2.20     0.0 269.7          M      153
================================================================================
AV 76.4 57.3                               9.0 FASTST   M    M   5    MAX(MPH)
                                 MISC ---->  # 32 160               # 45  200
================================================================================
NOTES:
# LAST OF SEVERAL OCCURRENCES

COLUMN 17 PEAK WIND IN M.P.H.

PRELIMINARY LOCAL CLIMATOLOGICAL DATA (WS FORM: F-6) , PAGE 2

                                          STATION:  Kansas City International MO
                                          MONTH:    SEPTEMBER
                                          YEAR:     2014
                                          LATITUDE:   39 19 N
                                          LONGITUDE:  94 43 W

[TEMPERATURE DATA]      [PRECIPITATION DATA]       SYMBOLS USED IN COLUMN 16

AVERAGE MONTHLY: 66.9   TOTAL FOR MONTH:   2.20    1 = FOG OR MIST
DPTR FM NORMAL:  -1.3   DPTR FM NORMAL:   -2.42    2 = FOG REDUCING VISIBILITY
HIGHEST:    91 ON  4    GRTST 24HR  1.64 ON 31- 1      TO 1/4 MILE OR LESS
LOWEST:     37 ON 13                               3 = THUNDER
                        SNOW, ICE PELLETS, HAIL    4 = ICE PELLETS
                        TOTAL MONTH:   0.0 INCH    5 = HAIL
                        GRTST 24HR     0.0         6 = FREEZING RAIN OR DRIZZLE
                        GRTST DEPTH:   0           7 = DUSTSTORM OR SANDSTORM:
                                                       VSBY 1/2 MILE OR LESS
                                                   8 = SMOKE OR HAZE
[NO. OF DAYS WITH]      [WEATHER - DAYS WITH]      9 = BLOWING SNOW
                                                   X = TORNADO
MAX 32 OR BELOW:   0    0.01 INCH OR MORE:  10
MAX 90 OR ABOVE:   2    0.10 INCH OR MORE:   5
MIN 32 OR BELOW:   0    0.50 INCH OR MORE:   2
MIN  0 OR BELOW:   0    1.00 INCH OR MORE:   0

[HDD (BASE 65) ]
TOTAL THIS MO.    65    CLEAR  (SCALE 0-3)  10
DPTR FM NORMAL     0    PTCLDY (SCALE 4-7)  15
TOTAL FM JUL 1    67    CLOUDY (SCALE 8-10)  5
DPTR FM NORMAL     0

[CDD (BASE 65) ]
TOTAL THIS MO.   130
DPTR FM NORMAL   -29    [PRESSURE DATA]
TOTAL FM JAN 1  1249    HIGHEST SLP  0.00 ON M
DPTR FM NORMAL   -83    LOWEST  SLP  0.00 ON M

[REMARKS]
#FINAL-09-14#




U.S. Dept. of Commerce
NOAA National Weather Service
1325 East West Highway
Silver Spring, MD 20910
E-mail: w-nws.webmaster@noaa.gov
Page last modified: May 16, 2007
NATIONAL WEATHER SERVICE: for Safety, for Work, for Fun - FOR LIFE