486
CXUS55 KEAX 300736
CF6MCI
PRELIMINARY LOCAL CLIMATOLOGICAL DATA (WS FORM: F-6)

                                          STATION:   Kansas City International MO
                                          MONTH:     JULY
                                          YEAR:      2014
                                          LATITUDE:   39 19 N
                                          LONGITUDE:  94 43 W

  TEMPERATURE IN F:       :PCPN:    SNOW:  WIND      :SUNSHINE: SKY     :PK WND
================================================================================
1   2   3   4   5  6A  6B    7    8   9   10  11  12  13   14  15   16   17  18
                                     12Z  AVG MX 2MIN
DY MAX MIN AVG DEP HDD CDD  WTR  SNW DPTH SPD SPD DIR MIN PSBL S-S WX    SPD DR
================================================================================

 1  84  63  74  -3   0   9 0.00  0.0    0  8.1 18 290   M    M   5 1      25 280
 2  71  56  64 -13   1   0 0.00  0.0    0  9.2 21 320   M    M   4 8      28 310
 3  80  53  67 -11   0   2 0.00  0.0    0  4.8  9  10   M    M   1        12  10
 4  82  59  71  -7   0   6 0.00  0.0    0  8.6 16 140   M    M   5        20 150
 5  84  69  77  -1   0  12 0.07  0.0    0 14.7 23 190   M    M   9 3      29 190
 6  88  72  80   2   0  15 0.00  0.0    0 14.4 28 190   M    M   8        33 190
 7  91  67  79   1   0  14 2.07  0.0    0  9.1 39  40   M    M   5 138    50 330
 8  82  66  74  -4   0   9 0.01  0.0    0  8.4 20 310   M    M   3        24 310
 9  84  63  74  -4   0   9 0.00  0.0    0  6.1 12 150   M    M   2 8      14 150
10  84  67  76  -2   0  11 0.00  0.0    0 11.0 18 160   M    M   6        27 120
11  88  68  78   0   0  13    T  0.0    0 11.4 20 200   M    M   5 8      24 200
12  92  75  84   6   0  19 0.00  0.0    0 12.4 21 210   M    M   4 8      26 210
13  86  70  78   0   0  13 0.62  0.0    0  7.0 16  20   M    M   7 13     20  20
14  78  59  69  -9   0   4 0.27  0.0    0  9.1 21 340   M    M   3 13     27 320
15  74  54  64 -15   1   0 0.00  0.0    0  7.7 18 340   M    M   3        24 350
16  76  55  66 -13   0   1 0.00  0.0    0  3.5  9  30   M    M   6        12  10
17  77  59  68 -11   0   3 0.00  0.0    0  5.7 12 190   M    M   6        14 150
18  77  61  69 -10   0   4 0.00  0.0    0  3.7 14 170   M    M   7        16 170
19  80  59  70  -9   0   5 0.00  0.0    0  7.7 14 180   M    M   3 18     21 170
20  84  60  72  -7   0   7 0.00  0.0    0 12.2 21 160   M    M   2        24 150
21  92  72  82   3   0  17 0.00  0.0    0 13.8 21 190   M    M   3 8      25 190
22  96  76  86   7   0  21 0.00  0.0    0 10.2 18  20   M    M   3 18     22  30
23  86  70  78  -1   0  13 0.00  0.0    0 10.5 17  40   M    M   4        22  30
24  82  66  74  -5   0   9 0.00  0.0    0 10.7 20 150   M    M   3        23 150
25  96  70  83   4   0  18 0.00  0.0    0 15.7 24 200   M    M   5 8      31 200
26  89  74  82   3   0  17    T  0.0    0  8.0 18 210   M    M   5 8      24 210
27  87  65  76  -3   0  11 0.00  0.0    0 10.4 22 320   M    M   5 1      28 330
28  80  59  70  -9   0   5 0.00  0.0    0  7.4 14 340   M    M   4        19 320
29  83  58  71  -8   0   6 0.00  0.0    0  4.9 13 330   M    M   4 18     15 330
================================================================================
SM 2433 1865         2 273  3.04     0.0 266.4          M      130
================================================================================
AV 83.9 64.3                               9.2 FASTST   M    M   4    MAX(MPH)
                                 MISC ---->  # 39  40               # 50  330
================================================================================
NOTES:
# LAST OF SEVERAL OCCURRENCES

COLUMN 17 PEAK WIND IN M.P.H.

PRELIMINARY LOCAL CLIMATOLOGICAL DATA (WS FORM: F-6) , PAGE 2

                                          STATION:  Kansas City International MO
                                          MONTH:    JULY
                                          YEAR:     2014
                                          LATITUDE:   39 19 N
                                          LONGITUDE:  94 43 W

[TEMPERATURE DATA]      [PRECIPITATION DATA]       SYMBOLS USED IN COLUMN 16

AVERAGE MONTHLY: 74.1   TOTAL FOR MONTH:   3.04    1 = FOG OR MIST
DPTR FM NORMAL:  -4.3   DPTR FM NORMAL:   -1.16    2 = FOG REDUCING VISIBILITY
HIGHEST:    96 ON 25,22 GRTST 24HR  2.08 ON  7- 8      TO 1/4 MILE OR LESS
LOWEST:     53 ON  3                               3 = THUNDER
                        SNOW, ICE PELLETS, HAIL    4 = ICE PELLETS
                        TOTAL MONTH:   0.0 INCH    5 = HAIL
                        GRTST 24HR     0.0         6 = FREEZING RAIN OR DRIZZLE
                        GRTST DEPTH:   0           7 = DUSTSTORM OR SANDSTORM:
                                                       VSBY 1/2 MILE OR LESS
                                                   8 = SMOKE OR HAZE
[NO. OF DAYS WITH]      [WEATHER - DAYS WITH]      9 = BLOWING SNOW
                                                   X = TORNADO
MAX 32 OR BELOW:   0    0.01 INCH OR MORE:   5
MAX 90 OR ABOVE:   5    0.10 INCH OR MORE:   3
MIN 32 OR BELOW:   0    0.50 INCH OR MORE:   2
MIN  0 OR BELOW:   0    1.00 INCH OR MORE:   1

[HDD (BASE 65) ]
TOTAL THIS MO.     2    CLEAR  (SCALE 0-3)   6
DPTR FM NORMAL     2    PTCLDY (SCALE 4-7)  22
TOTAL FM JUL 1     2    CLOUDY (SCALE 8-10)  1
DPTR FM NORMAL     2

[CDD (BASE 65) ]
TOTAL THIS MO.   273
DPTR FM NORMAL  -118    [PRESSURE DATA]
TOTAL FM JAN 1   711    HIGHEST SLP  0.00 ON M
DPTR FM NORMAL   -62    LOWEST  SLP  0.00 ON M

[REMARKS]




U.S. Dept. of Commerce
NOAA National Weather Service
1325 East West Highway
Silver Spring, MD 20910
E-mail: w-nws.webmaster@noaa.gov
Page last modified: May 16, 2007
NATIONAL WEATHER SERVICE: for Safety, for Work, for Fun - FOR LIFE