545
CXAK56 PAMC 231121
CF6MCG

PRELIMINARY LOCAL CLIMATOLOGICAL DATA (WS FORM: F-6)

                                          STATION:   MCGRATH
                                          MONTH:     04
                                          YEAR:      2014
                                          LATITUDE:   62 58 N
                                          LONGITUDE: 155 37 W

  TEMPERATURE IN F:       :PCPN:    SNOW:  WIND      :SUNSHINE: SKY     :PK WND
================================================================================
1   2   3   4   5  6A  6B    7     8   9   10  11  12  13   14  15   16  17  18
                                      12Z  AVG MX 2MIN
DY MAX MIN AVG DEP HDD CDD  WTR   SNW DPTH SPD SPD DIR MIN PSBL S-S WX   SPD DR
================================================================================

 1  39   8  24   5  41   0  0.00  0.0  13  4.3 13   10   M    M   M       16  40
 2  37   3  20   0  45   0  0.00  0.0  13  1.5  8  120   M    M   M       10 150
 3  38   2  20  -1  45   0  0.00  0.0  13  1.0  5  130   M    M   M        7 110
 4  42  17  30   9  35   0  0.00  0.0  12  1.0  6  260   M    M   M        7 290
 5  35  27  31   9  34   0  0.04  0.4  12  2.3  9  350   M    M   M 1     13 360
 6  29  19  24   1  41   0  0.03  0.3  13  6.4 13  350   M    M   M 1     18 340
 7  19   3  11 -13  54   0  0.00  0.0  13 10.4 21  340   M    M   M       26 330
 8  18 -10   4 -20  61   0  0.00  0.0  13  5.6 14   10   M    M   M       18 350
 9  22 -14   4 -21  61   0  0.00  0.0  13  3.4 10   10   M    M   M       13  80
10  29 -10  10 -16  55   0  0.00  0.0  13  2.0  7  140   M    M   M        9 160
11  41  -7  17 -10  48   0  0.00  0.0  13  0.9  7  260   M    M   M        9  10
12  39  19  29   2  36   0     T    T  13  2.6  8  350   M    M   M       10  90
13  50  32  41  13  24   0     T    T  13  3.8 16  220   M    M   M       23 210
14  48  28  38   9  27   0  0.00  0.0  11  4.4 17  210   M    M   M       21 230
15  47  22  35   5  30   0  0.00  0.0  11  2.9  9  280   M    M   M       10 140
16  49  30  40  10  25   0  0.00  0.0   9  1.9  8  340   M    M   M        9 360
17  50  24  37   6  28   0     T  0.0   8  4.3 13   10   M    M   M       16  20
18  53  29  41   9  24   0  0.00  0.0   7  2.8 14  260   M    M   M       16 260
19  52  32  42  10  23   0  0.00  0.0   7  6.5 17   90   M    M   M       22 110
20  52  32  42   9  23   0  0.00  0.0   6  6.7 13   20   M    M   M       16  30
21  57  27  42   8  23   0  0.00  0.0   6  1.2  9  170   M    M   M       13 160
22  56  27  42   7  23   0  0.00  0.0   1  2.8 14   90   M    M   M       18  80
================================================================================
SM  902  340       806   0  0.07 0.7     78.7           M        M
================================================================================
AV 41.0 15.5                              3.6 FASTST  PSBL  %   M    MAX(MPH)
                                 MISC ---->     21  340                 26 330
================================================================================
NOTES:
# LAST OF SEVERAL OCCURRENCES

COLUMN 17 PEAK WIND IN M.P.H.

PRELIMINARY LOCAL CLIMATOLOGICAL DATA (WS FORM: F-6) , PAGE 2

                                          STATION:   MCGRATH
                                          MONTH:     04
                                          YEAR:      2014
                                          LATITUDE:  62 58 N
                                          LONGITUDE: 155 37 W

[TEMPERATURE DATA]      [PRECIPITATION DATA]       SYMBOLS USED IN COLUMN 16

AVERAGE MONTHLY:28.2   TOTAL FOR MONTH: 0.07       1 = FOG
DPTR FM NORMAL:  1.2   DPTR FM NORMAL: -0.46       2 = FOG REDUCING VISIBILITY
HIGHEST:    57 ON 21    GRTST 24HR   0.04 ON  5        TO 1/4 MILE OR LESS
LOWEST:    -14 ON  9                               3 = THUNDER
                        SNOW, ICE PELLETS, HAIL    4 = ICE PELLETS
                        TOTAL MONTH: 0.7   INCH  5 = HAIL
                        GRTST 24HR   0.4 ON  5     6 = GLAZE OR RIME
                        GRTST DEPTH:   13 ON 13    7 = BLOWING DUST OR SAND:
                                                       VSBY 1/2 MILE OR LESS
                                                   8 = SMOKE OR HAZE
[NO. OF DAYS WITH]      [WEATHER - DAYS WITH]      9 = BLOWING SNOW
                                                   X = TORNADO
MAX 32 OR BELOW:   5    0.01 INCH OR MORE:   2
MAX 70 OR ABOVE:   0    0.10 INCH OR MORE:   0
MIN 32 OR BELOW:  22    0.50 INCH OR MORE:   0
MIN  0 OR BELOW:   4    1.00 INCH OR MORE:   0

[HDD (BASE 65) ]
TOTAL THIS MO.   806    CLEAR  (SCALE 0-3)   M
DPTR FM NORMAL   -33    PTCLDY (SCALE 4-7)   M
SEASONAL TOTAL 11210    CLOUDY (SCALE 8-10)  M
DPTR FM NORMAL -1523

[CDD (BASE 65) ]
TOTAL THIS MO.     0
DPTR FM NORMAL     0    [PRESSURE DATA]
SEASONAL TOTAL     0    HIGHEST SLP     M
DPTR FM NORMAL     0    LOWEST  SLP     M

[REMARKS]






U.S. Dept. of Commerce
NOAA National Weather Service
1325 East West Highway
Silver Spring, MD 20910
E-mail: w-nws.webmaster@noaa.gov
Page last modified: May 16, 2007
NATIONAL WEATHER SERVICE: for Safety, for Work, for Fun - FOR LIFE