619
CXAK56 PAMC 301207
CF6MCG

PRELIMINARY LOCAL CLIMATOLOGICAL DATA (WS FORM: F-6)

                                          STATION:   MCGRATH
                                          MONTH:     01
                                          YEAR:      2015
                                          LATITUDE:   62 58 N
                                          LONGITUDE: 155 37 W

  TEMPERATURE IN F:       :PCPN:    SNOW:  WIND      :SUNSHINE: SKY     :PK WND
================================================================================
1   2   3   4   5  6A  6B    7     8   9   10  11  12  13   14  15   16  17  18
                                      12Z  AVG MX 2MIN
DY MAX MIN AVG DEP HDD CDD  WTR   SNW DPTH SPD SPD DIR MIN PSBL S-S WX   SPD DR
================================================================================

 1  31  16  24  30  41   0  0.09  1.9  12  6.1 12   20   M    M   M 1     15  30
 2  20  -4   8  15  57   0  0.01  0.6  13  3.3 13   60   M    M   M 18    17  50
 3  -4 -22 -13  -6  78   0  0.00  0.0  13  1.4  6  300   M    M   M        7 260
 4 -17 -28 -22 -15  87   0  0.00  0.0  13  0.4  6  300   M    M   M        7 290
 5 -20 -31 -25 -18  90   0  0.00  0.0  13  1.2  6  340   M    M   M        7  10
 6 -22 -33 -27 -20  92   0  0.00  0.0  13  0.0  5  270   M    M   M 1      5 270
 7  -5 -29 -17 -10  82   0  0.00  0.0  12  0.1  5   30   M    M   M 1      5  20
 8  18  -5   7  14  58   0  0.02    T  11  1.2 13   80   M    M   M 12468 16  60
 9  20   8  14  21  51   0     T    T  11  0.7  5  360   M    M   M        5 240
10  21  13  17  24  48   0  0.00  0.0  11  0.1  5  280   M    M   M        5 320
11  22  13  18  25  47   0  0.00  0.0  11  0.9  7   20   M    M   M 2      7 320
12  18   3  11  18  54   0  0.00  0.0  11  2.9  9  360   M    M   M 1     11 360
13  22   7  15  22  50   0  0.00  0.0  11  1.3  7  360   M    M   M       10 360
14  20   5  13  20  52   0  0.00  0.0  11  0.9  8  360   M    M   M 1      9 360
15  23  12  18  25  47   0  0.00  0.0  11  2.6 10  360   M    M   M       12 360
16  16   2   9  16  56   0  0.00  0.0  11  0.7  8  320   M    M   M       10 290
17  21   2  12  19  53   0  0.12  1.8  11  1.6  7  170   M    M   M 1      8  70
18  21  -3   9  16  56   0  0.01  0.9  14  4.6 10  290   M    M   M 1     14 290
19  13   0   7  14  58   0     T    T  14  2.9  9  270   M    M   M       10 280
20  13  10  12  19  53   0  0.02  0.5  14  0.3  5  260   M    M   M 1      5 130
21  13  -8   3  10  62   0     T    T  14  5.3 14  350   M    M   M 18    18 350
22  -7 -23 -15  -9  80   0  0.00  0.0  14  5.2 16   10   M    M   M       22 360
23 -10 -34 -22 -16  87   0  0.00  0.0  14  3.5 10  310   M    M   M       14 310
24 -19 -38 -28 -22  93   0  0.00  0.0  14  1.8  7  290   M    M   M        9 320
25 -22 -41 -31 -25  96   0  0.00  0.0  14  0.8  6  320   M    M   M 1      6 310
26 -26 -43 -34 -28  99   0  0.00  0.0  14  0.5  6  290   M    M   M 1      6 320
27 -15 -37 -26 -21  91   0  0.00  0.0  13  0.7  5  280   M    M   M        5 330
28 -15 -34 -24 -19  89   0  0.00  0.0  13  0.6  5  260   M    M   M        6 320
29 -16 -40 -28 -23  93   0  0.00  0.0  13  0.2  7  280   M    M   M 1      7 280
================================================================================
SM  114 -362      2000   0  0.27 5.7     51.8           M        M
================================================================================
AV  3.9-12.5                              1.8 FASTST  PSBL  %   M    MAX(MPH)
                                 MISC ---->     16   10                 22 360
================================================================================
NOTES:
# LAST OF SEVERAL OCCURRENCES

COLUMN 17 PEAK WIND IN M.P.H.

PRELIMINARY LOCAL CLIMATOLOGICAL DATA (WS FORM: F-6) , PAGE 2

                                          STATION:   MCGRATH
                                          MONTH:     01
                                          YEAR:      2015
                                          LATITUDE:  62 58 N
                                          LONGITUDE: 155 37 W

[TEMPERATURE DATA]      [PRECIPITATION DATA]       SYMBOLS USED IN COLUMN 16

AVERAGE MONTHLY:-4.3   TOTAL FOR MONTH: 0.27       1 = FOG
DPTR FM NORMAL:  2.3   DPTR FM NORMAL: -0.76       2 = FOG REDUCING VISIBILITY
HIGHEST:    31 ON  1    GRTST 24HR   0.12 ON 17        TO 1/4 MILE OR LESS
LOWEST:    -43 ON 26                               3 = THUNDER
                        SNOW, ICE PELLETS, HAIL    4 = ICE PELLETS
                        TOTAL MONTH: 5.7 INCHES  5 = HAIL
                        GRTST 24HR   1.9 ON  1     6 = GLAZE OR RIME
                        GRTST DEPTH:   14 ON 26    7 = BLOWING DUST OR SAND:
                                                       VSBY 1/2 MILE OR LESS
                                                   8 = SMOKE OR HAZE
[NO. OF DAYS WITH]      [WEATHER - DAYS WITH]      9 = BLOWING SNOW
                                                   X = TORNADO
MAX 32 OR BELOW:  29    0.01 INCH OR MORE:   6
MAX 70 OR ABOVE:   0    0.10 INCH OR MORE:   1
MIN 32 OR BELOW:  29    0.50 INCH OR MORE:   0
MIN  0 OR BELOW:  18    1.00 INCH OR MORE:   0

[HDD (BASE 65) ]
TOTAL THIS MO.  2007    CLEAR  (SCALE 0-3)   M
DPTR FM NORMAL   -68    PTCLDY (SCALE 4-7)   M
SEASONAL TOTAL  7317    CLOUDY (SCALE 8-10)  M
DPTR FM NORMAL -1004

[CDD (BASE 65) ]
TOTAL THIS MO.     0
DPTR FM NORMAL     0    [PRESSURE DATA]
SEASONAL TOTAL     0    HIGHEST SLP     M
DPTR FM NORMAL     0    LOWEST  SLP     M

[REMARKS]






U.S. Dept. of Commerce
NOAA National Weather Service
1325 East West Highway
Silver Spring, MD 20910
E-mail: w-nws.webmaster@noaa.gov
Page last modified: May 16, 2007
NATIONAL WEATHER SERVICE: for Safety, for Work, for Fun - FOR LIFE