597
CXUS56 KHNX 281916
CF6MCE
PRELIMINARY LOCAL CLIMATOLOGICAL DATA (WS FORM: F-6)

                                          STATION:   MERCED CA AIRPORT
                                          MONTH:     JULY
                                          YEAR:      2014
                                          LATITUDE:   37 16 N
                                          LONGITUDE: 120 36 W

  TEMPERATURE IN F:       :PCPN:    SNOW:  WIND      :SUNSHINE: SKY     :PK WND
================================================================================
1   2   3   4   5  6A  6B    7    8   9   10  11  12  13   14  15   16   17  18
                                     12Z  AVG MX 2MIN
DY MAX MIN AVG DEP HDD CDD  WTR  SNW DPTH SPD SPD DIR MIN PSBL S-S WX    SPD DR
================================================================================

 1 103  69  86   9   0  21 0.00  0.0    0  6.9 16 330   M    M   0        20 330
 2 100  65  83   6   0  18 0.00  0.0    0  7.8 15 340   M    M   0        18 340
 3 101  65  83   6   0  18 0.00  0.0    0  6.6 13 350   M    M   0        16 350
 4 105  62  84   7   0  19 0.00  0.0    0  7.0 18 340   M    M   0        23 340
 5 102  67  85   8   0  20 0.00  0.0    0  9.5 20 350   M    M   0        23 350
 6 103  68  86   8   0  21 0.00  0.0    0  8.1 14 340   M    M   0 8      17 320
 7  97  73  85   7   0  20 0.00  0.0    0   M   M   M   M    M   0         M  M
 8 105  68  87   9   0  22 0.00  0.0    0  4.8 16 330   M    M   0        20 330
 9  99  64  82   4   0  17 0.00  0.0    0  7.0 15 320   M    M   0        20 320
10  93  64  79   1   0  14 0.00  0.0    0  8.3 14 320   M    M   0        19 360
11  92  63  78   0   0  13 0.00  0.0    0 10.7 20 320   M    M   0        28 240
12  95  62  79   1   0  14 0.00  0.0    0 10.0 15 350   M    M   0        19 330
13  99  63  81   3   0  16 0.00  0.0    0  7.4 15 330   M    M   0        18 340
14 101  68  85   7   0  20 0.00  0.0    0  4.5 16 230   M    M   0        21 240
15  97  74  86   8   0  21 0.00  0.0    0 10.0 20 340   M    M   0        24 330
16  93  69  81   3   0  16 0.00  0.0    0  9.9 18 340   M    M   0        24  70
17  92  65  79   1   0  14 0.00  0.0    0  6.8 15 320   M    M   0        17 330
18  92  64  78   0   0  13 0.00  0.0    0  9.0 16 270   M    M   0        41 230
19  98  65  82   4   0  17 0.00  0.0    0  8.5 17 350   M    M   0        20 350
20  94  70  82   4   0  17    T  0.0    0 10.3 24 320   M    M   0        30 330
21  92  66  79   1   0  14 0.00  0.0    0  8.9 17 340   M    M   0        21 330
22  92  66  79   1   0  14 0.00  0.0    0 10.4 23 320   M    M   0        28 320
23  89  64  77  -1   0  12 0.00  0.0    0 12.5 18 340   M    M   0        24 330
24  96  62  79   1   0  14 0.00  0.0    0  8.0 15 330   M    M   0        21 340
25 103  65  84   6   0  19 0.00  0.0    0  6.6 14 320   M    M   0        17 320
26 105  67  86   8   0  21 0.00  0.0    0  6.2 14 330   M    M   0        18 340
27 103  71  87   9   0  22 0.00  0.0    0  7.6 17 340   M    M   0        21 330
================================================================================
SM 2641 1789         0 467    T      0.0 213.3          M        0
================================================================================
AV 97.8 66.3                               8.2 FASTST   M    M   0    MAX(MPH)
                                 MISC ---->  # 24 320               # 41  230
================================================================================
NOTES:
# LAST OF SEVERAL OCCURRENCES

COLUMN 17 PEAK WIND IN M.P.H.

PRELIMINARY LOCAL CLIMATOLOGICAL DATA (WS FORM: F-6) , PAGE 2

                                          STATION:  MERCED CA AIRPORT
                                          MONTH:    JULY
                                          YEAR:     2014
                                          LATITUDE:   37 16 N
                                          LONGITUDE: 120 36 W

[TEMPERATURE DATA]      [PRECIPITATION DATA]       SYMBOLS USED IN COLUMN 16

AVERAGE MONTHLY: 82.0   TOTAL FOR MONTH:      T    1 = FOG OR MIST
DPTR FM NORMAL:   4.2   DPTR FM NORMAL:   -0.00    2 = FOG REDUCING VISIBILITY
HIGHEST:   105 ON 26, 8 GRTST 24HR    T  ON 20-20      TO 1/4 MILE OR LESS
LOWEST:     62 ON 24,12                            3 = THUNDER
                        SNOW, ICE PELLETS, HAIL    4 = ICE PELLETS
                        TOTAL MONTH:   0.0 INCH    5 = HAIL
                        GRTST 24HR     0.0         6 = FREEZING RAIN OR DRIZZLE
                        GRTST DEPTH:   0           7 = DUSTSTORM OR SANDSTORM:
                                                       VSBY 1/2 MILE OR LESS
                                                   8 = SMOKE OR HAZE
[NO. OF DAYS WITH]      [WEATHER - DAYS WITH]      9 = BLOWING SNOW
                                                   X = TORNADO
MAX 32 OR BELOW:   0    0.01 INCH OR MORE:   0
MAX 90 OR ABOVE:  26    0.10 INCH OR MORE:   0
MIN 32 OR BELOW:   0    0.50 INCH OR MORE:   0
MIN  0 OR BELOW:   0    1.00 INCH OR MORE:   0

[HDD (BASE 65) ]
TOTAL THIS MO.     0    CLEAR  (SCALE 0-3)  27
DPTR FM NORMAL     0    PTCLDY (SCALE 4-7)   0
TOTAL FM JUL 1     0    CLOUDY (SCALE 8-10)  0
DPTR FM NORMAL     0

[CDD (BASE 65) ]
TOTAL THIS MO.   467
DPTR FM NORMAL   121    [PRESSURE DATA]
TOTAL FM JAN 1  1083    HIGHEST SLP M ON M
DPTR FM NORMAL   344    LOWEST  SLP 29.66 ON  1

[REMARKS]




U.S. Dept. of Commerce
NOAA National Weather Service
1325 East West Highway
Silver Spring, MD 20910
E-mail: w-nws.webmaster@noaa.gov
Page last modified: May 16, 2007
NATIONAL WEATHER SERVICE: for Safety, for Work, for Fun - FOR LIFE