097
CXUS56 KHNX 011146
CF6MCE
PRELIMINARY LOCAL CLIMATOLOGICAL DATA (WS FORM: F-6)

                                          STATION:   MERCED CA AIRPORT
                                          MONTH:     AUGUST
                                          YEAR:      2014
                                          LATITUDE:   37 16 N
                                          LONGITUDE: 120 36 W

  TEMPERATURE IN F:       :PCPN:    SNOW:  WIND      :SUNSHINE: SKY     :PK WND
================================================================================
1   2   3   4   5  6A  6B    7    8   9   10  11  12  13   14  15   16   17  18
                                     12Z  AVG MX 2MIN
DY MAX MIN AVG DEP HDD CDD  WTR  SNW DPTH SPD SPD DIR MIN PSBL S-S WX    SPD DR
================================================================================

 1 107  67  87   9   0  22 0.00  0.0    0  8.2 18 310   M    M   0        24 330
 2 104  67  86   9   0  21 0.00  0.0    0  9.5 15 340   M    M   0         M  M
 3  93  69  81   4   0  16 0.00  0.0    0  5.2 12 340   M    M   0        14 340
 4  85  67  76  -1   0  11    T  0.0    0  8.4 14 320   M    M   1        17 320
 5  94  65  80   3   0  15 0.00  0.0    0 11.8 22 340   M    M   1        27 330
 6  94  69  82   5   0  17 0.00  0.0    0  9.2 16 310   M    M   0 8      21 310
 7  99  69  84   7   0  19 0.00  0.0    0  6.6 15 340   M    M   0 8      19 320
 8  99  67  83   6   0  18 0.00  0.0    0  5.7 14 340   M    M   0        18 330
 9  99  65  82   5   0  17 0.00  0.0    0  6.2 14 330   M    M   0        17 320
10  92  62  77   0   0  12 0.00  0.0    0  7.8 13 320   M    M   0        17 340
11 101  64  83   6   0  18 0.00  0.0    0  6.2 13 310   M    M   0        16 330
12  96  66  81   4   0  16 0.00  0.0    0  9.4 17 330   M    M   0        21 300
13  93  62  78   1   0  13 0.00  0.0    0 10.2 17 330   M    M   0        22 340
14  96  66  81   5   0  16 0.00  0.0    0  6.9 15 330   M    M   0        19 320
15  98  63  81   5   0  16 0.00  0.0    0  6.2 14 340   M    M   0        18 340
16  99  62  81   5   0  16 0.00  0.0    0  6.5 13 340   M    M   0        22  80
17  99  64  82   6   0  17 0.00  0.0    0  7.7 16 330   M    M   0        19 310
18  97  60  79   3   0  14 0.00  0.0    0  5.8 14 320   M    M   0        18 320
19  89  64  77   1   0  12 0.00  0.0    0  8.7 15 340   M    M   0        18 310
20  91  62  77   1   0  12 0.00  0.0    0  6.5 13 320   M    M   0        15 320
21  95  62  79   3   0  14 0.00  0.0    0  6.8 13 320   M    M   0        17 330
22  97  62  80   4   0  15 0.00  0.0    0  5.4 17 260   M    M   0        21 260
23  92  62  77   1   0  12 0.00  0.0    0  5.1 13 340   M    M   0 8      18 290
24  94  62  78   2   0  13 0.00  0.0    0  8.0 14 350   M    M   0        17 340
25  87  63  75  -1   0  10 0.00  0.0    0  9.0 15 330   M    M   0        21 350
26  91  61  76   1   0  11 0.00  0.0    0  6.1 13 340   M    M   0        16 330
27  98  61  80   5   0  15 0.00  0.0    0  4.5  9  10   M    M   0 8      12 340
28 100  64  82   7   0  17 0.00  0.0    0  5.9 13 330   M    M   0 8      18 330
29  98  63  81   6   0  16 0.00  0.0    0  6.8 15 330   M    M   0        18 310
30  99  68  84   9   0  19 0.00  0.0    0  7.7 17 330   M    M   0        22 310
31  95  61  78   3   0  13 0.00  0.0    0  6.8 15 330   M    M   0        20 300
================================================================================
SM 2971 1989         0 473    T      0.0 224.8          M        2
================================================================================
AV 95.8 64.2                               7.3 FASTST   M    M   0    MAX(MPH)
                                 MISC ---->  # 22 340               # 27  330
================================================================================
NOTES:
# LAST OF SEVERAL OCCURRENCES

COLUMN 17 PEAK WIND IN M.P.H.

PRELIMINARY LOCAL CLIMATOLOGICAL DATA (WS FORM: F-6) , PAGE 2

                                          STATION:  MERCED CA AIRPORT
                                          MONTH:    AUGUST
                                          YEAR:     2014
                                          LATITUDE:   37 16 N
                                          LONGITUDE: 120 36 W

[TEMPERATURE DATA]      [PRECIPITATION DATA]       SYMBOLS USED IN COLUMN 16

AVERAGE MONTHLY: 80.0   TOTAL FOR MONTH:      T    1 = FOG OR MIST
DPTR FM NORMAL:   3.7   DPTR FM NORMAL:   -0.01    2 = FOG REDUCING VISIBILITY
HIGHEST:   107 ON  1    GRTST 24HR    T  ON  4- 4      TO 1/4 MILE OR LESS
LOWEST:     60 ON 18                               3 = THUNDER
                        SNOW, ICE PELLETS, HAIL    4 = ICE PELLETS
                        TOTAL MONTH:   0.0 INCH    5 = HAIL
                        GRTST 24HR     0.0         6 = FREEZING RAIN OR DRIZZLE
                        GRTST DEPTH:   0           7 = DUSTSTORM OR SANDSTORM:
                                                       VSBY 1/2 MILE OR LESS
                                                   8 = SMOKE OR HAZE
[NO. OF DAYS WITH]      [WEATHER - DAYS WITH]      9 = BLOWING SNOW
                                                   X = TORNADO
MAX 32 OR BELOW:   0    0.01 INCH OR MORE:   0
MAX 90 OR ABOVE:  28    0.10 INCH OR MORE:   0
MIN 32 OR BELOW:   0    0.50 INCH OR MORE:   0
MIN  0 OR BELOW:   0    1.00 INCH OR MORE:   0

[HDD (BASE 65) ]
TOTAL THIS MO.     0    CLEAR  (SCALE 0-3)  31
DPTR FM NORMAL    -1    PTCLDY (SCALE 4-7)   0
TOTAL FM JUL 1     0    CLOUDY (SCALE 8-10)  0
DPTR FM NORMAL    -1

[CDD (BASE 65) ]
TOTAL THIS MO.   473
DPTR FM NORMAL   124    [PRESSURE DATA]
TOTAL FM JAN 1  1648    HIGHEST SLP M ON M
DPTR FM NORMAL   509    LOWEST  SLP 29.69 ON 18

[REMARKS]
#FINAL-08-14#




U.S. Dept. of Commerce
NOAA National Weather Service
1325 East West Highway
Silver Spring, MD 20910
E-mail: w-nws.webmaster@noaa.gov
Page last modified: May 16, 2007
NATIONAL WEATHER SERVICE: for Safety, for Work, for Fun - FOR LIFE