750
CXUS56 KHNX 011146
CF6MCE
PRELIMINARY LOCAL CLIMATOLOGICAL DATA (WS FORM: F-6)

                                          STATION:   MERCED CA AIRPORT
                                          MONTH:     NOVEMBER
                                          YEAR:      2014
                                          LATITUDE:   37 16 N
                                          LONGITUDE: 120 36 W

  TEMPERATURE IN F:       :PCPN:    SNOW:  WIND      :SUNSHINE: SKY     :PK WND
================================================================================
1   2   3   4   5  6A  6B    7    8   9   10  11  12  13   14  15   16   17  18
                                     12Z  AVG MX 2MIN
DY MAX MIN AVG DEP HDD CDD  WTR  SNW DPTH SPD SPD DIR MIN PSBL S-S WX    SPD DR
================================================================================

 1  62  50  56  -2   9   0 0.22  0.0    0  5.3 13 150   M    M   5 18     16 190
 2  66  46  56  -2   9   0 0.00  0.0    0  4.4 14 330   M    M   2 128    17 330
 3  66  42  54  -3  11   0 0.00  0.0    0  2.3  7 220   M    M   0 18      9 240
 4  69  44  57   0   8   0 0.00  0.0    0  2.0  7 290   M    M   0 18      8 260
 5  72  45  59   3   6   0 0.00  0.0    0  2.9  7 100   M    M   0 18     11 150
 6  78  48  63   7   2   0 0.00  0.0    0  3.5  8 280   M    M   0 18     13 290
 7  77  46  62   6   3   0 0.00  0.0    0  2.6 10 310   M    M   0 18     14 290
 8  78  47  63   8   2   0 0.00  0.0    0  1.9  6 310   M    M   0 18      7 330
 9  77  48  63   8   2   0 0.00  0.0    0  1.5  8 330   M    M   0 18     14 240
10  77  48  63   9   2   0 0.00  0.0    0  2.7  8 240   M    M   0 18     10 260
11  66  50  58   4   7   0 0.00  0.0    0  4.7 12 310   M    M   3 18     15 310
12  68  51  60   6   5   0 0.00  0.0    0  4.0  9 340   M    M   4 18     13 320
13  64  55  60   7   5   0 0.23  0.0    0  6.1 17 120   M    M   6 18     24 120
14  69  50  60   7   5   0 0.00  0.0    0  5.4 15 340   M    M   1 128    18 340
15  67  46  57   5   8   0 0.00  0.0    0  6.9 14 320   M    M   0 18     18 330
16  57  43  50  -2  15   0 0.00  0.0    0  3.1 13 310   M    M   3 128    16 310
17  64  41  53   1  12   0 0.00  0.0    0  2.6  7  10   M    M   5 128     8 320
18  65  37  51   0  14   0 0.00  0.0    0  2.6 10 270   M    M   2 18     12 260
19  70  45  58   7   7   0    T  0.0    0  6.3 18 140   M    M   7 18     23 140
20  59  47  53   2  12   0 0.03  0.0    0  3.5 13 110   M    M   8 128    25  80
21  62  46  54   4  11   0 0.00  0.0    0  6.5 13 310   M    M   8 128    17 310
22  60  48  54   4  11   0 0.03  0.0    0  8.7 17 330   M    M   6 18     24 330
23  62  44  53   3  12   0 0.00  0.0    0  7.5 22 320   M    M   3 18     28 320
24  63  38  51   2  14   0 0.00  0.0    0  1.8  7 330   M    M   3 128     9 350
25  64  38  51   2  14   0 0.00  0.0    0  1.9  6 260   M    M   0 128     8 240
26  69  39  54   5  11   0 0.00  0.0    0  1.4  6 290   M    M   0 18      8 280
27  70  42  56   8   9   0 0.00  0.0    0  1.6  8 330   M    M   0 18      9 330
28  72  39  56   8   9   0 0.00  0.0    0  2.7  8 270   M    M   0 18     10 140
29  61  42  52   4  13   0 0.16  0.0    0  4.0 14 340   M    M   6 18     16 340
30  64  45  55   8  10   0 0.03  0.0    0  6.0 20 130   M    M   5 18     23 130
================================================================================
SM 2018 1350       258   0  0.70     0.0 116.4          M       77
================================================================================
AV 67.3 45.0                               3.9 FASTST   M    M   3    MAX(MPH)
                                 MISC ---->  # 22 320               # 28  320
================================================================================
NOTES:
# LAST OF SEVERAL OCCURRENCES

COLUMN 17 PEAK WIND IN M.P.H.

PRELIMINARY LOCAL CLIMATOLOGICAL DATA (WS FORM: F-6) , PAGE 2

                                          STATION:  MERCED CA AIRPORT
                                          MONTH:    NOVEMBER
                                          YEAR:     2014
                                          LATITUDE:   37 16 N
                                          LONGITUDE: 120 36 W

[TEMPERATURE DATA]      [PRECIPITATION DATA]       SYMBOLS USED IN COLUMN 16

AVERAGE MONTHLY: 56.1   TOTAL FOR MONTH:   0.70    1 = FOG OR MIST
DPTR FM NORMAL:   3.7   DPTR FM NORMAL:   -0.48    2 = FOG REDUCING VISIBILITY
HIGHEST:    78 ON  8, 6 GRTST 24HR  0.86 ON 31- 1      TO 1/4 MILE OR LESS
LOWEST:     37 ON 18                               3 = THUNDER
                        SNOW, ICE PELLETS, HAIL    4 = ICE PELLETS
                        TOTAL MONTH:   0.0 INCH    5 = HAIL
                        GRTST 24HR     0.0         6 = FREEZING RAIN OR DRIZZLE
                        GRTST DEPTH:   0           7 = DUSTSTORM OR SANDSTORM:
                                                       VSBY 1/2 MILE OR LESS
                                                   8 = SMOKE OR HAZE
[NO. OF DAYS WITH]      [WEATHER - DAYS WITH]      9 = BLOWING SNOW
                                                   X = TORNADO
MAX 32 OR BELOW:   0    0.01 INCH OR MORE:   6
MAX 90 OR ABOVE:   0    0.10 INCH OR MORE:   3
MIN 32 OR BELOW:   0    0.50 INCH OR MORE:   0
MIN  0 OR BELOW:   0    1.00 INCH OR MORE:   0

[HDD (BASE 65) ]
TOTAL THIS MO.   258    CLEAR  (SCALE 0-3)  20
DPTR FM NORMAL  -121    PTCLDY (SCALE 4-7)  10
TOTAL FM JUL 1   285    CLOUDY (SCALE 8-10)  0
DPTR FM NORMAL  -204

[CDD (BASE 65) ]
TOTAL THIS MO.     0
DPTR FM NORMAL    -1    [PRESSURE DATA]
TOTAL FM JAN 1  2147    HIGHEST SLP 30.50 ON 25
DPTR FM NORMAL   739    LOWEST  SLP 29.75 ON  1

[REMARKS]
#FINAL-11-14#




U.S. Dept. of Commerce
NOAA National Weather Service
1325 East West Highway
Silver Spring, MD 20910
E-mail: w-nws.webmaster@noaa.gov
Page last modified: May 16, 2007
NATIONAL WEATHER SERVICE: for Safety, for Work, for Fun - FOR LIFE