755
CXUS55 KLIX 290830
CF6MCB
PRELIMINARY LOCAL CLIMATOLOGICAL DATA (WS FORM: F-6)

                                          STATION:   MCCOMB
                                          MONTH:     JULY
                                          YEAR:      2014
                                          LATITUDE:   31 10 N
                                          LONGITUDE:  90 28 W

  TEMPERATURE IN F:       :PCPN:    SNOW:  WIND      :SUNSHINE: SKY     :PK WND
================================================================================
1   2   3   4   5  6A  6B    7    8   9   10  11  12  13   14  15   16   17  18
                                     12Z  AVG MX 2MIN
DY MAX MIN AVG DEP HDD CDD  WTR  SNW DPTH SPD SPD DIR MIN PSBL S-S WX    SPD DR
================================================================================

 1  91  74  83   3   0  18 0.00  0.0    0  4.0 12 300   M    M   3 1      16 260
 2  94  72  83   3   0  18 0.07  0.0    0  6.8 16 320   M    M   2 3      21 350
 3  91  69  80   0   0  15 0.00  0.0    0  5.5 12  10   M    M   1        16  20
 4  87  68  78  -2   0  13 0.00  0.0    0  6.0 12  10   M    M   0        16 100
 5  88  66  77  -4   0  12 0.00  0.0    0  3.2 10 330   M    M   0        13 320
 6  90  63  77  -4   0  12 0.00  0.0    0  2.0  8  50   M    M   1        11 210
 7  91  66  79  -2   0  14 0.00  0.0    0  3.3 10 190   M    M   1 1      14 210
 8  90  69  80  -1   0  15 0.00  0.0    0  3.2 16 260   M    M   1 18     22 280
 9  88  68  78  -3   0  13 0.00  0.0    0  4.6 17 340   M    M   1 3      24 340
10  91  70  81   0   0  16 0.94  0.0    0  4.2 16  90   M    M   3 13     22 130
11  92  70  81   0   0  16 0.06  0.0    0  3.5 17  80   M    M   2 13     26  80
12  90  70  80  -1   0  15 0.09  0.0    0  2.9 12 350   M    M   2 13     15 360
13  91  72  82   1   0  17 0.00  0.0    0  2.2 18 170   M    M   2 138    23 170
14  90  70  80  -1   0  15 0.00  0.0    0  4.1 14 210   M    M   1 13     18 220
15  87  74  81   0   0  16 0.01  0.0    0  6.7 18 310   M    M   2 13     23 320
16  84  69  77  -4   0  12 0.00  0.0    0  6.9 14 300   M    M   2        17 320
17  85  63  74  -7   0   9 0.00  0.0    0  3.7  8 140   M    M   1        11  70
18  79  71  75  -6   0  10 1.88  0.0    0  5.8 16 190   M    M   8 18     26 180
19  81  73  77  -4   0  12 0.53  0.0    0  2.6  8 160   M    M  10 18     10 200
20  86  72  79  -2   0  14 0.00  0.0    0  2.6  9 340   M    M   7 18     15 130
21  88  69  79  -2   0  14 0.00  0.0    0  3.3 12 330   M    M   2        18 320
22  88  69  79  -2   0  14 0.04  0.0    0  4.2  9  20   M    M   1 18     14  10
23  90  67  79  -2   0  14 0.00  0.0    0  2.6 14 160   M    M   3 12     18 160
24  90  71  81   0   0  16 0.00  0.0    0  2.3 12 290   M    M   2 18     14 280
25  93  72  83   2   0  18 0.00  0.0    0  3.2 10 340   M    M   3 18     16 320
26  92  72  82   1   0  17 0.00  0.0    0  3.1 10 200   M    M   1 1      13 250
27  92  75  84   3   0  19 0.00  0.0    0  4.6 14 280   M    M   1 1      16 270
28  91  76  84   3   0  19    T  0.0    0  7.8 17 320   M    M   2 138    25 310
================================================================================
SM 2490 1960         0 413  3.62     0.0 114.9          M       65
================================================================================
AV 88.9 70.0                               4.1 FASTST   M    M   2    MAX(MPH)
                                 MISC ---->  # 18 170               # 26   80
================================================================================
NOTES:
# LAST OF SEVERAL OCCURRENCES

COLUMN 17 PEAK WIND IN M.P.H.

PRELIMINARY LOCAL CLIMATOLOGICAL DATA (WS FORM: F-6) , PAGE 2

                                          STATION:  MCCOMB
                                          MONTH:    JULY
                                          YEAR:     2014
                                          LATITUDE:   31 10 N
                                          LONGITUDE:  90 28 W

[TEMPERATURE DATA]      [PRECIPITATION DATA]       SYMBOLS USED IN COLUMN 16

AVERAGE MONTHLY: 79.5   TOTAL FOR MONTH:   3.62    1 = FOG OR MIST
DPTR FM NORMAL:  -1.4   DPTR FM NORMAL:   -1.40    2 = FOG REDUCING VISIBILITY
HIGHEST:    94 ON  2    GRTST 24HR  1.88 ON 18-18      TO 1/4 MILE OR LESS
LOWEST:     63 ON 17, 6                            3 = THUNDER
                        SNOW, ICE PELLETS, HAIL    4 = ICE PELLETS
                        TOTAL MONTH:   0.0 INCH    5 = HAIL
                        GRTST 24HR     0.0         6 = FREEZING RAIN OR DRIZZLE
                        GRTST DEPTH:   0           7 = DUSTSTORM OR SANDSTORM:
                                                       VSBY 1/2 MILE OR LESS
                                                   8 = SMOKE OR HAZE
[NO. OF DAYS WITH]      [WEATHER - DAYS WITH]      9 = BLOWING SNOW
                                                   X = TORNADO
MAX 32 OR BELOW:   0    0.01 INCH OR MORE:   8
MAX 90 OR ABOVE:  17    0.10 INCH OR MORE:   3
MIN 32 OR BELOW:   0    0.50 INCH OR MORE:   3
MIN  0 OR BELOW:   0    1.00 INCH OR MORE:   1

[HDD (BASE 65) ]
TOTAL THIS MO.     0    CLEAR  (SCALE 0-3)  23
DPTR FM NORMAL     0    PTCLDY (SCALE 4-7)   3
TOTAL FM JUL 1     0    CLOUDY (SCALE 8-10)  2
DPTR FM NORMAL     0

[CDD (BASE 65) ]
TOTAL THIS MO.   413
DPTR FM NORMAL   -32    [PRESSURE DATA]
TOTAL FM JAN 1  1159    HIGHEST SLP M ON M
DPTR FM NORMAL   -78    LOWEST  SLP 29.89 ON 18

[REMARKS]




U.S. Dept. of Commerce
NOAA National Weather Service
1325 East West Highway
Silver Spring, MD 20910
E-mail: w-nws.webmaster@noaa.gov
Page last modified: May 16, 2007
NATIONAL WEATHER SERVICE: for Safety, for Work, for Fun - FOR LIFE