620
CXUS55 KLIX 010830
CF6MCB
PRELIMINARY LOCAL CLIMATOLOGICAL DATA (WS FORM: F-6)

                                          STATION:   MCCOMB
                                          MONTH:     NOVEMBER
                                          YEAR:      2014
                                          LATITUDE:   31 10 N
                                          LONGITUDE:  90 28 W

  TEMPERATURE IN F:       :PCPN:    SNOW:  WIND      :SUNSHINE: SKY     :PK WND
================================================================================
1   2   3   4   5  6A  6B    7    8   9   10  11  12  13   14  15   16   17  18
                                     12Z  AVG MX 2MIN
DY MAX MIN AVG DEP HDD CDD  WTR  SNW DPTH SPD SPD DIR MIN PSBL S-S WX    SPD DR
================================================================================

 1  59  38  49 -13  16   0 0.00  0.0    0  9.1 17 350   M    M   0        27  20
 2  66  36  51 -11  14   0 0.00  0.0    0  3.5  9  80   M    M   0        13  70
 3  72  39  56  -5   9   0 0.00  0.0    0  3.8 13 160   M    M   0        17 160
 4  79  53  66   5   0   1 0.00  0.0    0  6.6 17 160   M    M   1 18     22 160
 5  75  60  68   7   0   3 0.03  0.0    0  4.6 16 170   M    M   5 1      28 150
 6  71  53  62   2   3   0 0.01  0.0    0  7.3 17 340   M    M   5 1      21 330
 7  63  43  53  -7  12   0 0.00  0.0    0  7.1 16  10   M    M   0        22  10
 8  71  39  55  -5  10   0 0.00  0.0    0  4.8 13 330   M    M   1        16 330
 9  70  40  55  -5  10   0 0.00  0.0    0  4.7 13  10   M    M   0        17  10
10  75  35  55  -4  10   0 0.00  0.0    0  5.7 16 170   M    M   1 1      20 190
11  81  56  69  10   0   4 0.00  0.0    0  6.9 21 330   M    M   7 1      26 200
12  56  40  48 -10  17   0 0.20  0.0    0 10.3 17 350   M    M  10 1      24 360
13  45  31  38 -20  27   0    T  0.0    0 13.0 22 330   M    M   6 8      29 360
14  48  29  39 -19  26   0 0.00  0.0    0  8.3 17 340   M    M   1        23 340
15  57  30  44 -14  21   0 0.00  0.0    0  5.3 13 140   M    M   4        17 150
16  71  50  61   4   4   0 1.90  0.0    0 10.5 24 160   M    M   9 138    29 170
17  50  34  42 -15  23   0 0.16  0.0    0 13.9 25 330   M    M   5 1      33 310
18  48  27  38 -19  27   0 0.00  0.0    0  6.9 16 350   M    M   0        21 350
19  59  22  41 -15  24   0 0.00  0.0    0  4.7 15 200   M    M   1        19 220
20  70  37  54  -2  11   0 0.00  0.0    0  3.8 12 190   M    M   3 1      14 190
21  71  39  55  -1  10   0 0.00  0.0    0  5.5 20 160   M    M   2        24 150
22  69  50  60   4   5   0 0.00  0.0    0  7.4 17 160   M    M   3        27 200
23  72  61  67  12   0   2 0.16  0.0    0 10.5 21 210   M    M   8 1      31 210
24  65  48  57   2   8   0 0.00  0.0    0  8.2 17 340   M    M   2 1      22 340
25  55  33  44 -11  21   0 0.00  0.0    0  7.1 16 340   M    M   3        23 340
26  67  29  48  -6  17   0 0.00  0.0    0  6.2 21 230   M    M   0        30 260
27  57  39  48  -6  17   0 0.00  0.0    0  8.3 18 360   M    M   0 8      24 360
28  60  31  46  -8  19   0 0.00  0.0    0  5.0 12 130   M    M   0        14 130
29  74  40  57   3   8   0 0.00  0.0    0  8.1 17 190   M    M   3 12     22 180
30  78  54  66  13   0   1 0.00  0.0    0  7.0 18 170   M    M   4 12     25 170
================================================================================
SM 1954 1216       369  11  2.46     0.0 214.1          M       84
================================================================================
AV 65.1 40.5                               7.1 FASTST   M    M   3    MAX(MPH)
                                 MISC ---->  # 25 330               # 33  310
================================================================================
NOTES:
# LAST OF SEVERAL OCCURRENCES

COLUMN 17 PEAK WIND IN M.P.H.

PRELIMINARY LOCAL CLIMATOLOGICAL DATA (WS FORM: F-6) , PAGE 2

                                          STATION:  MCCOMB
                                          MONTH:    NOVEMBER
                                          YEAR:     2014
                                          LATITUDE:   31 10 N
                                          LONGITUDE:  90 28 W

[TEMPERATURE DATA]      [PRECIPITATION DATA]       SYMBOLS USED IN COLUMN 16

AVERAGE MONTHLY: 52.8   TOTAL FOR MONTH:   2.46    1 = FOG OR MIST
DPTR FM NORMAL:  -4.7   DPTR FM NORMAL:   -1.92    2 = FOG REDUCING VISIBILITY
HIGHEST:    81 ON 11    GRTST 24HR  2.06 ON 16-17      TO 1/4 MILE OR LESS
LOWEST:     22 ON 19                               3 = THUNDER
                        SNOW, ICE PELLETS, HAIL    4 = ICE PELLETS
                        TOTAL MONTH:   0.0 INCH    5 = HAIL
                        GRTST 24HR     0.0         6 = FREEZING RAIN OR DRIZZLE
                        GRTST DEPTH:   0           7 = DUSTSTORM OR SANDSTORM:
                                                       VSBY 1/2 MILE OR LESS
                                                   8 = SMOKE OR HAZE
[NO. OF DAYS WITH]      [WEATHER - DAYS WITH]      9 = BLOWING SNOW
                                                   X = TORNADO
MAX 32 OR BELOW:   0    0.01 INCH OR MORE:   6
MAX 90 OR ABOVE:   0    0.10 INCH OR MORE:   4
MIN 32 OR BELOW:   7    0.50 INCH OR MORE:   1
MIN  0 OR BELOW:   0    1.00 INCH OR MORE:   1

[HDD (BASE 65) ]
TOTAL THIS MO.   369    CLEAR  (SCALE 0-3)  20
DPTR FM NORMAL   115    PTCLDY (SCALE 4-7)   8
TOTAL FM JUL 1   406    CLOUDY (SCALE 8-10)  2
DPTR FM NORMAL    73

[CDD (BASE 65) ]
TOTAL THIS MO.    11
DPTR FM NORMAL   -18    [PRESSURE DATA]
TOTAL FM JAN 1  2291    HIGHEST SLP 30.52 ON 18
DPTR FM NORMAL    29    LOWEST  SLP 29.55 ON 23

[REMARKS]
#FINAL-11-14#




U.S. Dept. of Commerce
NOAA National Weather Service
1325 East West Highway
Silver Spring, MD 20910
E-mail: w-nws.webmaster@noaa.gov
Page last modified: May 16, 2007
NATIONAL WEATHER SERVICE: for Safety, for Work, for Fun - FOR LIFE