963
CXUS53 KDTX 300800
CF6MBS
PRELIMINARY LOCAL CLIMATOLOGICAL DATA (WS FORM: F-6)

                                          STATION:   TRI CITIES MI
                                          MONTH:     SEPTEMBER
                                          YEAR:      2014
                                          LATITUDE:   43 31 N
                                          LONGITUDE:  84  5 W

  TEMPERATURE IN F:       :PCPN:    SNOW:  WIND      :SUNSHINE: SKY     :PK WND
================================================================================
1   2   3   4   5  6A  6B    7    8   9   10  11  12  13   14  15   16   17  18
                                     12Z  AVG MX 2MIN
DY MAX MIN AVG DEP HDD CDD  WTR  SNW DPTH SPD SPD DIR MIN PSBL S-S WX    SPD DR
================================================================================

 1  84  64  74   8   0   9 0.95  0.0    0  9.4 36 280   M    M   4 13     42 280
 2  80  62  71   5   0   6 0.00  0.0    0  7.4 17 290   M    M   1        21 280
 3  82  59  71   5   0   6 0.00  0.0    0  5.8 13 240   M    M   1        15 280
 4  81  62  72   6   0   7 0.01  0.0    0  9.2 16 210   M    M   1 3      23 200
 5  87  66  77  12   0  12    T  0.0    0 12.4 25 260   M    M   4 3      31 270
 6  74  57  66   1   0   1    T  0.0    0  8.4 16 280   M    M   3        20 310
 7  77  50  64   0   1   0 0.00  0.0    0  5.3 13 230   M    M   0        15 240
 8  78  53  66   2   0   1 0.00  0.0    0  6.4 13 150   M    M   0        17 120
 9  81  60  71   7   0   6 0.00  0.0    0  4.0 12 210   M    M   0        16 210
10  75  59  67   3   0   2 0.26  0.0    0 13.2 28 280   M    M   8 1      36 180
11  59  51  55  -8  10   0 0.00  0.0    0 11.9 26 300   M    M  10        36 280
12  57  49  53 -10  12   0 0.33  0.0    0  8.5 14  60   M    M  10 1      19  10
13  59  45  52 -10  13   0 0.33  0.0    0  8.5 21 330   M    M   8 1      25 320
14  63  44  54  -8  11   0 0.00  0.0    0  6.7 17 220   M    M   7        21 230
15  61  48  55  -7  10   0 0.15  0.0    0  6.3 10 350   M    M   7 1      14 200
16  66  43  55  -6  10   0 0.00  0.0    0  6.4 18 240   M    M   4 12     26 230
17  70  43  57  -4   8   0 0.00  0.0    0  7.0 15 260   M    M   1        20 260
18  58  42  50 -10  15   0 0.00  0.0    0  8.1 15  40   M    M   6        19  40
19  68  39  54  -6  11   0 0.00  0.0    0  6.9 16 180   M    M   0        23 190
20  79  55  67   7   0   2 0.14  0.0    0 13.4 26 220   M    M   3 3      34 220
21  67  49  58  -1   7   0 1.29  0.0    0 14.2 26 350   M    M  10 13     34 250
22  64  45  55  -4  10   0 0.00  0.0    0  9.0 15 270   M    M   5        21 280
23  75  47  61   3   4   0 0.00  0.0    0  6.1 14 280   M    M   0        16 240
24  75  50  63   5   2   0 0.00  0.0    0  4.9 12 140   M    M   0        14 140
25  77  49  63   5   2   0 0.00  0.0    0  1.5  9 160   M    M   0 1      12 160
26  78  48  63   6   2   0 0.00  0.0    0  2.5  9 150   M    M   1 18     12 130
27  79  50  65   8   0   0 0.00  0.0    0  2.2 10  70   M    M   1 12     14 130
28  78  53  66  10   0   1 0.00  0.0    0  1.2  6 250   M    M   0 1       7 230
29  79  51  65   9   0   0 0.23  0.0    0  8.4 23 340   M    M   1 1      27 330
================================================================================
SM 2111 1493       128  53  3.69     0.0 215.2          M       96
================================================================================
AV 72.8 51.5                               7.4 FASTST   M    M   3    MAX(MPH)
                                 MISC ---->  # 36 280               # 42  280
================================================================================
NOTES:
# LAST OF SEVERAL OCCURRENCES

COLUMN 17 PEAK WIND IN M.P.H.

PRELIMINARY LOCAL CLIMATOLOGICAL DATA (WS FORM: F-6) , PAGE 2

                                          STATION:  TRI CITIES MI
                                          MONTH:    SEPTEMBER
                                          YEAR:     2014
                                          LATITUDE:   43 31 N
                                          LONGITUDE:  84  5 W

[TEMPERATURE DATA]      [PRECIPITATION DATA]       SYMBOLS USED IN COLUMN 16

AVERAGE MONTHLY: 62.1   TOTAL FOR MONTH:   3.69    1 = FOG OR MIST
DPTR FM NORMAL:   0.7   DPTR FM NORMAL:   -0.03    2 = FOG REDUCING VISIBILITY
HIGHEST:    87 ON  5    GRTST 24HR  1.40 ON 20-21      TO 1/4 MILE OR LESS
LOWEST:     39 ON 19                               3 = THUNDER
                        SNOW, ICE PELLETS, HAIL    4 = ICE PELLETS
                        TOTAL MONTH:   0.0 INCH    5 = HAIL
                        GRTST 24HR     0.0         6 = FREEZING RAIN OR DRIZZLE
                        GRTST DEPTH:   0           7 = DUSTSTORM OR SANDSTORM:
                                                       VSBY 1/2 MILE OR LESS
                                                   8 = SMOKE OR HAZE
[NO. OF DAYS WITH]      [WEATHER - DAYS WITH]      9 = BLOWING SNOW
                                                   X = TORNADO
MAX 32 OR BELOW:   0    0.01 INCH OR MORE:   9
MAX 90 OR ABOVE:   0    0.10 INCH OR MORE:   8
MIN 32 OR BELOW:   0    0.50 INCH OR MORE:   2
MIN  0 OR BELOW:   0    1.00 INCH OR MORE:   1

[HDD (BASE 65) ]
TOTAL THIS MO.   128    CLEAR  (SCALE 0-3)  16
DPTR FM NORMAL   -21    PTCLDY (SCALE 4-7)   9
TOTAL FM JUL 1   154    CLOUDY (SCALE 8-10)  4
DPTR FM NORMAL   -35

[CDD (BASE 65) ]
TOTAL THIS MO.    53
DPTR FM NORMAL     4    [PRESSURE DATA]
TOTAL FM JAN 1   538    HIGHEST SLP M ON M
DPTR FM NORMAL   -15    LOWEST  SLP 29.53 ON 10

[REMARKS]




U.S. Dept. of Commerce
NOAA National Weather Service
1325 East West Highway
Silver Spring, MD 20910
E-mail: w-nws.webmaster@noaa.gov
Page last modified: May 16, 2007
NATIONAL WEATHER SERVICE: for Safety, for Work, for Fun - FOR LIFE