408
CXUS53 KDTX 010800
CF6MBS
PRELIMINARY LOCAL CLIMATOLOGICAL DATA (WS FORM: F-6)

                                          STATION:   TRI CITIES MI
                                          MONTH:     AUGUST
                                          YEAR:      2014
                                          LATITUDE:   43 31 N
                                          LONGITUDE:  84  5 W

  TEMPERATURE IN F:       :PCPN:    SNOW:  WIND      :SUNSHINE: SKY     :PK WND
================================================================================
1   2   3   4   5  6A  6B    7    8   9   10  11  12  13   14  15   16   17  18
                                     12Z  AVG MX 2MIN
DY MAX MIN AVG DEP HDD CDD  WTR  SNW DPTH SPD SPD DIR MIN PSBL S-S WX    SPD DR
================================================================================

 1  83  62  73   3   0   8 0.01  0.0    0  5.8 15 270   M    M   3 3      19 190
 2  82  57  70   0   0   5    T  0.0    0  2.6  9 250   M    M   1 3      11 350
 3  84  60  72   2   0   7    T  0.0    0  3.9 15 360   M    M   4 12     18  10
 4  85  62  74   4   0   9 0.03  0.0    0  4.4 24 220   M    M   2 3      32 220
 5  79  63  71   1   0   6 1.08  0.0    0  4.8 14  70   M    M   5 13     17  70
 6  80  59  70   0   0   5 0.00  0.0    0  3.7 10  50   M    M   3 12     13  50
 7  80  59  70   0   0   5 0.00  0.0    0  6.4 13  50   M    M   0        16  50
 8  79  57  68  -2   0   3 0.00  0.0    0  5.4 12  70   M    M   0        16  70
 9  80  56  68  -2   0   3 0.00  0.0    0  6.1 15  40   M    M   0        17  50
10  82  57  70   0   0   5 0.00  0.0    0  6.5 14  30   M    M   0        17  40
11  80  65  73   3   0   8 2.34  0.0    0  7.5 16 100   M    M   5 13     20  70
12  76  59  68  -2   0   3 0.03  0.0    0 11.9 21 330   M    M   9        26 320
13  77  53  65  -4   0   0 0.00  0.0    0 12.3 21 320   M    M   1        25 330
14  72  49  61  -8   4   0 0.00  0.0    0 10.8 23 310   M    M   1        29 320
15  77  47  62  -7   3   0 0.00  0.0    0  7.9 16 270   M    M   0        21 250
16  79  55  67  -2   0   2    T  0.0    0 10.9 22 270   M    M   5        27 280
17  75  57  66  -3   0   1 0.00  0.0    0  6.6 13  40   M    M   3        16  50
18  77  57  67  -2   0   2 0.00  0.0    0  5.7 12  40   M    M   4        14  50
19  76  65  71   2   0   6 0.73  0.0    0  9.0 16 160   M    M   7 18     22 210
20  81  64  73   4   0   8 0.02  0.0    0  6.3 22 220   M    M   6 18     27 210
21  79  60  70   2   0   5 0.00  0.0    0  4.0  9 350   M    M   5        11  20
22  79  65  72   4   0   7 0.00  0.0    0  5.9 12  40   M    M   8         M  90
23  78  63  71   3   0   6 0.00  0.0    0  7.2 15  40   M    M   3        18  40
24  77  63  70   2   0   5 0.00  0.0    0  6.2 12  90   M    M   5 1      14 100
25  84  64  74   6   0   9 0.01  0.0    0  4.5  9 200   M    M   5        12 210
26  85  67  76   8   0  11 0.00  0.0    0  7.8 15 250   M    M   1 128    18 250
27  76  59  68   1   0   3    T  0.0    0  6.1 15 360   M    M   7        18 360
28  72  50  61  -6   4   0 0.00  0.0    0  6.4 12 110   M    M   1        16  10
29  75  59  67   0   0   2    T  0.0    0  9.1 17 170   M    M   4        22 170
30  83  69  76   9   0  11 0.44  0.0    0  9.9 22 220   M    M   5 3      34 210
31  82  66  74   8   0   9 0.00  0.0    0  6.0 13 220   M    M   5 1      15 220
================================================================================
SM 2454 1848        11 154  4.69     0.0 211.6          M      108
================================================================================
AV 79.2 59.6                               6.8 FASTST   M    M   3    MAX(MPH)
                                 MISC ---->  # 24 220               # 34  210
================================================================================
NOTES:
# LAST OF SEVERAL OCCURRENCES

COLUMN 17 PEAK WIND IN M.P.H.

PRELIMINARY LOCAL CLIMATOLOGICAL DATA (WS FORM: F-6) , PAGE 2

                                          STATION:  TRI CITIES MI
                                          MONTH:    AUGUST
                                          YEAR:     2014
                                          LATITUDE:   43 31 N
                                          LONGITUDE:  84  5 W

[TEMPERATURE DATA]      [PRECIPITATION DATA]       SYMBOLS USED IN COLUMN 16

AVERAGE MONTHLY: 69.4   TOTAL FOR MONTH:   4.69    1 = FOG OR MIST
DPTR FM NORMAL:   0.6   DPTR FM NORMAL:    1.38    2 = FOG REDUCING VISIBILITY
HIGHEST:    85 ON 26, 4 GRTST 24HR  2.35 ON 11-12      TO 1/4 MILE OR LESS
LOWEST:     47 ON 15                               3 = THUNDER
                        SNOW, ICE PELLETS, HAIL    4 = ICE PELLETS
                        TOTAL MONTH:   0.0 INCH    5 = HAIL
                        GRTST 24HR     0.0         6 = FREEZING RAIN OR DRIZZLE
                        GRTST DEPTH:   0           7 = DUSTSTORM OR SANDSTORM:
                                                       VSBY 1/2 MILE OR LESS
                                                   8 = SMOKE OR HAZE
[NO. OF DAYS WITH]      [WEATHER - DAYS WITH]      9 = BLOWING SNOW
                                                   X = TORNADO
MAX 32 OR BELOW:   0    0.01 INCH OR MORE:   9
MAX 90 OR ABOVE:   0    0.10 INCH OR MORE:   4
MIN 32 OR BELOW:   0    0.50 INCH OR MORE:   3
MIN  0 OR BELOW:   0    1.00 INCH OR MORE:   2

[HDD (BASE 65) ]
TOTAL THIS MO.    11    CLEAR  (SCALE 0-3)  15
DPTR FM NORMAL   -16    PTCLDY (SCALE 4-7)  15
TOTAL FM JUL 1    26    CLOUDY (SCALE 8-10)  1
DPTR FM NORMAL   -14

[CDD (BASE 65) ]
TOTAL THIS MO.   154
DPTR FM NORMAL     8    [PRESSURE DATA]
TOTAL FM JAN 1   485    HIGHEST SLP 30.21 ON 28
DPTR FM NORMAL   -19    LOWEST  SLP 29.64 ON 12

[REMARKS]
#FINAL-08-14#




U.S. Dept. of Commerce
NOAA National Weather Service
1325 East West Highway
Silver Spring, MD 20910
E-mail: w-nws.webmaster@noaa.gov
Page last modified: May 16, 2007
NATIONAL WEATHER SERVICE: for Safety, for Work, for Fun - FOR LIFE