208
CXUS55 KABR 201400
CF6MBG
PRELIMINARY LOCAL CLIMATOLOGICAL DATA (WS FORM: F-6)

                                          STATION:   MOBRIDGE SD
                                          MONTH:     AUGUST
                                          YEAR:      2014
                                          LATITUDE:   45 32 N
                                          LONGITUDE: 100 25 W

  TEMPERATURE IN F:       :PCPN:    SNOW:  WIND      :SUNSHINE: SKY     :PK WND
================================================================================
1   2   3   4   5  6A  6B    7    8   9   10  11  12  13   14  15   16   17  18
                                     12Z  AVG MX 2MIN
DY MAX MIN AVG DEP HDD CDD  WTR  SNW DPTH SPD SPD DIR MIN PSBL S-S WX    SPD DR
================================================================================

 1  89  59  74   0   0   9 0.08  0.0    0 11.1 24 120   M    M   2 3      32  90
 2  86  60  73   0   0   8    T  0.0    0  4.9 14 110   M    M   1 3      18 120
 3  83  58  71  -2   0   6    T  0.0    0  6.6 21  70   M    M   2        28  40
 4  67  58  63 -10   2   0 0.63  0.0    0 10.9 32  30   M    M   6 13     40  30
 5  72  60  66  -7   0   1 0.03  0.0    0  8.2 14 130   M    M   8 1      18  90
 6  77  62  70  -3   0   5 0.00  0.0    0 11.2 18 140   M    M   5        24 140
 7  78  63  71  -2   0   6 0.00  0.0    0  6.6 17 170   M    M   8 1      21 180
 8  79  62  71  -2   0   6 0.00  0.0    0  9.2 15 130   M    M   6 1      23 160
 9  81  65  73   0   0   8    T  0.0    0  6.4 12  70   M    M   6 1      16  60
10  78  55  67  -6   0   2 0.00  0.0    0 10.4 21 360   M    M   3 1      25 360
11  78  52  65  -8   0   0 0.00  0.0    0  6.0 13  30   M    M   0        19  40
12  86  54  70  -2   0   5 0.00  0.0    0  7.3 10 110   M    M   0        14 150
13  89  61  75   3   0  10    T  0.0    0 14.8 24 120   M    M   1        31 140
14  84  68  76   4   0  11 0.04  0.0    0 15.7 26 150   M    M   0 3      33 160
15  79  64  72   0   0   7    T  0.0    0  6.0 18 100   M    M   2 1      24  90
16  81  66  74   2   0   9 0.00  0.0    0  8.2 18 350   M    M   6 12     23 350
17  87  58  73   1   0   8 0.47  0.0    0  4.6 40 310   M    M   5 13     52 300
18  81  57  69  -2   0   4 0.00  0.0    0  9.6 22 330   M    M   2        29 300
19  86  55  71   0   0   6 0.00  0.0    0  5.0 15 140   M    M   0        19 150
================================================================================
SM 1541 1137         2 111  1.25     0.0 162.7          M       63
================================================================================
AV 81.1 59.8                               8.6 FASTST   M    M   3    MAX(MPH)
                                 MISC ---->  # 40 310               # 52  300
================================================================================
NOTES:
# LAST OF SEVERAL OCCURRENCES

COLUMN 17 PEAK WIND IN M.P.H.

PRELIMINARY LOCAL CLIMATOLOGICAL DATA (WS FORM: F-6) , PAGE 2

                                          STATION:  MOBRIDGE SD
                                          MONTH:    AUGUST
                                          YEAR:     2014
                                          LATITUDE:   45 32 N
                                          LONGITUDE: 100 25 W

[TEMPERATURE DATA]      [PRECIPITATION DATA]       SYMBOLS USED IN COLUMN 16

AVERAGE MONTHLY: 70.5   TOTAL FOR MONTH:   1.25    1 = FOG OR MIST
DPTR FM NORMAL:  -2.1   DPTR FM NORMAL:   -0.07    2 = FOG REDUCING VISIBILITY
HIGHEST:    89 ON 13, 1 GRTST 24HR  0.65 ON  4- 5      TO 1/4 MILE OR LESS
LOWEST:     52 ON 11                               3 = THUNDER
                        SNOW, ICE PELLETS, HAIL    4 = ICE PELLETS
                        TOTAL MONTH:   0.0 INCH    5 = HAIL
                        GRTST 24HR     0.0         6 = FREEZING RAIN OR DRIZZLE
                        GRTST DEPTH:   0           7 = DUSTSTORM OR SANDSTORM:
                                                       VSBY 1/2 MILE OR LESS
                                                   8 = SMOKE OR HAZE
[NO. OF DAYS WITH]      [WEATHER - DAYS WITH]      9 = BLOWING SNOW
                                                   X = TORNADO
MAX 32 OR BELOW:   0    0.01 INCH OR MORE:   5
MAX 90 OR ABOVE:   0    0.10 INCH OR MORE:   2
MIN 32 OR BELOW:   0    0.50 INCH OR MORE:   1
MIN  0 OR BELOW:   0    1.00 INCH OR MORE:   0

[HDD (BASE 65) ]
TOTAL THIS MO.     2    CLEAR  (SCALE 0-3)  11
DPTR FM NORMAL     0    PTCLDY (SCALE 4-7)   8
TOTAL FM JUL 1    25    CLOUDY (SCALE 8-10)  0
DPTR FM NORMAL    11

[CDD (BASE 65) ]
TOTAL THIS MO.   111
DPTR FM NORMAL   -41    [PRESSURE DATA]
TOTAL FM JAN 1   376    HIGHEST SLP M ON M
DPTR FM NORMAL  -140    LOWEST  SLP 29.71 ON 18

[REMARKS]




U.S. Dept. of Commerce
NOAA National Weather Service
1325 East West Highway
Silver Spring, MD 20910
E-mail: w-nws.webmaster@noaa.gov
Page last modified: May 16, 2007
NATIONAL WEATHER SERVICE: for Safety, for Work, for Fun - FOR LIFE