535
CXUS55 KABR 231400
CF6MBG
PRELIMINARY LOCAL CLIMATOLOGICAL DATA (WS FORM: F-6)

                                          STATION:   MOBRIDGE SD
                                          MONTH:     JULY
                                          YEAR:      2014
                                          LATITUDE:   45 32 N
                                          LONGITUDE: 100 25 W

  TEMPERATURE IN F:       :PCPN:    SNOW:  WIND      :SUNSHINE: SKY     :PK WND
================================================================================
1   2   3   4   5  6A  6B    7    8   9   10  11  12  13   14  15   16   17  18
                                     12Z  AVG MX 2MIN
DY MAX MIN AVG DEP HDD CDD  WTR  SNW DPTH SPD SPD DIR MIN PSBL S-S WX    SPD DR
================================================================================

 1  70  50  60 -10   5   0 0.01  0.0    0 19.4 33 330   M    M   6 1      43 330
 2  74  45  60 -11   5   0 0.00  0.0    0  5.5 10 320   M    M   0        13 320
 3  80  54  67  -4   0   2 0.00  0.0    0 10.8 20 130   M    M   1        25 140
 4  85  64  75   4   0  10    T  0.0    0 12.7 24 150   M    M   0 3      29 150
 5  92  63  78   7   0  13 0.00  0.0    0  5.6 14 200   M    M   0 1      17 200
 6  86  64  75   3   0  10 0.00  0.0    0  9.6 21 320   M    M   0        25 330
 7  76  61  69  -3   0   4 0.07  0.0    0 10.5 25 330   M    M   2 13     33 330
 8  79  58  69  -3   0   4 0.00  0.0    0 11.1 21 320   M    M   1 18     26 300
 9  81  53  67  -5   0   2 0.00  0.0    0  4.5 12 130   M    M   0 18     15 120
10  81  57  69  -3   0   4 0.01  0.0    0  7.7 17 170   M    M   2 18     22 140
11  88  61  75   3   0  10 0.00  0.0    0  8.0 20  10   M    M   2 12     24  10
12  82  62  72  -1   0   7 0.43  0.0    0  5.9 21 320   M    M   5 13     26 340
13  77  51  64  -9   1   0 0.00  0.0    0  8.4 21 310   M    M   0        26 330
14  71  50  61 -12   4   0 0.00  0.0    0 12.0 23 350   M    M   3        29 360
15  74  48  61 -12   4   0 0.00  0.0    0  4.2 10 270   M    M   3        14 340
16  79  48  64  -9   1   0 0.00  0.0    0  4.1 10 100   M    M   1 1      12 160
17  81  56  69  -4   0   4 0.00  0.0    0  8.7 16 160   M    M   1 8      21 190
18  87  59  73   0   0   8 0.00  0.0    0 12.4 22 180   M    M   1        27 180
19  82  55  69  -4   0   4 0.00  0.0    0  8.2 18 150   M    M   0        21 160
20  95  67  81   8   0  16 0.00  0.0    0  6.0 13  80   M    M   0        16  80
21  93  62  78   5   0  13 0.00  0.0    0  9.3 23 330   M    M   0 1      34 340
22  85  63  74   0   0   9    T  0.0    0  7.0 20 360   M    M   3        26 350
================================================================================
SM 1798 1251        20 120  0.52     0.0 191.6          M       31
================================================================================
AV 81.7 56.9                               8.7 FASTST   M    M   1    MAX(MPH)
                                 MISC ---->  # 33 330               # 43  330
================================================================================
NOTES:
# LAST OF SEVERAL OCCURRENCES

COLUMN 17 PEAK WIND IN M.P.H.

PRELIMINARY LOCAL CLIMATOLOGICAL DATA (WS FORM: F-6) , PAGE 2

                                          STATION:  MOBRIDGE SD
                                          MONTH:    JULY
                                          YEAR:     2014
                                          LATITUDE:   45 32 N
                                          LONGITUDE: 100 25 W

[TEMPERATURE DATA]      [PRECIPITATION DATA]       SYMBOLS USED IN COLUMN 16

AVERAGE MONTHLY: 69.3   TOTAL FOR MONTH:   0.52    1 = FOG OR MIST
DPTR FM NORMAL:  -3.0   DPTR FM NORMAL:   -1.43    2 = FOG REDUCING VISIBILITY
HIGHEST:    95 ON 20    GRTST 24HR  0.43 ON 12-12      TO 1/4 MILE OR LESS
LOWEST:     45 ON  2                               3 = THUNDER
                        SNOW, ICE PELLETS, HAIL    4 = ICE PELLETS
                        TOTAL MONTH:   0.0 INCH    5 = HAIL
                        GRTST 24HR     0.0         6 = FREEZING RAIN OR DRIZZLE
                        GRTST DEPTH:   0           7 = DUSTSTORM OR SANDSTORM:
                                                       VSBY 1/2 MILE OR LESS
                                                   8 = SMOKE OR HAZE
[NO. OF DAYS WITH]      [WEATHER - DAYS WITH]      9 = BLOWING SNOW
                                                   X = TORNADO
MAX 32 OR BELOW:   0    0.01 INCH OR MORE:   4
MAX 90 OR ABOVE:   3    0.10 INCH OR MORE:   1
MIN 32 OR BELOW:   0    0.50 INCH OR MORE:   0
MIN  0 OR BELOW:   0    1.00 INCH OR MORE:   0

[HDD (BASE 65) ]
TOTAL THIS MO.    20    CLEAR  (SCALE 0-3)  19
DPTR FM NORMAL    15    PTCLDY (SCALE 4-7)   3
TOTAL FM JUL 1    20    CLOUDY (SCALE 8-10)  0
DPTR FM NORMAL    15

[CDD (BASE 65) ]
TOTAL THIS MO.   120
DPTR FM NORMAL   -51    [PRESSURE DATA]
TOTAL FM JAN 1   215    HIGHEST SLP M ON M
DPTR FM NORMAL   -71    LOWEST  SLP 29.62 ON M

[REMARKS]




U.S. Dept. of Commerce
NOAA National Weather Service
1325 East West Highway
Silver Spring, MD 20910
E-mail: w-nws.webmaster@noaa.gov
Page last modified: May 16, 2007
NATIONAL WEATHER SERVICE: for Safety, for Work, for Fun - FOR LIFE