765
CXUS55 KABR 011400
CF6MBG
PRELIMINARY LOCAL CLIMATOLOGICAL DATA (WS FORM: F-6)

                                          STATION:   MOBRIDGE SD
                                          MONTH:     NOVEMBER
                                          YEAR:      2014
                                          LATITUDE:   45 32 N
                                          LONGITUDE: 100 25 W

  TEMPERATURE IN F:       :PCPN:    SNOW:  WIND      :SUNSHINE: SKY     :PK WND
================================================================================
1   2   3   4   5  6A  6B    7    8   9   10  11  12  13   14  15   16   17  18
                                     12Z  AVG MX 2MIN
DY MAX MIN AVG DEP HDD CDD  WTR  SNW DPTH SPD SPD DIR MIN PSBL S-S WX    SPD DR
================================================================================

 1  52  36  44   4  21   0 0.00  0.0    0 21.9 36 160   M    M   0        43 170
 2  67  44  56  16   9   0 0.00  0.0    0 10.7 23 160   M    M   0        27 160
 3  49  33  41   2  24   0 0.00  0.0    0 12.9 24 320   M    M   3        31 320
 4  56  26  41   2  24   0 0.00  0.0    0  7.5 17 320   M    M   1        20 320
 5  53  30  42   4  23   0 0.03  0.0    0 14.3 35 320   M    M   5        44 320
 6  55  21  38   0  27   0 0.00  0.0    0  6.6 18 140   M    M   0        21 140
 7  67  39  53  16  12   0    T  0.0    0 17.3 40 330   M    M   5        52 320
 8  50  28  39   3  26   0 0.00  0.0    0  9.2 23 320   M    M   4        28 320
 9  39  25  32  -4  33   0 0.35  3.4    0  9.9 25  60   M    M   8 18     31  60
10  25  16  21 -14  44   0 0.19  2.6    5 18.8 26  60   M    M   9 16     33  60
11  17  10  14 -21  51   0 0.00  0.0    5 19.5 28 310   M    M   5        34 310
12  19   9  14 -20  51   0    T    T    4 21.9 30 320   M    M   8 18     36 320
13  15  -3   6 -28  59   0    T    T    4  8.9 21 320   M    M   7 12     25 330
14  21  -1  10 -23  55   0    T    T    4  8.4 14  90   M    M   6 128    16 120
15  15   2   9 -23  56   0    T    T    4 14.1 24 320   M    M   7 1      30 330
16  24   0  12 -20  53   0 0.01  0.2    4 18.6 33 310   M    M   5 189    43 320
17  18   6  12 -19  53   0    T    T    3 20.0 30 320   M    M   6 8      37 320
18  36  10  23  -7  42   0    T    T    3 15.8 33 330   M    M   7        44 330
19  26  18  22  -8  43   0    T    T    2 19.4 31 330   M    M   9        40 320
20  24   7  16 -13  49   0 0.00  0.0    2  9.0 21 170   M    M   6        25 180
21  40  19  30   1  35   0 0.00  0.0    2  7.9 21 150   M    M   1 1      24 160
22  44  25  35   7  30   0    T  0.0    1  6.6 15 140   M    M   1        17 170
23  41  24  33   5  32   0 0.14    T    1 19.2 36 310   M    M   9        44 310
24  29  15  22  -5  43   0 0.00  0.0    T 15.0 30 330   M    M   4        36 330
25  37  19  28   2  37   0 0.07  1.1    T  8.5 32 360   M    M   8 1      40 360
26  26   1  14 -12  51   0 0.01  0.2    T 10.4 28  10   M    M   8 8      35  10
27  20  -1  10 -15  55   0    T    T    T 14.0 24 160   M    M   7 18     29 160
28  30  12  21  -4  44   0 0.00  0.0    T 10.4 16 110   M    M   2        19 110
29  27   5  16  -8  49   0    T    T    T 16.1 32 330   M    M   4 18     38 330
30  14   3   9 -15  56   0    T    T    T 15.2 28 330   M    M   4        34 330
================================================================================
SM 1036  478      1187   0  0.80     7.5 408.0          M      149
================================================================================
AV 34.5 15.9                              13.6 FASTST   M    M   5    MAX(MPH)
                                 MISC ---->  # 40 330               # 52  320
================================================================================
NOTES:
# LAST OF SEVERAL OCCURRENCES

COLUMN 17 PEAK WIND IN M.P.H.

PRELIMINARY LOCAL CLIMATOLOGICAL DATA (WS FORM: F-6) , PAGE 2

                                          STATION:  MOBRIDGE SD
                                          MONTH:    NOVEMBER
                                          YEAR:     2014
                                          LATITUDE:   45 32 N
                                          LONGITUDE: 100 25 W

[TEMPERATURE DATA]      [PRECIPITATION DATA]       SYMBOLS USED IN COLUMN 16

AVERAGE MONTHLY: 25.2   TOTAL FOR MONTH:   0.80    1 = FOG OR MIST
DPTR FM NORMAL:  -6.7   DPTR FM NORMAL:    0.32    2 = FOG REDUCING VISIBILITY
HIGHEST:    67 ON  7, 2 GRTST 24HR  0.53 ON  9-10      TO 1/4 MILE OR LESS
LOWEST:     -3 ON 13                               3 = THUNDER
                        SNOW, ICE PELLETS, HAIL    4 = ICE PELLETS
                        TOTAL MONTH:   7.5 INCHES  5 = HAIL
                        GRTST 24HR   3.4 ON   M    6 = FREEZING RAIN OR DRIZZLE
                        GRTST DEPTH:   5 ON 11,10  7 = DUSTSTORM OR SANDSTORM:
                                                       VSBY 1/2 MILE OR LESS
                                                   8 = SMOKE OR HAZE
[NO. OF DAYS WITH]      [WEATHER - DAYS WITH]      9 = BLOWING SNOW
                                                   X = TORNADO
MAX 32 OR BELOW:  16    0.01 INCH OR MORE:   7
MAX 90 OR ABOVE:   0    0.10 INCH OR MORE:   3
MIN 32 OR BELOW:  26    0.50 INCH OR MORE:   0
MIN  0 OR BELOW:   4    1.00 INCH OR MORE:   0

[HDD (BASE 65) ]
TOTAL THIS MO.  1187    CLEAR  (SCALE 0-3)   7
DPTR FM NORMAL   195    PTCLDY (SCALE 4-7)  18
TOTAL FM JUL 1  1825    CLOUDY (SCALE 8-10)  5
DPTR FM NORMAL    59

[CDD (BASE 65) ]
TOTAL THIS MO.     0
DPTR FM NORMAL     0    [PRESSURE DATA]
TOTAL FM JAN 1   471    HIGHEST SLP 30.69 ON 13
DPTR FM NORMAL  -173    LOWEST  SLP 29.35 ON 22

[REMARKS]
#FINAL-11-14#




U.S. Dept. of Commerce
NOAA National Weather Service
1325 East West Highway
Silver Spring, MD 20910
E-mail: w-nws.webmaster@noaa.gov
Page last modified: May 16, 2007
NATIONAL WEATHER SERVICE: for Safety, for Work, for Fun - FOR LIFE