289
CXUS52 KTAE 270717
CF6MAI
PRELIMINARY LOCAL CLIMATOLOGICAL DATA (WS FORM: F-6)

                                          STATION:   MARIANNA
                                          MONTH:     NOVEMBER
                                          YEAR:      2014
                                          LATITUDE:   30 50 N
                                          LONGITUDE:  85 11 W

  TEMPERATURE IN F:       :PCPN:    SNOW:  WIND      :SUNSHINE: SKY     :PK WND
================================================================================
1   2   3   4   5  6A  6B    7    8   9   10  11  12  13   14  15   16   17  18
                                     12Z  AVG MX 2MIN
DY MAX MIN AVG DEP HDD CDD  WTR  SNW DPTH SPD SPD DIR MIN PSBL S-S WX    SPD DR
================================================================================

 1  59  39  49 -15  16   0 0.00  0.0    0 13.6 28 340   M    M   0        41 340
 2  67  33  50 -13  15   0    M  0.0    0  4.6 13  30   M    M   0        16 350
 3  69  33  51 -12  14   0    M  0.0    0  2.7 14  60   M    M   0        19  60
 4  76  37  57  -6   8   0 0.00  0.0    0  2.1 13 210   M    M   0        17 200
 5  80  51  66   3   0   1 0.00  0.0    0  3.2 15 180   M    M   1        20 200
 6  80  56  68   6   0   3 0.11  0.0    0  5.5 22 310   M    M   3 1      27 300
 7  66  43  55  -7  10   0    T  0.0    0  5.0 14  20   M    M   0        19  20
 8  62  42  52 -10  13   0 0.00  0.0    0  1.2  7 310   M    M   0         9  10
 9  71  42  57  -5   8   0 0.00  0.0    0  2.1 13 360   M    M   0        15 340
10  76  39  58  -3   7   0 0.00  0.0    0  1.3  8 290   M    M   0        11  80
11  73  39  56  -5   9   0    M  0.0    0  2.6 13 320   M    M   0        19 290
12  78  49  64   3   1   0    M  0.0    0  3.9 13 280   M    M   0        15 270
13  59  40  50 -11  15   0    T  0.0    0  8.1 16 330   M    M   5        22 320
14  55  33  44 -16  21   0 0.00  0.0    0  8.4 17 320   M    M   1        25 330
15  61  31  46 -14  19   0 0.00  0.0    0  3.0 12  80   M    M   0        15 100
16  69  38  54  -6  11   0 0.00  0.0    0  5.8 13 190   M    M   6 1      15 140
17  74  38  56  -4   9   0 1.99  0.0    0 12.6 32 270   M    M   7 13     45 280
18  48  25  37 -22  28   0 0.00  0.0    0 10.0 22 330   M    M   0        27 360
19  54  22  38 -21  27   0 0.00  0.0    0  1.9 12  60   M    M   0        14  70
20  66  26  46 -13  19   0 0.00  0.0    0  1.0  8  40   M    M   0        14 280
21  70  36  53  -6  12   0 0.00  0.0    0  5.5 16  70   M    M   0        21  60
22  67  43  55  -3  10   0 0.87  0.0    0  6.6 15  60   M    M   6 1      21  80
23  77  61  69  11   0   4 1.15  0.0    0  9.3 33 250   M    M  10 13     41 240
24  77  62  70  12   0   5 0.75  0.0    0  5.8 23 300   M    M   8 13     28 300
25  62  47  55  -3  10   0 1.05  0.0    0  6.4 15  40   M    M  10 13     18  40
26  63  42  53  -4  12   0 0.06  0.0    0  7.7 16 350   M    M   1 1      22 310
================================================================================
SM 1759 1047       294  13  5.98     0.0 139.9          M       58
================================================================================
AV 67.7 40.3                               5.4 FASTST   M    M   2    MAX(MPH)
                                 MISC ---->  # 33 250               # 45  280
================================================================================
NOTES:
# LAST OF SEVERAL OCCURRENCES

COLUMN 17 PEAK WIND IN M.P.H.

PRELIMINARY LOCAL CLIMATOLOGICAL DATA (WS FORM: F-6) , PAGE 2

                                          STATION:  MARIANNA
                                          MONTH:    NOVEMBER
                                          YEAR:     2014
                                          LATITUDE:   30 50 N
                                          LONGITUDE:  85 11 W

[TEMPERATURE DATA]      [PRECIPITATION DATA]       SYMBOLS USED IN COLUMN 16

AVERAGE MONTHLY: 54.0   TOTAL FOR MONTH:   5.98    1 = FOG OR MIST
DPTR FM NORMAL:  -6.5   DPTR FM NORMAL:    2.43    2 = FOG REDUCING VISIBILITY
HIGHEST:    80 ON  6, 5 GRTST 24HR  1.99 ON 17-17      TO 1/4 MILE OR LESS
LOWEST:     22 ON 19                               3 = THUNDER
                        SNOW, ICE PELLETS, HAIL    4 = ICE PELLETS
                        TOTAL MONTH:   0.0 INCH    5 = HAIL
                        GRTST 24HR     0.0         6 = FREEZING RAIN OR DRIZZLE
                        GRTST DEPTH:   0           7 = DUSTSTORM OR SANDSTORM:
                                                       VSBY 1/2 MILE OR LESS
                                                   8 = SMOKE OR HAZE
[NO. OF DAYS WITH]      [WEATHER - DAYS WITH]      9 = BLOWING SNOW
                                                   X = TORNADO
MAX 32 OR BELOW:   0    0.01 INCH OR MORE:   7
MAX 90 OR ABOVE:   0    0.10 INCH OR MORE:   6
MIN 32 OR BELOW:   4    0.50 INCH OR MORE:   5
MIN  0 OR BELOW:   0    1.00 INCH OR MORE:   3

[HDD (BASE 65) ]
TOTAL THIS MO.   294    CLEAR  (SCALE 0-3)  19
DPTR FM NORMAL   143    PTCLDY (SCALE 4-7)   4
TOTAL FM JUL 1   320    CLOUDY (SCALE 8-10)  3
DPTR FM NORMAL   120

[CDD (BASE 65) ]
TOTAL THIS MO.    13
DPTR FM NORMAL   -23    [PRESSURE DATA]
TOTAL FM JAN 1  2611    HIGHEST SLP M ON M
DPTR FM NORMAL    65    LOWEST  SLP 29.69 ON 23

[REMARKS]




U.S. Dept. of Commerce
NOAA National Weather Service
1325 East West Highway
Silver Spring, MD 20910
E-mail: w-nws.webmaster@noaa.gov
Page last modified: May 16, 2007
NATIONAL WEATHER SERVICE: for Safety, for Work, for Fun - FOR LIFE