747
CXUS52 KTAE 211205
CF6MAI
PRELIMINARY LOCAL CLIMATOLOGICAL DATA (WS FORM: F-6)

                                          STATION:   MARIANNA
                                          MONTH:     MAY
                                          YEAR:      2014
                                          LATITUDE:   30 50 N
                                          LONGITUDE:  85 11 W

  TEMPERATURE IN F:       :PCPN:    SNOW:  WIND      :SUNSHINE: SKY     :PK WND
================================================================================
1   2   3   4   5  6A  6B    7    8   9   10  11  12  13   14  15   16   17  18
                                     12Z  AVG MX 2MIN
DY MAX MIN AVG DEP HDD CDD  WTR  SNW DPTH SPD SPD DIR MIN PSBL S-S WX    SPD DR
================================================================================

 1  69  56  63  -8   2   0 0.00  0.0    0  5.4 16 270   M    M   8 13     22 300
 2  70  57  64  -7   1   0 0.00  0.0    0  3.5  9 280   M    M   6        12 340
 3  79  58  69  -3   0   4 0.00  0.0    0  4.9 17 330   M    M   1        21 360
 4  87  55  71  -1   0   6 0.00  0.0    0  2.8 12 320   M    M   0        16 330
 5  89  58  74   2   0   9 0.00  0.0    0  4.6 13 230   M    M   0        19 250
 6  87  57  72   0   0   7 0.00  0.0    0  3.7 14 230   M    M   2 12     20 250
 7  88  56  72  -1   0   7 0.00  0.0    0  3.4 16 190   M    M   0        22 190
 8  89  62  76   3   0  11 0.00  0.0    0  5.1 17 180   M    M   1        22 190
 9  85  69  77   4   0  12 0.00  0.0    0  6.1 18 180   M    M   1        23 160
10  83  68  76   2   0  11 0.00  0.0    0  5.3 17 190   M    M   5 1      23 170
11  87  70  79   5   0  14 0.00  0.0    0  3.4 18 150   M    M   4 138    30 150
12  88  68  78   4   0  13 0.00  0.0    0  3.1 12  70   M    M   1 1      15  70
13  89  66  78   4   0  13 0.00  0.0    0  3.8 13  70   M    M   2        16  90
14  88  67  78   3   0  13 0.60  0.0    0  8.6 26 300   M    M   4 13     33 300
15  71  53  62 -13   3   0 0.00  0.0    0  9.2 17 340   M    M   6 1      24 300
16  79  48  64 -11   1   0 0.00  0.0    0  6.7 20 280   M    M   0        25 280
17  83  54  69  -6   0   4 0.00  0.0    0  3.0 10 270   M    M   0        13 270
18  86  60  73  -3   0   8 0.00  0.0    0  3.2  9 190   M    M   0 1      12 290
19  88  61  75  -1   0  10 0.00  0.0    0  2.6 10 200   M    M   1 1      14 190
20  87  63  75  -1   0  10 0.00  0.0    0  3.3 10 230   M    M   2 8      13 240
================================================================================
SM 1672 1206         7 152  0.60     0.0  91.7          M       44
================================================================================
AV 83.6 60.3                               4.6 FASTST   M    M   2    MAX(MPH)
                                 MISC ---->  # 26 300               # 33  300
================================================================================
NOTES:
# LAST OF SEVERAL OCCURRENCES

COLUMN 17 PEAK WIND IN M.P.H.

PRELIMINARY LOCAL CLIMATOLOGICAL DATA (WS FORM: F-6) , PAGE 2

                                          STATION:  MARIANNA
                                          MONTH:    MAY
                                          YEAR:     2014
                                          LATITUDE:   30 50 N
                                          LONGITUDE:  85 11 W

[TEMPERATURE DATA]      [PRECIPITATION DATA]       SYMBOLS USED IN COLUMN 16

AVERAGE MONTHLY: 71.9   TOTAL FOR MONTH:   0.60    1 = FOG OR MIST
DPTR FM NORMAL:  -1.7   DPTR FM NORMAL:   -1.02    2 = FOG REDUCING VISIBILITY
HIGHEST:    89 ON 13, 8 GRTST 24HR  0.60 ON 14-14      TO 1/4 MILE OR LESS
LOWEST:     48 ON 16                               3 = THUNDER
                        SNOW, ICE PELLETS, HAIL    4 = ICE PELLETS
                        TOTAL MONTH:   0.0 INCH    5 = HAIL
                        GRTST 24HR     0.0         6 = FREEZING RAIN OR DRIZZLE
                        GRTST DEPTH:   0           7 = DUSTSTORM OR SANDSTORM:
                                                       VSBY 1/2 MILE OR LESS
                                                   8 = SMOKE OR HAZE
[NO. OF DAYS WITH]      [WEATHER - DAYS WITH]      9 = BLOWING SNOW
                                                   X = TORNADO
MAX 32 OR BELOW:   0    0.01 INCH OR MORE:   1
MAX 90 OR ABOVE:   0    0.10 INCH OR MORE:   1
MIN 32 OR BELOW:   0    0.50 INCH OR MORE:   1
MIN  0 OR BELOW:   0    1.00 INCH OR MORE:   0

[HDD (BASE 65) ]
TOTAL THIS MO.     7    CLEAR  (SCALE 0-3)  14
DPTR FM NORMAL     7    PTCLDY (SCALE 4-7)   6
TOTAL FM JUL 1  1748    CLOUDY (SCALE 8-10)  0
DPTR FM NORMAL   102

[CDD (BASE 65) ]
TOTAL THIS MO.   152
DPTR FM NORMAL   -23    [PRESSURE DATA]
TOTAL FM JAN 1   275    HIGHEST SLP M ON M
DPTR FM NORMAL   -58    LOWEST  SLP 29.89 ON 14

[REMARKS]




U.S. Dept. of Commerce
NOAA National Weather Service
1325 East West Highway
Silver Spring, MD 20910
E-mail: w-nws.webmaster@noaa.gov
Page last modified: May 16, 2007
NATIONAL WEATHER SERVICE: for Safety, for Work, for Fun - FOR LIFE