457
CXUS54 KMAF 271100
CF6MAF
PRELIMINARY LOCAL CLIMATOLOGICAL DATA (WS FORM: F-6)

                                          STATION:   Midland International Airport
                                          MONTH:     AUGUST
                                          YEAR:      2014
                                          LATITUDE:   31 57 N
                                          LONGITUDE: 102 11 W

  TEMPERATURE IN F:       :PCPN:    SNOW:  WIND      :SUNSHINE: SKY     :PK WND
================================================================================
1   2   3   4   5  6A  6B    7    8   9   10  11  12  13   14  15   16   17  18
                                     12Z  AVG MX 2MIN
DY MAX MIN AVG DEP HDD CDD  WTR  SNW DPTH SPD SPD DIR MIN PSBL S-S WX    SPD DR
================================================================================

 1  85  69  77  -5   0  12 0.02  0.0    0  7.1 18  80   M    M   4        22  90
 2  87  70  79  -3   0  14 0.00  0.0    0  9.1 17  40   M    M   7        18  40
 3  92  71  82   0   0  17 0.00  0.0    0  8.2 16  80   M    M   4        24  70
 4  93  67  80  -2   0  15 0.00  0.0    0  6.9 16  80   M    M   1        22 120
 5  95  71  83   1   0  18 0.00  0.0    0  9.0 16 200   M    M   1        22 150
 6  99  74  87   5   0  22 0.00  0.0    0 10.9 20 170   M    M   0        25 180
 7 103  78  91   9   0  26 0.00  0.0    0 10.8 22 170   M    M   0        28 160
 8 100  75  88   6   0  23 0.00  0.0    0 10.7 23 130   M    M   1        30 170
 9  99  75  87   5   0  22 0.00  0.0    0 12.3 22 170   M    M   0        28 140
10  96  74  85   3   0  20 0.00  0.0    0 10.9 26 130   M    M   1 8      31 140
11  94  73  84   2   0  19 0.26  0.0    0 11.1 35 160   M    M   3 3      41 160
12  93  72  83   1   0  18    T  0.0    0  6.7 26 160   M    M   3 8      32 140
13  95  69  82   0   0  17 0.00  0.0    0  7.9 20 140   M    M   1        24 140
14  97  70  84   2   0  19 0.00  0.0    0 10.8 21 170   M    M   0        28 180
15  99  70  85   3   0  20 0.00  0.0    0 10.4 18 170   M    M   1 8      24 170
16  96  74  85   3   0  20 0.04  0.0    0  7.5 22 220   M    M   2        27 220
17  95  72  84   3   0  19 0.00  0.0    0  8.9 31 140   M    M   1 3      36 140
18  91  69  80  -1   0  15    T  0.0    0  9.1 26 130   M    M   1 3      30 130
19  94  68  81   0   0  16 0.00  0.0    0 12.9 22 170   M    M   1        28 150
20  96  72  84   3   0  19 0.45  0.0    0 11.8 35 200   M    M   2 38     43 200
21  98  73  86   5   0  21 0.00  0.0    0 13.8 36 230   M    M   1 38     46 230
22  97  76  87   6   0  22 0.00  0.0    0 11.3 21 130   M    M   0        25 150
23  97  72  85   4   0  20 0.00  0.0    0 11.2 20 190   M    M   0        26 190
24  99  75  87   7   0  22    T  0.0    0 10.9 30  60   M    M   1 378    36  20
25  98  73  86   6   0  21 0.00  0.0    0 11.4 18 130   M    M   1 3      28 160
26  97  73  85   5   0  20 0.00  0.0    0  8.3 20 150   M    M   1        24 160
================================================================================
SM 2485 1875         0 497  0.77     0.0 259.9          M       38
================================================================================
AV 95.6 72.1                              10.0 FASTST   M    M   1    MAX(MPH)
                                 MISC ---->  # 36 230               # 46  230
================================================================================
NOTES:
# LAST OF SEVERAL OCCURRENCES

COLUMN 17 PEAK WIND IN M.P.H.

PRELIMINARY LOCAL CLIMATOLOGICAL DATA (WS FORM: F-6) , PAGE 2

                                          STATION:  Midland International Airport
                                          MONTH:    AUGUST
                                          YEAR:     2014
                                          LATITUDE:   31 57 N
                                          LONGITUDE: 102 11 W

[TEMPERATURE DATA]      [PRECIPITATION DATA]       SYMBOLS USED IN COLUMN 16

AVERAGE MONTHLY: 83.8   TOTAL FOR MONTH:   0.77    1 = FOG OR MIST
DPTR FM NORMAL:   2.3   DPTR FM NORMAL:   -0.74    2 = FOG REDUCING VISIBILITY
HIGHEST:   103 ON  7    GRTST 24HR  0.45 ON 19-20      TO 1/4 MILE OR LESS
LOWEST:     67 ON  4                               3 = THUNDER
                        SNOW, ICE PELLETS, HAIL    4 = ICE PELLETS
                        TOTAL MONTH:   0.0 INCH    5 = HAIL
                        GRTST 24HR     0.0         6 = FREEZING RAIN OR DRIZZLE
                        GRTST DEPTH:   0           7 = DUSTSTORM OR SANDSTORM:
                                                       VSBY 1/2 MILE OR LESS
                                                   8 = SMOKE OR HAZE
[NO. OF DAYS WITH]      [WEATHER - DAYS WITH]      9 = BLOWING SNOW
                                                   X = TORNADO
MAX 32 OR BELOW:   0    0.01 INCH OR MORE:   4
MAX 90 OR ABOVE:  24    0.10 INCH OR MORE:   2
MIN 32 OR BELOW:   0    0.50 INCH OR MORE:   0
MIN  0 OR BELOW:   0    1.00 INCH OR MORE:   0

[HDD (BASE 65) ]
TOTAL THIS MO.     0    CLEAR  (SCALE 0-3)  22
DPTR FM NORMAL     0    PTCLDY (SCALE 4-7)   4
TOTAL FM JUL 1     0    CLOUDY (SCALE 8-10)  0
DPTR FM NORMAL     0

[CDD (BASE 65) ]
TOTAL THIS MO.   497
DPTR FM NORMAL    68    [PRESSURE DATA]
TOTAL FM JAN 1  2099    HIGHEST SLP M ON M
DPTR FM NORMAL   288    LOWEST  SLP 29.68 ON 19

[REMARKS]




U.S. Dept. of Commerce
NOAA National Weather Service
1325 East West Highway
Silver Spring, MD 20910
E-mail: w-nws.webmaster@noaa.gov
Page last modified: May 16, 2007
NATIONAL WEATHER SERVICE: for Safety, for Work, for Fun - FOR LIFE