937
CXUS56 KHNX 011146
CF6MAE
PRELIMINARY LOCAL CLIMATOLOGICAL DATA (WS FORM: F-6)

                                          STATION:   MADERA CA AIRPORT
                                          MONTH:     JULY
                                          YEAR:      2014
                                          LATITUDE:   36 58 N
                                          LONGITUDE: 120  7 W

  TEMPERATURE IN F:       :PCPN:    SNOW:  WIND      :SUNSHINE: SKY     :PK WND
================================================================================
1   2   3   4   5  6A  6B    7    8   9   10  11  12  13   14  15   16   17  18
                                     12Z  AVG MX 2MIN
DY MAX MIN AVG DEP HDD CDD  WTR  SNW DPTH SPD SPD DIR MIN PSBL S-S WX    SPD DR
================================================================================

 1 104  66  85   7   0  20 0.00  0.0    0  7.5 14 300   M    M   0        17 290
 2 101  69  85   7   0  20 0.00  0.0    0  8.1 13 310   M    M   0        15 280
 3 100  64  82   4   0  17 0.00  0.0    0   M   M   M   M    M   0         M  M
 4 104  66  85   7   0  20 0.00  0.0    0  4.7 16  50   M    M   0         M  M
 5 102  61  82   4   0  17 0.00  0.0    0  9.0 17 330   M    M   0        20 340
 6 102  63  83   5   0  18 0.00  0.0    0  6.2 13 330   M    M   0        16 290
 7 100  72  86   7   0  21 0.00  0.0    0  4.7 12 350   M    M   0        15 350
 8 104  71  88   9   0  23 0.00  0.0    0  4.5 14 300   M    M   0        20 220
 9 100  62  81   2   0  16 0.00  0.0    0  5.3 17  80   M    M   0        23  80
10  95  63  79   0   0  14 0.00  0.0    0  7.5 12 300   M    M   0        15 310
11  92  61  77  -2   0  12 0.00  0.0    0  9.3 20  70   M    M   0        24  80
12  95  60  78  -1   0  13 0.00  0.0    0  8.8 14 300   M    M   0        17 300
13 100  63  82   3   0  17 0.00  0.0    0  7.7 14 300   M    M   0         M  M
14  99  70  85   6   0  20 0.00  0.0    0   M   M   M   M    M   0         M  M
15  99  75  87   8   0  22 0.00  0.0    0 10.3 15 300   M    M   0         M  M
16  94  68  81   2   0  16 0.00  0.0    0 11.2 16 320   M    M   0        21 310
17  91  65  78  -1   0  13 0.00  0.0    0  7.9 14 300   M    M   0        20 290
18  92  62  77  -2   0  12 0.00  0.0    0  8.1 14 330   M    M   0        25  80
19  94  64  79   0   0  14 0.00  0.0    0  6.7 12 290   M    M   0        15 300
20  98  69  84   5   0  19 0.00  0.0    0   M   M   M   M    M   0         M  M
21  92  64  78  -1   0  13 0.00  0.0    0  8.1 16 330   M    M   0        24 330
22  93  67  80   1   0  15 0.00  0.0    0  8.8 22  70   M    M   0        26  70
23  90  63  77  -2   0  12 0.00  0.0    0  9.6 17 340   M    M   0        23 310
24  96  60  78  -1   0  13 0.00  0.0    0  7.7 15 320   M    M   0        22 300
25 102  63  83   4   0  18 0.00  0.0    0  6.2 13 280   M    M   0 8      17 270
26 104  64  84   5   0  19 0.00  0.0    0   M   M   M   M    M   0         M  M
27 105  71  88   9   0  23 0.00  0.0    0  9.0 17 330   M    M   0        21 330
28  98  69  84   5   0  19 0.00  0.0    0  5.3  9 360   M    M   0        20 320
29 103  69  86   7   0  21 0.00  0.0    0  5.8 13 310   M    M   0         M  M
30 102  73  88  10   0  23    T  0.0    0  6.0 13 280   M    M   1 8      16 270
31 105  68  87   9   0  22 0.00  0.0    0  6.4 13 310   M    M   0 8      22  10
================================================================================
SM 3056 2045         0 542    T      0.0 200.4          M        1
================================================================================
AV 98.6 66.0                               7.4 FASTST   M    M   0    MAX(MPH)
                                 MISC ---->  # 22  70               # 26   70
================================================================================
NOTES:
# LAST OF SEVERAL OCCURRENCES

COLUMN 17 PEAK WIND IN M.P.H.

PRELIMINARY LOCAL CLIMATOLOGICAL DATA (WS FORM: F-6) , PAGE 2

                                          STATION:  MADERA CA AIRPORT
                                          MONTH:    JULY
                                          YEAR:     2014
                                          LATITUDE:   36 58 N
                                          LONGITUDE: 120  7 W

[TEMPERATURE DATA]      [PRECIPITATION DATA]       SYMBOLS USED IN COLUMN 16

AVERAGE MONTHLY: 82.3   TOTAL FOR MONTH:      T    1 = FOG OR MIST
DPTR FM NORMAL:   3.6   DPTR FM NORMAL:   -0.02    2 = FOG REDUCING VISIBILITY
HIGHEST:   105 ON 31,27 GRTST 24HR    T  ON 30-30      TO 1/4 MILE OR LESS
LOWEST:     60 ON 24,12                            3 = THUNDER
                        SNOW, ICE PELLETS, HAIL    4 = ICE PELLETS
                        TOTAL MONTH:   0.0 INCH    5 = HAIL
                        GRTST 24HR     0.0         6 = FREEZING RAIN OR DRIZZLE
                        GRTST DEPTH:   0           7 = DUSTSTORM OR SANDSTORM:
                                                       VSBY 1/2 MILE OR LESS
                                                   8 = SMOKE OR HAZE
[NO. OF DAYS WITH]      [WEATHER - DAYS WITH]      9 = BLOWING SNOW
                                                   X = TORNADO
MAX 32 OR BELOW:   0    0.01 INCH OR MORE:   0
MAX 90 OR ABOVE:  31    0.10 INCH OR MORE:   0
MIN 32 OR BELOW:   0    0.50 INCH OR MORE:   0
MIN  0 OR BELOW:   0    1.00 INCH OR MORE:   0

[HDD (BASE 65) ]
TOTAL THIS MO.     0    CLEAR  (SCALE 0-3)  31
DPTR FM NORMAL     0    PTCLDY (SCALE 4-7)   0
TOTAL FM JUL 1     0    CLOUDY (SCALE 8-10)  0
DPTR FM NORMAL     0

[CDD (BASE 65) ]
TOTAL THIS MO.   542
DPTR FM NORMAL   116    [PRESSURE DATA]
TOTAL FM JAN 1  1123    HIGHEST SLP 30.11 ON 23
DPTR FM NORMAL   273    LOWEST  SLP 29.66 ON  1

[REMARKS]
#FINAL-07-14#




U.S. Dept. of Commerce
NOAA National Weather Service
1325 East West Highway
Silver Spring, MD 20910
E-mail: w-nws.webmaster@noaa.gov
Page last modified: May 16, 2007
NATIONAL WEATHER SERVICE: for Safety, for Work, for Fun - FOR LIFE