495
CXUS56 KHNX 271146
CF6MAE
PRELIMINARY LOCAL CLIMATOLOGICAL DATA (WS FORM: F-6)

                                          STATION:   MADERA CA AIRPORT
                                          MONTH:     AUGUST
                                          YEAR:      2014
                                          LATITUDE:   36 58 N
                                          LONGITUDE: 120  7 W

  TEMPERATURE IN F:       :PCPN:    SNOW:  WIND      :SUNSHINE: SKY     :PK WND
================================================================================
1   2   3   4   5  6A  6B    7    8   9   10  11  12  13   14  15   16   17  18
                                     12Z  AVG MX 2MIN
DY MAX MIN AVG DEP HDD CDD  WTR  SNW DPTH SPD SPD DIR MIN PSBL S-S WX    SPD DR
================================================================================

 1 107  67  87   9   0  22 0.00  0.0    0  6.8 16 310   M    M   1        25 260
 2 105  64  85   7   0  20 0.00  0.0    0  7.4 13 300   M    M   0         M  M
 3  91  71  81   3   0  16 0.00  0.0    0  4.7 15 120   M    M   0        18 120
 4  83  67  75  -3   0  10    T  0.0    0  6.6 14 300   M    M   1        16 300
 5  95   M   M   M   M   M 0.00  0.0    0 12.0 25 340   M    M   0        30 330
 6  94  65  80   2   0  15 0.00  0.0    0  8.2 17 300   M    M   0 18     25 270
 7  98  65  82   4   0  17 0.00  0.0    0  7.1 15 290   M    M   0 8      20 310
 8 100  67  84   6   0  19 0.00  0.0    0  5.6 13 320   M    M   0 8      17  50
 9   M   M   M   M   M   M 0.00  0.0    M   M   M   M   M    M   0         M  M
10  94  68  81   3   0  16 0.00  0.0    M  8.9 12 300   M    M   0        21 330
11 101  62  82   4   0  17 0.00  0.0    0  4.2 12 310   M    M   1 8      20 210
12  99  65  82   5   0  17 0.00  0.0    0  7.1 15 300   M    M   1        19 300
13  94  63  79   2   0  14 0.00  0.0    0   M   M   M   M    M   0         M  M
14  96  63  80   3   0  15 0.00  0.0    0   M   M   M   M    M   0         M  M
15  99  62  81   4   0  16 0.00  0.0    0  4.6 10 200   M    M   0         M  M
16 101  62  82   5   0  17 0.00  0.0    0  5.6 13 310   M    M   0 8      15 320
17 100  62  81   4   0  16 0.00  0.0    0  6.9 14 290   M    M   0 8      17 300
18  98  62  80   3   0  15 0.00  0.0    0  5.8 12 320   M    M   0        16 270
19  91  65  78   1   0  13 0.00  0.0    0  9.0 16 320   M    M   0 8       M  M
20  90  60  75  -2   0  10 0.00  0.0    0  6.6 12 300   M    M   0        14 300
21  95  60  78   1   0  13 0.00  0.0    0  6.0 10 310   M    M   0        14 320
22  99  63  81   5   0  16 0.00  0.0    0  5.7 16 310   M    M   0         M  M
23  92  60  76   0   0  11 0.00  0.0    0  4.9  M   M   M    M   0         M  M
24  93  60  77   1   0  12 0.00  0.0    0  6.3 13 320   M    M   0        16 320
25  87  60  74  -2   0   9 0.00  0.0    0  7.6 15 330   M    M   0        19 290
26  91  57  74  -2   0   9 0.00  0.0    0  3.9  9 300   M    M   0        12 300
================================================================================
SM 2393 1520         01289    T      0.0 151.5          M        4
================================================================================
AV 95.7 63.3                               6.6 FASTST   M    M   0    MAX(MPH)
                                 MISC ---->  # 25 340               # 30  330
================================================================================
NOTES:
# LAST OF SEVERAL OCCURRENCES

COLUMN 17 PEAK WIND IN M.P.H.

PRELIMINARY LOCAL CLIMATOLOGICAL DATA (WS FORM: F-6) , PAGE 2

                                          STATION:  MADERA CA AIRPORT
                                          MONTH:    AUGUST
                                          YEAR:     2014
                                          LATITUDE:   36 58 N
                                          LONGITUDE: 120  7 W

[TEMPERATURE DATA]      [PRECIPITATION DATA]       SYMBOLS USED IN COLUMN 16

AVERAGE MONTHLY: 79.5   TOTAL FOR MONTH:      T    1 = FOG OR MIST
DPTR FM NORMAL:   2.3   DPTR FM NORMAL:   -0.01    2 = FOG REDUCING VISIBILITY
HIGHEST:   107 ON  1    GRTST 24HR    T  ON  4- 4      TO 1/4 MILE OR LESS
LOWEST:     57 ON 26                               3 = THUNDER
                        SNOW, ICE PELLETS, HAIL    4 = ICE PELLETS
                        TOTAL MONTH:   0.0 INCH    5 = HAIL
                        GRTST 24HR     0.0         6 = FREEZING RAIN OR DRIZZLE
                        GRTST DEPTH:   0           7 = DUSTSTORM OR SANDSTORM:
                                                       VSBY 1/2 MILE OR LESS
                                                   8 = SMOKE OR HAZE
[NO. OF DAYS WITH]      [WEATHER - DAYS WITH]      9 = BLOWING SNOW
                                                   X = TORNADO
MAX 32 OR BELOW:   0    0.01 INCH OR MORE:   0
MAX 90 OR ABOVE:  23    0.10 INCH OR MORE:   0
MIN 32 OR BELOW:   0    0.50 INCH OR MORE:   0
MIN  0 OR BELOW:   0    1.00 INCH OR MORE:   0

[HDD (BASE 65) ]
TOTAL THIS MO.     0    CLEAR  (SCALE 0-3)  26
DPTR FM NORMAL     0    PTCLDY (SCALE 4-7)   0
TOTAL FM JUL 1     0    CLOUDY (SCALE 8-10)  0
DPTR FM NORMAL     0

[CDD (BASE 65) ]
TOTAL THIS MO.  1289
DPTR FM NORMAL   970    [PRESSURE DATA]
TOTAL FM JAN 1  2412    HIGHEST SLP M ON M
DPTR FM NORMAL  1243    LOWEST  SLP 29.69 ON 18

[REMARKS]




U.S. Dept. of Commerce
NOAA National Weather Service
1325 East West Highway
Silver Spring, MD 20910
E-mail: w-nws.webmaster@noaa.gov
Page last modified: May 16, 2007
NATIONAL WEATHER SERVICE: for Safety, for Work, for Fun - FOR LIFE