751
CXUS56 KHNX 011146
CF6MAE
PRELIMINARY LOCAL CLIMATOLOGICAL DATA (WS FORM: F-6)

                                          STATION:   MADERA CA AIRPORT
                                          MONTH:     NOVEMBER
                                          YEAR:      2014
                                          LATITUDE:   36 58 N
                                          LONGITUDE: 120  7 W

  TEMPERATURE IN F:       :PCPN:    SNOW:  WIND      :SUNSHINE: SKY     :PK WND
================================================================================
1   2   3   4   5  6A  6B    7    8   9   10  11  12  13   14  15   16   17  18
                                     12Z  AVG MX 2MIN
DY MAX MIN AVG DEP HDD CDD  WTR  SNW DPTH SPD SPD DIR MIN PSBL S-S WX    SPD DR
================================================================================

 1  60  48  54  -4  11   0 0.25  0.0    0  2.6 13  40   M    M   6 1      16  50
 2  64  43  54  -4  11   0 0.00  0.0    0  3.3 13 330   M    M   3 128    16 300
 3  65  43  54  -3  11   0 0.00  0.0    0  3.3  9 150   M    M   0 18     11 260
 4  68  43  56  -1   9   0 0.00  0.0    0  2.3  8 310   M    M   0 18      M  M
 5  72  45  59   2   6   0 0.00  0.0    0  3.1  8 130   M    M   0 18      9 150
 6  76  47  62   6   3   0 0.00  0.0    0  3.8 12 300   M    M   0 18     14 290
 7  75  46  61   5   4   0 0.00  0.0    0  1.5  8 300   M    M   0 128    11 280
 8  76  46  61   5   4   0 0.00  0.0    0  1.5  6  90   M    M   0 18      7 310
 9  76  48  62   7   3   0 0.00  0.0    0  2.4  7 330   M    M   0 18     10 300
10  76  49  63   8   2   0 0.00  0.0    0  2.2  8 310   M    M   0 18      M  M
11  67  50  59   5   6   0 0.00  0.0    0  5.6 12 310   M    M   5 18     14 330
12  67  48  58   4   7   0 0.00  0.0    0  4.2 13 330   M    M   4 18     18 350
13  64  53  59   5   6   0 0.14  0.0    0  6.3 14 120   M    M   6 18     15 120
14  69  47  58   5   7   0 0.00  0.0    0  5.6 13 310   M    M   2 128    18 290
15  67  42  55   2  10   0 0.00  0.0    0  6.7 14 340   M    M   1 12     17 290
16  58  43  51  -1  14   0 0.00  0.0    0  3.1  8 330   M    M   4 128    10 340
17  63  38  51  -1  14   0 0.00  0.0    0  1.7  7  60   M    M   5 128    11 250
18  66  36  51  -1  14   0 0.00  0.0    0  3.8  9  80   M    M   1 18     10  70
19  69  43  56   5   9   0 0.01  0.0    0  5.7 13 120   M    M   7 18     17  70
20  59  42  51   0  14   0 0.02  0.0    0  5.0 17  30   M    M   6 128    21  40
21  55  45  50  -1  15   0 0.00  0.0    0  4.8 10 320   M    M   7 128    11 300
22  61  43  52   2  13   0    T  0.0    0  5.5 14 130   M    M   6 128    17 130
23  59  42  51   1  14   0 0.00  0.0    0  2.5 14 320   M    M   6 128    18 310
24  62  36  49  -1  16   0 0.00  0.0    0  1.2  7 270   M    M   4 128    11 320
25  65  36  51   2  14   0 0.00  0.0    0  2.6  7 270   M    M   0 18      9 280
26  70  38  54   5  11   0 0.00  0.0    0  0.9  6  80   M    M   0 18      8 150
27  72  40  56   7   9   0 0.00  0.0    0  2.3  8  90   M    M   0 18      9 270
28  73  39  56   8   9   0 0.00  0.0    0  2.7 10 110   M    M   0 18     12 110
29  72  38  55   7  10   0 0.00  0.0    0  5.0 21 330   M    M   1 18     24 340
30  69  44  57   9   8   0 0.00  0.0    0  7.5 22 130   M    M   5 8      27 140
================================================================================
SM 2015 1301       284   0  0.42     0.0 108.7          M       79
================================================================================
AV 67.2 43.4                               3.6 FASTST   M    M   3    MAX(MPH)
                                 MISC ---->  # 22 130               # 27  140
================================================================================
NOTES:
# LAST OF SEVERAL OCCURRENCES

COLUMN 17 PEAK WIND IN M.P.H.

PRELIMINARY LOCAL CLIMATOLOGICAL DATA (WS FORM: F-6) , PAGE 2

                                          STATION:  MADERA CA AIRPORT
                                          MONTH:    NOVEMBER
                                          YEAR:     2014
                                          LATITUDE:   36 58 N
                                          LONGITUDE: 120  7 W

[TEMPERATURE DATA]      [PRECIPITATION DATA]       SYMBOLS USED IN COLUMN 16

AVERAGE MONTHLY: 55.3   TOTAL FOR MONTH:   0.42    1 = FOG OR MIST
DPTR FM NORMAL:   2.6   DPTR FM NORMAL:   -0.73    2 = FOG REDUCING VISIBILITY
HIGHEST:    76 ON 10, 9 GRTST 24HR  0.63 ON 31- 1      TO 1/4 MILE OR LESS
LOWEST:     36 ON 25,24                            3 = THUNDER
                        SNOW, ICE PELLETS, HAIL    4 = ICE PELLETS
                        TOTAL MONTH:   0.0 INCH    5 = HAIL
                        GRTST 24HR     0.0         6 = FREEZING RAIN OR DRIZZLE
                        GRTST DEPTH:   0           7 = DUSTSTORM OR SANDSTORM:
                                                       VSBY 1/2 MILE OR LESS
                                                   8 = SMOKE OR HAZE
[NO. OF DAYS WITH]      [WEATHER - DAYS WITH]      9 = BLOWING SNOW
                                                   X = TORNADO
MAX 32 OR BELOW:   0    0.01 INCH OR MORE:   4
MAX 90 OR ABOVE:   0    0.10 INCH OR MORE:   2
MIN 32 OR BELOW:   0    0.50 INCH OR MORE:   0
MIN  0 OR BELOW:   0    1.00 INCH OR MORE:   0

[HDD (BASE 65) ]
TOTAL THIS MO.   284    CLEAR  (SCALE 0-3)  17
DPTR FM NORMAL   -85    PTCLDY (SCALE 4-7)  13
TOTAL FM JUL 1   316    CLOUDY (SCALE 8-10)  0
DPTR FM NORMAL  -150

[CDD (BASE 65) ]
TOTAL THIS MO.     0
DPTR FM NORMAL    -2    [PRESSURE DATA]
TOTAL FM JAN 1  2952    HIGHEST SLP 30.50 ON 25
DPTR FM NORMAL  1429    LOWEST  SLP 29.77 ON 30

[REMARKS]
#FINAL-11-14#




U.S. Dept. of Commerce
NOAA National Weather Service
1325 East West Highway
Silver Spring, MD 20910
E-mail: w-nws.webmaster@noaa.gov
Page last modified: May 16, 2007
NATIONAL WEATHER SERVICE: for Safety, for Work, for Fun - FOR LIFE