021
CXUS56 KHNX 311942
CF6MAE
PRELIMINARY LOCAL CLIMATOLOGICAL DATA (WS FORM: F-6)

                                          STATION:   MADERA CA AIRPORT
                                          MONTH:     JANUARY
                                          YEAR:      2015
                                          LATITUDE:   36 58 N
                                          LONGITUDE: 120  7 W

  TEMPERATURE IN F:       :PCPN:    SNOW:  WIND      :SUNSHINE: SKY     :PK WND
================================================================================
1   2   3   4   5  6A  6B    7    8   9   10  11  12  13   14  15   16   17  18
                                     12Z  AVG MX 2MIN
DY MAX MIN AVG DEP HDD CDD  WTR  SNW DPTH SPD SPD DIR MIN PSBL S-S WX    SPD DR
================================================================================

 1  53  27  40  -4  25   0 0.00  0.0    0  3.6  9  80   M    M   0 18     10 150
 2  53  26  40  -4  25   0 0.00  0.0    0  2.1  8 260   M    M   0 8      10 240
 3  55  26  41  -3  24   0 0.00  0.0    0  3.3  8  80   M    M   0 8       9  80
 4  55  30  43  -1  22   0 0.00  0.0    0  3.4 14 160   M    M   0 18     15 150
 5  60  31  46   2  19   0 0.00  0.0    0  2.1  8  80   M    M   0 18      9 330
 6  62  34  48   4  17   0 0.00  0.0    0  3.1  8 330   M    M   0 18     10 290
 7  67  34  51   6  14   0 0.00  0.0    0  2.3  8  80   M    M   1 128     9  80
 8  66  37  52   7  13   0 0.00  0.0    0  2.3  8 250   M    M   0 18      8 250
 9  64  43  54   9  11   0 0.00  0.0    0  2.0  8 330   M    M   0 18     10  70
10  63  43  53   8  12   0 0.00  0.0    0  1.0  7 340   M    M   1 128     8 360
11  65  41  53   8  12   0 0.00  0.0    0  1.5  6 310   M    M   3 128    15 180
12  55  40  48   3  17   0 0.00  0.0    0  1.5  7 140   M    M   7 128     9 110
13  59  42  51   6  14   0 0.00  0.0    0  2.6  7 110   M    M   6 128     9  90
14  59  34  47   2  18   0 0.00  0.0    0  3.7  9 340   M    M   6 128    11 320
15  47  41  44  -1  21   0    T  0.0    0  3.3 12 130   M    M  10 12     13 130
16  50  41  46   1  19   0 0.00  0.0    0  3.5 13 120   M    M   8 128    14 120
17  53  44  49   3  16   0 0.00  0.0    0  3.4 10 140   M    M   7 128    14 140
18  50  44  47   1  18   0 0.00  0.0    0  2.6  9 130   M    M  10 128    11 140
19  50  46  48   2  17   0 0.00  0.0    0  3.0  8 110   M    M  10 128     9 110
20  50  47  49   3  16   0 0.00  0.0    0  3.7  7 310   M    M  10 18      M  M
21  50  47  49   3  16   0 0.00  0.0    0  4.4  8 120   M    M  10        13 110
22   M   M   M   M   M   M 0.00  0.0    M  3.6  7  20   M    M   4 18      M  M
23   M   M   M   M   M   M 0.00  0.0    0  3.0 10 110   M    M  10 128     M  M
24  50  42  46   0  19   0 0.00  0.0    0  2.7 10 140   M    M   9 128    13 140
25  50  38  44  -3  21   0 0.00  0.0    0  3.4  9 120   M    M   6 128    14  60
26  56  33  45  -2  20   0 0.00  0.0    0  3.1  8 120   M    M   1 128    11 270
27  66  48  57  10   8   0 0.03  0.0    0  4.5 12  90   M    M   7 18     28  40
28  53  43  48   1  17   0 0.00  0.0    0  3.0  7 250   M    M   6 128     9 250
29  61  43  52   5  13   0 0.00  0.0    0  3.1  7 280   M    M   6 128    12 330
30  64  41  53   5  12   0 0.00  0.0    0  2.4 17 120   M    M   5 128    22 150
================================================================================
SM 1586 1086       476   0  0.03     0.0  87.2          M      143
================================================================================
AV 56.6 38.8                               2.9 FASTST   M    M   5    MAX(MPH)
                                 MISC ---->  # 17 120               # 28   40
================================================================================
NOTES:
# LAST OF SEVERAL OCCURRENCES

COLUMN 17 PEAK WIND IN M.P.H.

PRELIMINARY LOCAL CLIMATOLOGICAL DATA (WS FORM: F-6) , PAGE 2

                                          STATION:  MADERA CA AIRPORT
                                          MONTH:    JANUARY
                                          YEAR:     2015
                                          LATITUDE:   36 58 N
                                          LONGITUDE: 120  7 W

[TEMPERATURE DATA]      [PRECIPITATION DATA]       SYMBOLS USED IN COLUMN 16

AVERAGE MONTHLY: 47.7   TOTAL FOR MONTH:   0.03    1 = FOG OR MIST
DPTR FM NORMAL:   2.2   DPTR FM NORMAL:   -2.37    2 = FOG REDUCING VISIBILITY
HIGHEST:    67 ON  7    GRTST 24HR  0.03 ON 27-27      TO 1/4 MILE OR LESS
LOWEST:     26 ON  3, 2                            3 = THUNDER
                        SNOW, ICE PELLETS, HAIL    4 = ICE PELLETS
                        TOTAL MONTH:   0.0 INCH    5 = HAIL
                        GRTST 24HR     0.0         6 = FREEZING RAIN OR DRIZZLE
                        GRTST DEPTH:   0           7 = DUSTSTORM OR SANDSTORM:
                                                       VSBY 1/2 MILE OR LESS
                                                   8 = SMOKE OR HAZE
[NO. OF DAYS WITH]      [WEATHER - DAYS WITH]      9 = BLOWING SNOW
                                                   X = TORNADO
MAX 32 OR BELOW:   0    0.01 INCH OR MORE:   1
MAX 90 OR ABOVE:   0    0.10 INCH OR MORE:   0
MIN 32 OR BELOW:   5    0.50 INCH OR MORE:   0
MIN  0 OR BELOW:   0    1.00 INCH OR MORE:   0

[HDD (BASE 65) ]
TOTAL THIS MO.   476    CLEAR  (SCALE 0-3)  12
DPTR FM NORMAL  -109    PTCLDY (SCALE 4-7)  11
TOTAL FM JUL 1  1180    CLOUDY (SCALE 8-10)  7
DPTR FM NORMAL  -480

[CDD (BASE 65) ]
TOTAL THIS MO.     0
DPTR FM NORMAL     0    [PRESSURE DATA]
TOTAL FM JAN 1     0    HIGHEST SLP M ON M
DPTR FM NORMAL     0    LOWEST  SLP 29.89 ON 30

[REMARKS]




U.S. Dept. of Commerce
NOAA National Weather Service
1325 East West Highway
Silver Spring, MD 20910
E-mail: w-nws.webmaster@noaa.gov
Page last modified: May 16, 2007
NATIONAL WEATHER SERVICE: for Safety, for Work, for Fun - FOR LIFE