658
CXUS54 KLZK 311330
CF6M19
PRELIMINARY LOCAL CLIMATOLOGICAL DATA (WS FORM: F-6)

                                          STATION:   Newport Airport
                                          MONTH:     AUGUST
                                          YEAR:      2014
                                          LATITUDE:   35 35 N
                                          LONGITUDE:  91 16 W

  TEMPERATURE IN F:       :PCPN:    SNOW:  WIND      :SUNSHINE: SKY     :PK WND
================================================================================
1   2   3   4   5  6A  6B    7    8   9   10  11  12  13   14  15   16   17  18
                                     12Z  AVG MX 2MIN
DY MAX MIN AVG DEP HDD CDD  WTR  SNW DPTH SPD SPD DIR MIN PSBL S-S WX    SPD DR
================================================================================

 1  83  68  76  -5   0  11    T  0.0    0  4.9  8 350   M    M   7 1       M  M
 2  88  66  77  -4   0  12 0.00  0.0    0  8.4 15  30   M    M   0 1      17  30
 3  87  66  77  -4   0  12    T  0.0    0  8.1 16  10   M    M   0 1       M  M
 4  90  65  78  -3   0  13    T  0.0    0  5.8 10 360   M    M   0 18      M  M
 5  94  66  80  -1   0  15 0.00  0.0    0  5.4 10 270   M    M   0 1       M  M
 6  95  71  83   2   0  18 0.00  0.0    0  7.7 15 110   M    M   0         M  M
 7  94  72  83   2   0  18 0.00  0.0    0  8.4 15 250   M    M   1 13      M  M
 8  94  73  84   3   0  19 1.17  0.0    0  7.8 13 180   M    M   5 138    22 210
 9  93  74  84   3   0  19    T  0.0    0  2.9 12 170   M    M   4 13     18 270
10  95  71  83   2   0  18 0.00  0.0    0  6.2 10 270   M    M   0         M  M
11  90  76  83   2   0  18 0.00  0.0    0  7.6 15 330   M    M   3        21 320
12  86  67  77  -4   0  12 0.00  0.0    0  8.7 16 360   M    M   2        18  30
13  84  62  73  -8   0   8 0.00  0.0    0  5.6 13 100   M    M   0         M  M
14  87  65  76  -5   0  11    T  0.0    0  3.6  8 130   M    M   1         M  M
15  89  65  77  -4   0  12 0.00  0.0    0  5.7 10 140   M    M   0 8       M  M
16  93  66  80   0   0  15 0.00  0.0    0  8.9 15 200   M    M   0         M  M
17  98  73  86   6   0  21 0.60  0.0    0 10.7 18 210   M    M   2 13     20 230
18  91  55  73  -7   0   8 0.00  0.0    0  6.2 12 200   M    M   4         M  M
19  94  70  82   2   0  17 0.51  0.0    0  8.8 14 210   M    M   1         M  M
20  96  75  86   6   0  21 0.00  0.0    0  9.4 16 200   M    M   0 1      22 200
21  95  74  85   5   0  20 0.00  0.0    0  9.0 15 200   M    M   0        20 200
22  98  74  86   6   0  21 0.00  0.0    0  8.4 15 200   M    M   0        16 170
23  99  76  88   8   0  23 0.00  0.0    0  5.6  8 200   M    M   0 1       M  M
24  98  76  87   7   0  22 0.00  0.0    0  3.6  7 130   M    M   0 1       M  M
25  96  77  87   8   0  22 0.00  0.0    0  4.8 10 100   M    M   0         M  M
26  94  74  84   5   0  19 0.00  0.0    0  4.7 10 120   M    M   0 8       M  M
27  93  75  84   5   0  19 0.00  0.0    0  4.0 10 130   M    M   1 8       M  M
28  94  72  83   4   0  18 0.00  0.0    0  4.1 12 160   M    M   0 18      M  M
29  94  70  82   4   0  17 0.54  0.0    0  6.0 18 200   M    M   1 138    22 190
30  85  72  79   1   0  14 0.00  0.0    0  8.3 15 150   M    M   2 1      17 200
================================================================================
SM 2767 2106         0 493  2.82     0.0 199.3          M       34
================================================================================
AV 92.2 70.2                               6.6 FASTST   M    M   1    MAX(MPH)
                                 MISC ---->    18   M                 22    M
================================================================================
NOTES:
# LAST OF SEVERAL OCCURRENCES

COLUMN 17 PEAK WIND IN M.P.H.

PRELIMINARY LOCAL CLIMATOLOGICAL DATA (WS FORM: F-6) , PAGE 2

                                          STATION:  Newport Airport
                                          MONTH:    AUGUST
                                          YEAR:     2014
                                          LATITUDE:   35 35 N
                                          LONGITUDE:  91 16 W

[TEMPERATURE DATA]      [PRECIPITATION DATA]       SYMBOLS USED IN COLUMN 16

AVERAGE MONTHLY: 81.2   TOTAL FOR MONTH:   2.82    1 = FOG OR MIST
DPTR FM NORMAL:   1.0   DPTR FM NORMAL:    0.24    2 = FOG REDUCING VISIBILITY
HIGHEST:    99 ON 23    GRTST 24HR  1.17 ON  8- 8      TO 1/4 MILE OR LESS
LOWEST:     55 ON 18                               3 = THUNDER
                        SNOW, ICE PELLETS, HAIL    4 = ICE PELLETS
                        TOTAL MONTH:   0.0 INCH    5 = HAIL
                        GRTST 24HR     0.0         6 = FREEZING RAIN OR DRIZZLE
                        GRTST DEPTH:   0           7 = DUSTSTORM OR SANDSTORM:
                                                       VSBY 1/2 MILE OR LESS
                                                   8 = SMOKE OR HAZE
[NO. OF DAYS WITH]      [WEATHER - DAYS WITH]      9 = BLOWING SNOW
                                                   X = TORNADO
MAX 32 OR BELOW:   0    0.01 INCH OR MORE:   4
MAX 90 OR ABOVE:  22    0.10 INCH OR MORE:   4
MIN 32 OR BELOW:   0    0.50 INCH OR MORE:   4
MIN  0 OR BELOW:   0    1.00 INCH OR MORE:   1

[HDD (BASE 65) ]
TOTAL THIS MO.     0    CLEAR  (SCALE 0-3)  25
DPTR FM NORMAL     0    PTCLDY (SCALE 4-7)   5
TOTAL FM JUL 1     0    CLOUDY (SCALE 8-10)  0
DPTR FM NORMAL     0

[CDD (BASE 65) ]
TOTAL THIS MO.   493
DPTR FM NORMAL    37    [PRESSURE DATA]
TOTAL FM JAN 1  1505    HIGHEST SLP M ON M
DPTR FM NORMAL   -61    LOWEST  SLP M ON M

[REMARKS]




U.S. Dept. of Commerce
NOAA National Weather Service
1325 East West Highway
Silver Spring, MD 20910
E-mail: w-nws.webmaster@noaa.gov
Page last modified: May 16, 2007
NATIONAL WEATHER SERVICE: for Safety, for Work, for Fun - FOR LIFE