415
CXUS54 KLZK 231330
CF6M19
PRELIMINARY LOCAL CLIMATOLOGICAL DATA (WS FORM: F-6)

                                          STATION:   Newport Airport
                                          MONTH:     APRIL
                                          YEAR:      2014
                                          LATITUDE:   35 35 N
                                          LONGITUDE:  91 16 W

  TEMPERATURE IN F:       :PCPN:    SNOW:  WIND      :SUNSHINE: SKY     :PK WND
================================================================================
1   2   3   4   5  6A  6B    7    8   9   10  11  12  13   14  15   16   17  18
                                     12Z  AVG MX 2MIN
DY MAX MIN AVG DEP HDD CDD  WTR  SNW DPTH SPD SPD DIR MIN PSBL S-S WX    SPD DR
================================================================================

 1  74  48  61   5   4   0 0.00  0.0    0  7.0 18 170   M    M   3 8      23 200
 2  72  58  65   9   0   0 0.02  0.0    0 11.5 20 170   M    M   9 3      30 190
 3  82  68  75  19   0  10 0.00  0.0    0 17.7 30 190   M    M   6 13     40 200
 4  74  45  60   3   5   0 1.31    M    0 15.0 23 300   M    M   2 13     31 320
 5  53  36  45 -12  20   0    T    M    0  6.6 12  50   M    M   1         M  M
 6  56  41  49  -9  16   0 0.05    M    0  9.0 14  30   M    M   6         M  M
 7  58  46  52  -6  13   0 0.34    M    0 13.4 22 340   M    M   7 1      27 330
 8  55  41  48 -10  17   0 0.25    M    0  7.2 14 130   M    M   4 13      M  M
 9  67  39  53  -5  12   0 0.00  0.0    0  8.3 15 190   M    M   0        20 200
10  79  47  63   4   2   0 0.00  0.0    0 16.3 25 190   M    M   0        37 190
11  77  57  67   8   0   2 0.00  0.0    0 12.1 17 200   M    M   1        27 170
12  77  57  67   8   0   2 0.00  0.0    0 17.5 30 200   M    M   3        36 190
13   M   M   M   M   M   M 1.11    M    0 20.8 29 190   M    M   6 13     37 200
14  64  40  52  -8  13   0 0.33    M    0 15.7 28 340   M    M   9 3      32 320
15  53  32  43 -17  22   0 0.00  0.0    0  9.6 16 340   M    M   1        30 340
16  58  37  48 -13  17   0 0.00  0.0    0  9.0 15 150   M    M   0 8      20 130
17  69  39  54  -7  11   0 0.00  0.0    0  4.3 10 150   M    M   1        18 180
18  73  50  62   1   3   0    T  0.0    0  6.5 13  20   M    M   2        17  30
19  76  48  62   0   3   0 0.00  0.0    0  5.1 12 100   M    M   0         M  M
20  81  51  66   4   0   1    T  0.0    0  5.3 12 190   M    M   0 8      17 180
21  78  60  69   7   0   4    T  0.0    0  5.6 12 170   M    M   7 13      M  M
22  77  59  68   6   0   3    T  0.0    0  8.3 14 330   M    M   2 1       M  M
================================================================================
SM 1453  999       158  22  3.41     0.0 231.8          M       70
================================================================================
AV 69.2 47.6                              10.5 FASTST   M    M   3    MAX(MPH)
                                 MISC ---->    30   M                 40    M
================================================================================
NOTES:
# LAST OF SEVERAL OCCURRENCES

COLUMN 17 PEAK WIND IN M.P.H.

PRELIMINARY LOCAL CLIMATOLOGICAL DATA (WS FORM: F-6) , PAGE 2

                                          STATION:  Newport Airport
                                          MONTH:    APRIL
                                          YEAR:     2014
                                          LATITUDE:   35 35 N
                                          LONGITUDE:  91 16 W

[TEMPERATURE DATA]      [PRECIPITATION DATA]       SYMBOLS USED IN COLUMN 16

AVERAGE MONTHLY: 58.4   TOTAL FOR MONTH:   3.41    1 = FOG OR MIST
DPTR FM NORMAL:  -0.8   DPTR FM NORMAL:   -0.09    2 = FOG REDUCING VISIBILITY
HIGHEST:    82 ON  3    GRTST 24HR  1.31 ON  4- 4      TO 1/4 MILE OR LESS
LOWEST:     32 ON 15                               3 = THUNDER
                        SNOW, ICE PELLETS, HAIL    4 = ICE PELLETS
                        TOTAL MONTH:   0.0 INCH    5 = HAIL
                        GRTST 24HR     0.0         6 = FREEZING RAIN OR DRIZZLE
                        GRTST DEPTH:   0           7 = DUSTSTORM OR SANDSTORM:
                                                       VSBY 1/2 MILE OR LESS
                                                   8 = SMOKE OR HAZE
[NO. OF DAYS WITH]      [WEATHER - DAYS WITH]      9 = BLOWING SNOW
                                                   X = TORNADO
MAX 32 OR BELOW:   0    0.01 INCH OR MORE:   7
MAX 90 OR ABOVE:   0    0.10 INCH OR MORE:   5
MIN 32 OR BELOW:   1    0.50 INCH OR MORE:   2
MIN  0 OR BELOW:   0    1.00 INCH OR MORE:   2

[HDD (BASE 65) ]
TOTAL THIS MO.   158    CLEAR  (SCALE 0-3)  13
DPTR FM NORMAL     3    PTCLDY (SCALE 4-7)   7
TOTAL FM JUL 1  4080    CLOUDY (SCALE 8-10)  2
DPTR FM NORMAL   522

[CDD (BASE 65) ]
TOTAL THIS MO.    22
DPTR FM NORMAL    -6    [PRESSURE DATA]
TOTAL FM JAN 1    22    HIGHEST SLP M ON M
DPTR FM NORMAL   -13    LOWEST  SLP M ON M

[REMARKS]




U.S. Dept. of Commerce
NOAA National Weather Service
1325 East West Highway
Silver Spring, MD 20910
E-mail: w-nws.webmaster@noaa.gov
Page last modified: May 16, 2007
NATIONAL WEATHER SERVICE: for Safety, for Work, for Fun - FOR LIFE