568
CXUS54 KLZK 041931
CF6M19
PRELIMINARY LOCAL CLIMATOLOGICAL DATA (WS FORM: F-6)

                                          STATION:   Newport Airport
                                          MONTH:     NOVEMBER
                                          YEAR:      2014
                                          LATITUDE:   35 35 N
                                          LONGITUDE:  91 16 W

  TEMPERATURE IN F:       :PCPN:    SNOW:  WIND      :SUNSHINE: SKY     :PK WND
================================================================================
1   2   3   4   5  6A  6B    7    8   9   10  11  12  13   14  15   16   17  18
                                     12Z  AVG MX 2MIN
DY MAX MIN AVG DEP HDD CDD  WTR  SNW DPTH SPD SPD DIR MIN PSBL S-S WX    SPD DR
================================================================================

 1  51  29  40 -16  25   0    T    M    M  7.0 14  20   M    M   0 8      21  40
 2  58  30  44 -12  21   0 0.00    M    M  6.7 13 130   M    M   3         M  M
 3  71  41  56   1   9   0 0.00    M    M 10.5 17 190   M    M   0 8      18 180
 4  62  49  56   1   9   0 0.53    M    M  7.3 13 180   M    M   7 1       M  M
 5  55  45  50  -4  15   0 0.33    M    M  6.4 10 350   M    M   8 12      M  M
 6  66  39  53  -1  12   0 0.00    M    M 10.7 22 330   M    M   2 12     27 330
 7  56  34  45  -9  20   0 0.00    M    M  6.6 12 350   M    M   0         M  M
 8  66  42  54   1  11   0 0.00    M    M  9.4 15 350   M    M   1        20 340
 9  62  34  48  -5  17   0 0.00    M    M  5.9 14 220   M    M   0        24 210
10  72  44  58   6   7   0 0.00    M    M 14.6 25 190   M    M   0        37 180
11  62  33  48  -4  17   0    T    M    M 14.3 21 320   M    M   7 1      36 320
12  42  29  36 -16  29   0 0.00    M    M 11.3 15  30   M    M   7        23 350
13  39  25  32 -19  33   0 0.00    M    M 12.9 18 350   M    M   3        27 350
14  35  20  28 -23  37   0 0.00    M    M  4.9  9  20   M    M   0         M  M
15  43  23  33 -17  32   0    T    M    M  5.4 10 120   M    M   3 1       M  M
16  37  33  35 -15  30   0    T    M    M  8.1 15 340   M    M  10 1       M  M
17  38  22  30 -20  35   0    T    M    M 13.2 20 290   M    M   4 1      28 290
18  41  17  29 -20  36   0 0.00    M    M  7.6 13 180   M    M   0         M  M
19  60  28  44  -5  21   0 0.00    M    M 14.1 25 200   M    M   0 8      32 200
20  51  27  39  -9  26   0    T    M    M  4.7  9  60   M    M   4 8       M  M
21  46  41  44  -4  21   0 0.11    M    M  6.5 10  90   M    M  10 18      M  M
22  65  40  53   5  12   0    T    M    M  8.8 16 170   M    M   7 1       M  M
23  61  48  55   8  10   0 0.67    M    M 12.0 22 140   M    M   9 1      20 140
24  61  41  51   4  14   0 0.00    M    M 13.2 24 290   M    M   2        39 280
25  51  31  41  -5  24   0 0.00    M    M  6.1 14 320   M    M   0         M  M
26  52  30  41  -5  24   0    T    M    M  8.2 20 310   M    M   4 1      27 310
27  48  32  40  -6  25   0    T    M    M 11.1 24 320   M    M   3 18     31 350
28  55  29  42  -3  23   0 0.00    M    M 11.8 24 200   M    M   0        24 180
29  70  44  57  12   8   0 0.00    M    M 18.4 25 210   M    M   5        37 210
30  74  60  67  23   0   2 0.00    M    M 17.3 28 200   M    M   7        33 200
================================================================================
SM 1650 1040       603   2  1.64    M    295.0          M      106
================================================================================
AV 55.0 34.7                               9.8 FASTST   M    M   4    MAX(MPH)
                                 MISC ---->    28   M                 39    M
================================================================================
NOTES:
# LAST OF SEVERAL OCCURRENCES

COLUMN 17 PEAK WIND IN M.P.H.

PRELIMINARY LOCAL CLIMATOLOGICAL DATA (WS FORM: F-6) , PAGE 2

                                          STATION:  Newport Airport
                                          MONTH:    NOVEMBER
                                          YEAR:     2014
                                          LATITUDE:   35 35 N
                                          LONGITUDE:  91 16 W

[TEMPERATURE DATA]      [PRECIPITATION DATA]       SYMBOLS USED IN COLUMN 16

AVERAGE MONTHLY: 44.8   TOTAL FOR MONTH:   1.64    1 = FOG OR MIST
DPTR FM NORMAL:  -5.4   DPTR FM NORMAL:   -3.71    2 = FOG REDUCING VISIBILITY
HIGHEST:    74 ON 30    GRTST 24HR  0.67 ON 23-23      TO 1/4 MILE OR LESS
LOWEST:     17 ON 18                               3 = THUNDER
                        SNOW, ICE PELLETS, HAIL    4 = ICE PELLETS
                        TOTAL MONTH:    M          5 = HAIL
                        GRTST 24HR    M  ON   M    6 = FREEZING RAIN OR DRIZZLE
                        GRTST DEPTH:  M  ON   M    7 = DUSTSTORM OR SANDSTORM:
                                                       VSBY 1/2 MILE OR LESS
                                                   8 = SMOKE OR HAZE
[NO. OF DAYS WITH]      [WEATHER - DAYS WITH]      9 = BLOWING SNOW
                                                   X = TORNADO
MAX 32 OR BELOW:   0    0.01 INCH OR MORE:   4
MAX 90 OR ABOVE:   0    0.10 INCH OR MORE:   4
MIN 32 OR BELOW:  14    0.50 INCH OR MORE:   2
MIN  0 OR BELOW:   0    1.00 INCH OR MORE:   0

[HDD (BASE 65) ]
TOTAL THIS MO.   603    CLEAR  (SCALE 0-3)  16
DPTR FM NORMAL   154    PTCLDY (SCALE 4-7)  10
TOTAL FM JUL 1   719    CLOUDY (SCALE 8-10)  4
DPTR FM NORMAL    76

[CDD (BASE 65) ]
TOTAL THIS MO.     2
DPTR FM NORMAL    -3    [PRESSURE DATA]
TOTAL FM JAN 1  1871    HIGHEST SLP M ON M
DPTR FM NORMAL   -10    LOWEST  SLP M ON M

[REMARKS]
#FINAL-11-14#




U.S. Dept. of Commerce
NOAA National Weather Service
1325 East West Highway
Silver Spring, MD 20910
E-mail: w-nws.webmaster@noaa.gov
Page last modified: May 16, 2007
NATIONAL WEATHER SERVICE: for Safety, for Work, for Fun - FOR LIFE