337
CXUS54 KLZK 041932
CF6LZK

PRELIMINARY LOCAL CLIMATOLOGICAL DATA (WS FORM: F-6)

                                          STATION:   NORTH LITTLE ROCK
                                          MONTH:     NOVEMBER
                                          YEAR:      2014
                                          LATITUDE:   34 50 N
                                          LONGITUDE:  92 16 W

  TEMPERATURE IN F:       :PCPN:    SNOW:  WIND      :SUNSHINE: SKY     :PK WND
================================================================================
1   2   3   4   5  6A  6B    7    8   9   10  11  12  13   14  15   16   17  18
                                     12Z  AVG MX 2MIN
DY MAX MIN AVG DEP HDD CDD  WTR  SNW DPTH SPD SPD DIR MIN PSBL S-S WX    SPD DR
================================================================================

 1  55  33  44 -14  21   0 0.00  0.0    0  4.9  8  20   M    M   M        17 320
 2  59  37  48 -10  17   0 0.00  0.0    0  7.0 13 120   M    M   M        17 120
 3  69  43  56  -2   9   0 0.00  0.0    0  7.0 14 200   M    M   M        21 200
 4  63  56  60   3   5   0 0.70  0.0    0  8.1 14 200   M    M   M        22 200
 5  57  51  54  -3  11   0 0.48  0.0    0  5.1  8 210   M    M   M        17 210
 6  67  44  56  -1   9   0 0.00  0.0    0  7.3 12 340   M    M   M        21 320
 7  58  37  48  -8  17   0 0.00  0.0    0  5.8  9 140   M    M   M        13 230
 8  66  43  55  -1  10   0 0.00  0.0    0  6.0 10 330   M    M   M        18 320
 9  64  41  53  -3  12   0 0.00  0.0    0  6.1  9 210   M    M   M         9 210
10  72  47  60   5   5   0 0.00  0.0    0 10.0 16 200   M    M   M        28 210
11  61  34  48  -7  17   0 0.01  0.0    0  8.8 14 350   M    M   M        22 350
12  45  29  37 -17  28   0    T    T    0  8.6 13 350   M    M   M        22  20
13  38  27  33 -21  32   0 0.03  0.4    T  8.2 14 330   M    M   M 4      19 320
14  39  23  31 -22  34   0 0.00  0.0    0  5.5 10  70   M    M   M        13 160
15  41  25  33 -20  32   0 0.01  0.0    0  5.5 10 140   M    M   M        18 140
16  38  32  35 -18  30   0 0.10  0.1    0  8.1 13 360   M    M   M 4      21 360
17  37  24  31 -21  34   0    T  0.1    T  7.7 14 330   M    M   M        21 290
18  44  20  32 -20  33   0 0.00  0.0    0  5.8  9 220   M    M   M        20 220
19  58  32  45  -6  20   0 0.00  0.0    0  9.3 15 230   M    M   M        28 230
20  55  33  44  -7  21   0 0.00  0.0    0  7.0 12 110   M    M   M        17  40
21  49  40  45  -5  20   0 0.14  0.0    0  7.3 10  70   M    M   M        10  70
22  65  48  57   7   8   0 0.00  0.0    0  7.2 12 180   M    M   M        17 180
23  61  56  59   9   6   0 0.57  0.0    0  9.4 15 150   M    M   M        29 260
24  58  44  51   2  14   0 0.00  0.0    0  7.7 13 260   M    M   M        30 280
25  53  36  45  -4  20   0 0.00  0.0    0  4.4  8 360   M    M   M        13 340
26  55  35  45  -3  20   0 0.00  0.0    0  6.2 10 290   M    M   M        24 290
27  47  32  40  -8  25   0 0.00  0.0    0  5.0 12 340   M    M   M        20 330
28  58  32  45  -3  20   0 0.00  0.0    0  8.6 13 200   M    M   M        21 200
29  73  48  61  14   4   0 0.00  0.0    0 13.0 16 200   M    M   M        28 210
30  73  62  68  21   0   3 0.00  0.0    0 10.9 16 220   M    M   M        32 220
================================================================================
SM 1678 1144       534   3  2.04     0.6 221.5          M        M
================================================================================
AV 55.9 38.1                               7.4 FASTST   M    M   5    MAX(MPH)
                                 MISC ---->  # 16 200               # 32  220
================================================================================
NOTES:
# LAST OF SEVERAL OCCURRENCES

COLUMN 17 PEAK WIND IN M.P.H.

PRELIMINARY LOCAL CLIMATOLOGICAL DATA (WS FORM: F-6) , PAGE 2

                                          STATION:  NORTH LITTLE ROCK
                                          MONTH:    NOVEMBER
                                          YEAR:     2014
                                          LATITUDE:   34 50 N
                                          LONGITUDE:  92 16 W

[TEMPERATURE DATA]      [PRECIPITATION DATA]       SYMBOLS USED IN COLUMN 16

AVERAGE MONTHLY: 47.0   TOTAL FOR MONTH:   2.04    1 = FOG OR MIST
DPTR FM NORMAL:  -5.8   DPTR FM NORMAL:   -3.35    2 = FOG REDUCING VISIBILITY
HIGHEST:    73 ON 30,29 GRTST 24HR  1.00 ON  4- 5      TO 1/4 MILE OR LESS
LOWEST:     20 ON 18                               3 = THUNDER
                        SNOW, ICE PELLETS, HAIL    4 = ICE PELLETS
                        TOTAL MONTH:   0.6 INCH    5 = HAIL
                        GRTST 24HR   0.4 ON 12-13  6 = FREEZING RAIN OR DRIZZLE
                        GRTST DEPTH:   0           7 = DUSTSTORM OR SANDSTORM:
                                                       VSBY 1/2 MILE OR LESS
                                                   8 = SMOKE OR HAZE
[NO. OF DAYS WITH]      [WEATHER - DAYS WITH]      9 = BLOWING SNOW
                                                   X = TORNADO
MAX 32 OR BELOW:   0    0.01 INCH OR MORE:   8
MAX 90 OR ABOVE:   0    0.10 INCH OR MORE:   5
MIN 32 OR BELOW:  10    0.50 INCH OR MORE:   2
MIN  0 OR BELOW:   0    1.00 INCH OR MORE:   0

[HDD (BASE 65) ]
TOTAL THIS MO.   534    CLEAR  (SCALE 0-3)   0
DPTR FM NORMAL   157    PTCLDY (SCALE 4-7)   0
TOTAL FM JUL 1   615    CLOUDY (SCALE 8-10)  0
DPTR FM NORMAL   103

[CDD (BASE 65) ]
TOTAL THIS MO.     3
DPTR FM NORMAL    -8    [PRESSURE DATA]
TOTAL FM JAN 1  1934    HIGHEST SLP 30.54 ON 27
DPTR FM NORMAL  -235    LOWEST  SLP 29.30 ON 23

[REMARKS]
#FINAL-11-14#







U.S. Dept. of Commerce
NOAA National Weather Service
1325 East West Highway
Silver Spring, MD 20910
E-mail: w-nws.webmaster@noaa.gov
Page last modified: May 16, 2007
NATIONAL WEATHER SERVICE: for Safety, for Work, for Fun - FOR LIFE