391
CXUS51 KRNK 010933 CCA
CF6LYH

PRELIMINARY LOCAL CLIMATOLOGICAL DATA (WS FORM: F-6)

                                          STATION:   LYNCHBURG VA
                                          MONTH:     AUGUST
                                          YEAR:      2014
                                          LATITUDE:   37 19 N
                                          LONGITUDE:  79 12 W

  TEMPERATURE IN F:       :PCPN:    SNOW:  WIND      :SUNSHINE: SKY     :PK WND
================================================================================
1   2   3   4   5  6A  6B    7    8   9   10  11  12  13   14  15   16   17  18
                                     12Z  AVG MX 2MIN
DY MAX MIN AVG DEP HDD CDD  WTR  SNW DPTH SPD SPD DIR MIN PSBL S-S WX    SPD DR
================================================================================

 1  70  62  66  -9   0   1 0.78  0.0    0  4.2 15  40   M    M   9 1      18  50
 2  72  62  67  -8   0   2 0.02  0.0    0  3.0 10  40   M    M  10 1      13  40
 3  82  61  72  -3   0   7 0.00  0.0    0  2.0  9 200   M    M   3 12     13 190
 4  85  59  72  -3   0   7 0.00  0.0    0  2.3  9 120   M    M   1 1      14 140
 5  86  62  74  -1   0   9 0.57  0.0    0  1.0  9 270   M    M   3 13      M  M
 6  86  61  74  -1   0   9 0.04  0.0    0  1.8 15  10   M    M   4 12     22  20
 7  82  63  73  -2   0   8 0.00  0.0    0  2.2  9  40   M    M   4 12     12  50
 8  76  65  71  -4   0   6 0.05  0.0    0  2.4  9 210   M    M   7 1      12 180
 9  67  64  66  -9   0   1 1.00  0.0    0  1.4  9 160   M    M  10 1      10 150
10  75  65  70  -5   0   5 0.02  0.0    0  0.8  6 210   M    M  10 1       M  M
11  74  66  70  -5   0   5 0.66  0.0    0  3.3 12 160   M    M  10 1      17 150
12  81  67  74  -1   0   9 0.31  0.0    0  1.3 14 310   M    M   9 1      23 300
13  78  58  68  -7   0   3    T  0.0    0  4.0 12 310   M    M   3 1      17 280
14  80  52  66  -8   0   1 0.00  0.0    0  3.7 14 240   M    M   2        22 240
15  80  57  69  -5   0   4 0.00  0.0    0  2.6 12 190   M    M   2 1      16 180
16  82  56  69  -5   0   4 0.00  0.0    0  2.5 10 200   M    M   0 1      13 210
17  80  64  72  -2   0   7    T  0.0    0  1.4 10  10   M    M   7 1      14  20
18  75  68  72  -2   0   7 0.59  0.0    0  1.8  8  10   M    M   8 1      10  20
19  85  68  77   3   0  12 0.23  0.0    0  1.8  8 300   M    M   7 13     12 280
20  85  69  77   3   0  12 0.00  0.0    0  2.8 10 190   M    M   6 1      14 190
21   M  66   M   M   M   M 0.14  0.0    0   M   M   M   M    M   M 123     M  M
22   M   M   M   M   M   M 0.03  0.0    0  1.8  8 200   M    M   M 1      10 200
23   M   M   M   M   M   M 0.23  0.0    0  5.1 14  20   M    M   M 12     19  60
24   M   M   M   M   M   M 0.11  0.0    0  8.0 14  20   M    M  10 18     19  50
25  77  58  68  -5   0   3 0.00  0.0    0  5.9 16  20   M    M   0 18     22  30
26  80  55  68  -5   0   3 0.00  0.0    0  3.6 10  40   M    M   0        16  50
27  84  53  69  -4   0   4 0.00  0.0    0  1.8  9  20   M    M   0 1      14  20
28  86  64  75   2   0  10 0.00  0.0    0  3.8 13  40   M    M   1 1      16 190
29  79  63  71  -2   0   6 0.00  0.0    0  6.1 14  20   M    M   6        18  10
30  85  70  78   6   0  13 0.00  0.0    0  5.2 14 180   M    M   6        17 140
31  88  67  78   6   0  13 0.00  0.0    0  5.6 17 180   M    M   2 1      22 190
================================================================================
SM 2160 1745         0 171  4.78     0.0  93.2          M      140
================================================================================
AV 80.0 62.3                               3.1 FASTST   M    M   5    MAX(MPH)
                                 MISC ---->  # 17 180               # 23  300
================================================================================
NOTES:
# LAST OF SEVERAL OCCURRENCES

COLUMN 17 PEAK WIND IN M.P.H.

PRELIMINARY LOCAL CLIMATOLOGICAL DATA (WS FORM: F-6) , PAGE 2

                                          STATION:  LYNCHBURG VA
                                          MONTH:    AUGUST
                                          YEAR:     2014
                                          LATITUDE:   37 19 N
                                          LONGITUDE:  79 12 W

[TEMPERATURE DATA]      [PRECIPITATION DATA]       SYMBOLS USED IN COLUMN 16

AVERAGE MONTHLY: 71.2   TOTAL FOR MONTH:   4.78    1 = FOG OR MIST
DPTR FM NORMAL:  -2.9   DPTR FM NORMAL:    1.52    2 = FOG REDUCING VISIBILITY
HIGHEST:    88 ON 31    GRTST 24HR  1.05 ON  8- 9      TO 1/4 MILE OR LESS
LOWEST:     52 ON 14                               3 = THUNDER
                        SNOW, ICE PELLETS, HAIL    4 = ICE PELLETS
                        TOTAL MONTH:   0.0 INCH    5 = HAIL
                        GRTST 24HR     0.0         6 = FREEZING RAIN OR DRIZZLE
                        GRTST DEPTH:   0           7 = DUSTSTORM OR SANDSTORM:
                                                       VSBY 1/2 MILE OR LESS
                                                   8 = SMOKE OR HAZE
[NO. OF DAYS WITH]      [WEATHER - DAYS WITH]      9 = BLOWING SNOW
                                                   X = TORNADO
MAX 32 OR BELOW:   0    0.01 INCH OR MORE:  15
MAX 90 OR ABOVE:   0    0.10 INCH OR MORE:  10
MIN 32 OR BELOW:   0    0.50 INCH OR MORE:   5
MIN  0 OR BELOW:   0    1.00 INCH OR MORE:   1

[HDD (BASE 65) ]
TOTAL THIS MO.     0    CLEAR  (SCALE 0-3)  10
DPTR FM NORMAL    -2    PTCLDY (SCALE 4-7)  10
TOTAL FM JUL 1     0    CLOUDY (SCALE 8-10)  8
DPTR FM NORMAL    -3

[CDD (BASE 65) ]
TOTAL THIS MO.   171
DPTR FM NORMAL  -113    [PRESSURE DATA]
TOTAL FM JAN 1   830    HIGHEST SLP 30.23 ON 30
DPTR FM NORMAL   -68    LOWEST  SLP 29.95 ON 28

[REMARKS]
DUE TO A SYSTEM FAILURE CAUSING MISSING TEMPERATURES ON
AUGUST 21-24...ALL TEMPERATURE DATA AND CDD WILL BE CALCULATED
WITHOUT DATA FROM THOSE DATES.
#FINAL-08-14#




U.S. Dept. of Commerce
NOAA National Weather Service
1325 East West Highway
Silver Spring, MD 20910
E-mail: w-nws.webmaster@noaa.gov
Page last modified: May 16, 2007
NATIONAL WEATHER SERVICE: for Safety, for Work, for Fun - FOR LIFE