622
CXUS51 KRNK 011108
CF6LYH

PRELIMINARY LOCAL CLIMATOLOGICAL DATA (WS FORM: F-6)

                                          STATION:   LYNCHBURG VA
                                          MONTH:     NOVEMBER
                                          YEAR:      2014
                                          LATITUDE:   37 19 N
                                          LONGITUDE:  79 12 W

  TEMPERATURE IN F:       :PCPN:    SNOW:  WIND      :SUNSHINE: SKY     :PK WND
================================================================================
1   2   3   4   5  6A  6B    7    8   9   10  11  12  13   14  15   16   17  18
                                     12Z  AVG MX 2MIN
DY MAX MIN AVG DEP HDD CDD  WTR  SNW DPTH SPD SPD DIR MIN PSBL S-S WX    SPD DR
================================================================================

 1  53  42  48  -4  17   0 0.02  0.0    0  7.8 18  10   M    M   8        28 360
 2  50  30  40 -11  25   0 0.00  0.0    0  7.1 16  10   M    M   2        32 310
 3  64  26  45  -6  20   0 0.00  0.0    0  3.0 10 210   M    M   0        15 280
 4  72  40  56   5   9   0 0.00  0.0    0  7.3 14 190   M    M   1        18 180
 5  67  46  57   7   8   0 0.00  0.0    0  4.1 13 210   M    M   4        16 220
 6  70  47  59   9   6   0 0.13  0.0    0  8.0 18 300   M    M   5 1      31 300
 7  55  29  42  -8  23   0 0.00  0.0    0  7.4 18 310   M    M   0        30 310
 8  52  24  38 -11  27   0 0.00  0.0    0  4.0 16 200   M    M   0        21 190
 9  59  33  46  -3  19   0 0.00  0.0    0  1.7  8 310   M    M   0        12 320
10  63  32  48  -1  17   0 0.00  0.0    0  1.6 13 160   M    M   0 1      16 160
11  69  33  51   3  14   0 0.00  0.0    0  1.4 10 170   M    M   0 12     25  90
12  70  38  54   6  11   0 0.00  0.0    0  3.7 12  50   M    M   2 12     16 260
13  48  38  43  -5  22   0    T    T    0  4.8 12 320   M    M  10        17 300
14  39  26  33 -14  32   0    T    T    0  6.0 13  20   M    M   2        22 340
15  42  19  31 -16  34   0 0.00  0.0    0  2.3 10 160   M    M   0        16 220
16  45  28  37 -10  28   0    T  0.0    0  3.6 14 190   M    M   7        18 190
17  46  33  40  -6  25   0 0.47  0.0    0  4.5 15 270   M    M   9        23 260
18  34  19  27 -19  38   0 0.00  0.0    0  7.3 16 260   M    M   0        26 260
19  39  13  26 -20  39   0 0.00  0.0    0  7.2 17 190   M    M   0        21 190
20  54  23  39  -6  26   0 0.00  0.0    0  6.9 18 210   M    M   0        26 250
21  41  20  31 -14  34   0 0.00  0.0    0  3.5  9 230   M    M   0        15 320
22  49  15  32 -13  33   0 0.00  0.0    0  4.3 16 210   M    M   0        23 200
23  54  26  40  -4  25   0 0.71  0.0    0  3.5 12  40   M    M   6 1      14  40
24  71  52  62  18   3   0    T  0.0    0 11.3 25 200   M    M   3        34 190
25  59  42  51   7  14   0 0.00  0.0    0  2.6 10 270   M    M   1        13 260
26  47  32  40  -3  25   0 1.10    T    0  5.4 17  40   M    M  10 1      23  60
27  47  33  40  -3  25   0    T  0.0    0  4.9 14 300   M    M   9 1      23 310
28  39  23  31 -11  34   0 0.00  0.0    0  3.0 12 310   M    M   2        17 310
29  46  22  34  -8  31   0 0.00  0.0    0  1.1  9 210   M    M   0        13 170
30  64  28  46   4  19   0 0.00  0.0    0  6.5 20 210   M    M   2        24 220
================================================================================
SM 1608  912       683   0  2.43    T    145.8          M       83
================================================================================
AV 53.6 30.4                               4.9 FASTST   M    M   3    MAX(MPH)
                                 MISC ---->  # 25 200               # 34  190
================================================================================
NOTES:
# LAST OF SEVERAL OCCURRENCES

COLUMN 17 PEAK WIND IN M.P.H.

PRELIMINARY LOCAL CLIMATOLOGICAL DATA (WS FORM: F-6) , PAGE 2

                                          STATION:  LYNCHBURG VA
                                          MONTH:    NOVEMBER
                                          YEAR:     2014
                                          LATITUDE:   37 19 N
                                          LONGITUDE:  79 12 W

[TEMPERATURE DATA]      [PRECIPITATION DATA]       SYMBOLS USED IN COLUMN 16

AVERAGE MONTHLY: 42.0   TOTAL FOR MONTH:   2.43    1 = FOG OR MIST
DPTR FM NORMAL:  -4.8   DPTR FM NORMAL:   -0.98    2 = FOG REDUCING VISIBILITY
HIGHEST:    72 ON  4    GRTST 24HR  1.10 ON 26-26      TO 1/4 MILE OR LESS
LOWEST:     13 ON 19                               3 = THUNDER
                        SNOW, ICE PELLETS, HAIL    4 = ICE PELLETS
                        TOTAL MONTH:    T          5 = HAIL
                        GRTST 24HR    T  ON 26-26  6 = FREEZING RAIN OR DRIZZLE
                        GRTST DEPTH:   0           7 = DUSTSTORM OR SANDSTORM:
                                                       VSBY 1/2 MILE OR LESS
                                                   8 = SMOKE OR HAZE
[NO. OF DAYS WITH]      [WEATHER - DAYS WITH]      9 = BLOWING SNOW
                                                   X = TORNADO
MAX 32 OR BELOW:   0    0.01 INCH OR MORE:   5
MAX 90 OR ABOVE:   0    0.10 INCH OR MORE:   4
MIN 32 OR BELOW:  18    0.50 INCH OR MORE:   2
MIN  0 OR BELOW:   0    1.00 INCH OR MORE:   1

[HDD (BASE 65) ]
TOTAL THIS MO.   683    CLEAR  (SCALE 0-3)  20
DPTR FM NORMAL   136    PTCLDY (SCALE 4-7)   6
TOTAL FM JUL 1   976    CLOUDY (SCALE 8-10)  4
DPTR FM NORMAL    82

[CDD (BASE 65) ]
TOTAL THIS MO.     0
DPTR FM NORMAL    -1    [PRESSURE DATA]
TOTAL FM JAN 1   967    HIGHEST SLP 30.56 ON 22
DPTR FM NORMAL   -65    LOWEST  SLP 29.60 ON 17

[REMARKS]
DUE TO A SYSTEM FAILURE CAUSING MISSING TEMPERATURES ON
AUGUST 21-24...THE SEASONAL TOTAL AND DEPARTURE FROM NORMAL
FOR CDD WILL BE CALCULATED WITHOUT DATA FROM THOSE DATES.

#FINAL-11-14#




U.S. Dept. of Commerce
NOAA National Weather Service
1325 East West Highway
Silver Spring, MD 20910
E-mail: w-nws.webmaster@noaa.gov
Page last modified: May 16, 2007
NATIONAL WEATHER SERVICE: for Safety, for Work, for Fun - FOR LIFE