345
CXUS51 KRNK 281112
CF6LYH
PRELIMINARY LOCAL CLIMATOLOGICAL DATA (WS FORM: F-6)

                                          STATION:   LYNCHBURG VA
                                          MONTH:     JANUARY
                                          YEAR:      2015
                                          LATITUDE:   37 19 N
                                          LONGITUDE:  79 12 W

  TEMPERATURE IN F:       :PCPN:    SNOW:  WIND      :SUNSHINE: SKY     :PK WND
================================================================================
1   2   3   4   5  6A  6B    7    8   9   10  11  12  13   14  15   16   17  18
                                     12Z  AVG MX 2MIN
DY MAX MIN AVG DEP HDD CDD  WTR  SNW DPTH SPD SPD DIR MIN PSBL S-S WX    SPD DR
================================================================================

 1  47  23  35   0  30   0 0.00  0.0    0  7.0 16 240   M    M   2        23 210
 2  47  35  41   6  24   0    T  0.0    0  3.5 13 250   M    M   4        19 250
 3  43  36  40   5  25   0 0.15  0.0    0  4.1 12  20   M    M  10 1      13  20
 4  59  39  49  14  16   0 0.14  0.0    0  8.1 24 180   M    M   8 1      32 210
 5  45  26  36   1  29   0 0.00  0.0    0  5.7 21 300   M    M   0        31 300
 6  43  26  35   0  30   0 0.00  0.0    0  4.9 16 300   M    M   3        28 300
 7  30  10  20 -15  45   0 0.00  0.0    0  7.8 20 300   M    M   2        30 290
 8  22   3  13 -22  52   0 0.00  0.0    0  6.8 14 190   M    M   0        17 310
 9  39  20  30  -5  35   0 0.00  0.0    0  8.6 20 200   M    M   4        26 290
10  30  12  21 -14  44   0 0.00  0.0    0  4.2 12 290   M    M   0        18 290
11  43   9  26  -9  39   0    T  0.0    0  2.6 14 190   M    M   2        16 180
12  41  32  37   2  28   0 0.77  0.0    0  2.6 10  20   M    M  10 16     15  10
13  40  27  34  -1  31   0    T    T    T 11.0 18  50   M    M  10 14     24  50
14  33  24  29  -6  36   0 0.03  0.1    0  3.8 16  30   M    M  10 1      20  30
15  41  24  33  -2  32   0 0.00  0.0    0  3.0  9 250   M    M   9 12     13 230
16  48  26  37   2  28   0 0.00  0.0    0  5.7 15 300   M    M   1        22 290
17  45  23  34  -1  31   0 0.00  0.0    0  4.5 12 170   M    M   0        16 180
18  55  27  41   6  24   0 0.00  0.0    0  4.3 15 300   M    M   4        24 290
19  54  31  43   8  22   0 0.00  0.0    0  3.8 14 260   M    M   1        20 310
20  60  27  44   9  21   0 0.00  0.0    0  3.6 16  30   M    M   0        20  40
21  49  26  38   3  27   0 0.00  0.0    0  5.0 13  20   M    M   4 1      16  40
22  50  25  38   3  27   0 0.00  0.0    0  4.2  9  10   M    M   0 1      14  20
23  37  28  33  -2  32   0 0.55    T    0  3.5 15  20   M    M  10 146    18  30
24  45  32  39   4  26   0 0.16  0.0    0  6.4 15 260   M    M   7 146    22 290
25  52  29  41   6  24   0 0.00  0.0    0  5.9 14 270   M    M   3        21 270
26  43  34  39   4  26   0 0.06  0.0    0  6.5 14  40   M    M  10 1      16  40
27  42  25  34  -2  31   0 0.00  0.0    0  6.1 13 320   M    M   3        21 330
================================================================================
SM 1183  679       815   0  1.86     0.1 143.2          M      117
================================================================================
AV 43.8 25.1                               5.3 FASTST   M    M   4    MAX(MPH)
                                 MISC ---->  # 24 180               # 32  210
================================================================================
NOTES:
# LAST OF SEVERAL OCCURRENCES

COLUMN 17 PEAK WIND IN M.P.H.

PRELIMINARY LOCAL CLIMATOLOGICAL DATA (WS FORM: F-6) , PAGE 2

                                          STATION:  LYNCHBURG VA
                                          MONTH:    JANUARY
                                          YEAR:     2015
                                          LATITUDE:   37 19 N
                                          LONGITUDE:  79 12 W

[TEMPERATURE DATA]      [PRECIPITATION DATA]       SYMBOLS USED IN COLUMN 16

AVERAGE MONTHLY: 34.5   TOTAL FOR MONTH:   1.86    1 = FOG OR MIST
DPTR FM NORMAL:  -0.6   DPTR FM NORMAL:   -0.86    2 = FOG REDUCING VISIBILITY
HIGHEST:    60 ON 20    GRTST 24HR  0.77 ON 12-12      TO 1/4 MILE OR LESS
LOWEST:      3 ON  8                               3 = THUNDER
                        SNOW, ICE PELLETS, HAIL    4 = ICE PELLETS
                        TOTAL MONTH:   0.1 INCH    5 = HAIL
                        GRTST 24HR   0.1 ON   M    6 = FREEZING RAIN OR DRIZZLE
                        GRTST DEPTH:   T           7 = DUSTSTORM OR SANDSTORM:
                                                       VSBY 1/2 MILE OR LESS
                                                   8 = SMOKE OR HAZE
[NO. OF DAYS WITH]      [WEATHER - DAYS WITH]      9 = BLOWING SNOW
                                                   X = TORNADO
MAX 32 OR BELOW:   3    0.01 INCH OR MORE:   7
MAX 90 OR ABOVE:   0    0.10 INCH OR MORE:   5
MIN 32 OR BELOW:  23    0.50 INCH OR MORE:   2
MIN  0 OR BELOW:   0    1.00 INCH OR MORE:   0

[HDD (BASE 65) ]
TOTAL THIS MO.   815    CLEAR  (SCALE 0-3)  12
DPTR FM NORMAL     6    PTCLDY (SCALE 4-7)   7
TOTAL FM JUL 1  2545    CLOUDY (SCALE 8-10)  8
DPTR FM NORMAL    -9

[CDD (BASE 65) ]
TOTAL THIS MO.     0
DPTR FM NORMAL     0    [PRESSURE DATA]
TOTAL FM JAN 1     0    HIGHEST SLP M ON M
DPTR FM NORMAL     0    LOWEST  SLP 29.56 ON 24

[REMARKS]




U.S. Dept. of Commerce
NOAA National Weather Service
1325 East West Highway
Silver Spring, MD 20910
E-mail: w-nws.webmaster@noaa.gov
Page last modified: May 16, 2007
NATIONAL WEATHER SERVICE: for Safety, for Work, for Fun - FOR LIFE