758
CXUS55 KPUB 221059
CF6LXV
PRELIMINARY LOCAL CLIMATOLOGICAL DATA (WS FORM: F-6)

                                          STATION:   LEADVILLE CO
                                          MONTH:     SEPTEMBER
                                          YEAR:      2014
                                          LATITUDE:   39 15 N
                                          LONGITUDE: 106 18 W

  TEMPERATURE IN F:       :PCPN:    SNOW:  WIND      :SUNSHINE: SKY     :PK WND
================================================================================
1   2   3   4   5  6A  6B    7    8   9   10  11  12  13   14  15   16   17  18
                                     12Z  AVG MX 2MIN
DY MAX MIN AVG DEP HDD CDD  WTR  SNW DPTH SPD SPD DIR MIN PSBL S-S WX    SPD DR
================================================================================

 1  64  36  50   0  15   0 0.00  0.0    0  8.8 21 290   M    M   2        30 290
 2  70  32  51   1  14   0 0.00  0.0    0  7.9 22 320   M    M   1        34 320
 3  71  37  54   5  11   0 0.00  0.0    0  6.4 21 240   M    M   1        29 240
 4  63  34  49   0  16   0 0.14  0.0    0  5.6 21 350   M    M   5 1      27 340
 5  60  38  49   0  16   0 0.23  0.0    0  3.7 17 180   M    M   7 13     21 190
 6  66  40  53   5  12   0    T  0.0    0  5.1 20 290   M    M   5        26 290
 7  64  34  49   1  16   0 0.01  0.0    0  5.1 30 310   M    M   3 3      40 320
 8  61  38  50   2  15   0 0.05  0.0    0  2.4 13 290   M    M   7 1      17 290
 9  56  38  47  -1  18   0 0.11  0.0    0  5.8 20 310   M    M   9 1      32 310
10  57  35  46  -2  19   0 0.03  0.0    0  8.2 22 290   M    M   4        28 280
11  61  31  46  -1  19   0 0.00  0.0    0  7.3 21 310   M    M   1        28 290
12  59  28  44  -3  21   0 0.00  0.0    0  7.5 21 330   M    M   3 12     35 340
13  61  26  44  -3  21   0 0.00  0.0    0  7.4 23 300   M    M   0        31 300
14  66  29  48   2  17   0 0.00  0.0    0  5.8 23 310   M    M   2        28 300
15  65  32  49   3  16   0 0.00  0.0    0  4.7 17 180   M    M   2 3      22 170
16  68  30  49   3  16   0 0.00  0.0    0  6.3 18 300   M    M   1        25 290
17  70  32  51   5  14   0 0.00  0.0    0  4.4 15 340   M    M   2 3      19 320
18  70  31  51   6  14   0 0.00  0.0    0  5.3 21 180   M    M   1        26 190
19  72  33  53   8  12   0 0.00  0.0    0  5.2 20 350   M    M   0        24 350
20  72  36  54   9  11   0 0.00  0.0    0  5.8 18 170   M    M   3 3      22 160
21  61  40  51   7  14   0 0.04  0.0    0  5.4 20 180   M    M   8 13     23 180
================================================================================
SM 1357  710       327   0  0.61     0.0 124.1          M       67
================================================================================
AV 64.6 33.8                               5.9 FASTST   M    M   3    MAX(MPH)
                                 MISC ---->  # 30 310               # 40  320
================================================================================
NOTES:
# LAST OF SEVERAL OCCURRENCES

COLUMN 17 PEAK WIND IN M.P.H.

PRELIMINARY LOCAL CLIMATOLOGICAL DATA (WS FORM: F-6) , PAGE 2

                                          STATION:  LEADVILLE CO
                                          MONTH:    SEPTEMBER
                                          YEAR:     2014
                                          LATITUDE:   39 15 N
                                          LONGITUDE: 106 18 W

[TEMPERATURE DATA]      [PRECIPITATION DATA]       SYMBOLS USED IN COLUMN 16

AVERAGE MONTHLY: 49.2   TOTAL FOR MONTH:   0.61    1 = FOG OR MIST
DPTR FM NORMAL:   2.0   DPTR FM NORMAL:   -0.20    2 = FOG REDUCING VISIBILITY
HIGHEST:    72 ON 20,19 GRTST 24HR  0.37 ON  4- 5      TO 1/4 MILE OR LESS
LOWEST:     26 ON 13                               3 = THUNDER
                        SNOW, ICE PELLETS, HAIL    4 = ICE PELLETS
                        TOTAL MONTH:   0.0 INCH    5 = HAIL
                        GRTST 24HR     0.0         6 = FREEZING RAIN OR DRIZZLE
                        GRTST DEPTH:   0           7 = DUSTSTORM OR SANDSTORM:
                                                       VSBY 1/2 MILE OR LESS
                                                   8 = SMOKE OR HAZE
[NO. OF DAYS WITH]      [WEATHER - DAYS WITH]      9 = BLOWING SNOW
                                                   X = TORNADO
MAX 32 OR BELOW:   0    0.01 INCH OR MORE:   7
MAX 90 OR ABOVE:   0    0.10 INCH OR MORE:   3
MIN 32 OR BELOW:   9    0.50 INCH OR MORE:   0
MIN  0 OR BELOW:   0    1.00 INCH OR MORE:   0

[HDD (BASE 65) ]
TOTAL THIS MO.   327    CLEAR  (SCALE 0-3)  13
DPTR FM NORMAL   -48    PTCLDY (SCALE 4-7)   7
TOTAL FM JUL 1  1000    CLOUDY (SCALE 8-10)  1
DPTR FM NORMAL   -97

[CDD (BASE 65) ]
TOTAL THIS MO.     0
DPTR FM NORMAL     0    [PRESSURE DATA]
TOTAL FM JAN 1     0    HIGHEST SLP M ON M
DPTR FM NORMAL     0    LOWEST  SLP 29.74 ON  9

[REMARKS]




U.S. Dept. of Commerce
NOAA National Weather Service
1325 East West Highway
Silver Spring, MD 20910
E-mail: w-nws.webmaster@noaa.gov
Page last modified: May 16, 2007
NATIONAL WEATHER SERVICE: for Safety, for Work, for Fun - FOR LIFE