560
CXUS55 KPUB 011059
CF6LXV
PRELIMINARY LOCAL CLIMATOLOGICAL DATA (WS FORM: F-6)

                                          STATION:   LEADVILLE CO
                                          MONTH:     JULY
                                          YEAR:      2014
                                          LATITUDE:   39 15 N
                                          LONGITUDE: 106 18 W

  TEMPERATURE IN F:       :PCPN:    SNOW:  WIND      :SUNSHINE: SKY     :PK WND
================================================================================
1   2   3   4   5  6A  6B    7    8   9   10  11  12  13   14  15   16   17  18
                                     12Z  AVG MX 2MIN
DY MAX MIN AVG DEP HDD CDD  WTR  SNW DPTH SPD SPD DIR MIN PSBL S-S WX    SPD DR
================================================================================

 1  72  40  56   3   9   0 0.00  0.0    0  6.6 18 320   M    M   2        26 350
 2  73  38  56   3   9   0 0.00  0.0    0  6.3 21 280   M    M   1        27 270
 3  76  40  58   5   7   0    T  0.0    0  6.2 22  20   M    M   5 1      28  10
 4  73  39  56   3   9   0 0.00  0.0    0  8.7 28 350   M    M   3 3      35 360
 5  75  36  56   3   9   0 0.00  0.0    0  7.4 20 350   M    M   1        26  10
 6  74  37  56   3   9   0    T  0.0    0  6.1 18 340   M    M   2        26  70
 7  76  39  58   4   7   0 0.01  0.0    0  8.2 29 180   M    M   3        34 180
 8  77  37  57   3   8   0 0.00  0.0    0  7.3 30 180   M    M   2        36 190
 9  71  38  55   1  10   0    T  0.0    0  5.8 23 210   M    M   1        32 220
10  74  40  57   3   8   0 0.02  0.0    0  6.9 21 180   M    M   3 138    26 170
11  70  41  56   2   9   0 0.24  0.0    0  5.6 18 250   M    M   5 13     24 240
12  75  45  60   6   5   0 0.56  0.0    0  5.6 22 150   M    M   7 13     33 150
13  74  43  59   5   6   0    T  0.0    0  6.2 21  10   M    M   6        26  20
14  74  46  60   6   5   0 0.01  0.0    0  5.8 24 180   M    M   4        28 180
15  69  43  56   2   9   0 0.06  0.0    0  4.5 22 350   M    M   5 13     34 330
16  69  42  56   2   9   0 0.31  0.0    0  9.4 30  20   M    M   6 13     42  20
17  67  34  51  -4  14   0 0.00  0.0    0  4.9 15  20   M    M   5        23 360
18  69  42  56   1   9   0 0.00  0.0    0  6.8 25 350   M    M   4 3      35 340
19  73  37  55   0  10   0    T  0.0    0  4.7 21 170   M    M   2        25 350
20  73  37  55   0  10   0 0.10  0.0    0  4.8 22 170   M    M   3 13     29 170
21  73  39  56   1   9   0 0.00  0.0    0  4.8 17 290   M    M   0 8      22 300
22  79  37  58   3   7   0 0.00  0.0    0  5.1 16 180   M    M   0        23 120
23  77  41  59   4   6   0 0.03  0.0    0  5.0 21 200   M    M   3 13     30 330
24  73  44  59   4   6   0 0.01    M    0  7.2 18 280   M    M   4 3      26 330
25  71  45  58   3   7   0 0.18  0.0    0  7.2 24 180   M    M   2 13     32 190
26  72  40  56   1   9   0 0.00  0.0    0  6.3 32 360   M    M   3 3      41 360
27  72  38  55   0  10   0 0.06  0.0    0  4.6 16 170   M    M   5 3      22 150
28  69  47  58   3   7   0 0.31    M    0  4.6 17 170   M    M   7 13     22 160
29  61  45  53  -2  12   0    T  0.0    0  4.8 15 300   M    M   8        21 290
30  62  44  53  -1  12   0 0.57  0.0    0  4.7 18 190   M    M   9 13     23 190
31   M   M   M   M   M   M    M    M    M   M   M   M   M    M   M 13      M  M
================================================================================
SM 2163 1214       256   0  2.47     0.0 182.1          M      111
================================================================================
AV 72.1 40.5                               6.1 FASTST   M    M   4    MAX(MPH)
                                 MISC ---->  # 32 360               # 42   20
================================================================================
NOTES:
# LAST OF SEVERAL OCCURRENCES

COLUMN 17 PEAK WIND IN M.P.H.

PRELIMINARY LOCAL CLIMATOLOGICAL DATA (WS FORM: F-6) , PAGE 2

                                          STATION:  LEADVILLE CO
                                          MONTH:    JULY
                                          YEAR:     2014
                                          LATITUDE:   39 15 N
                                          LONGITUDE: 106 18 W

[TEMPERATURE DATA]      [PRECIPITATION DATA]       SYMBOLS USED IN COLUMN 16

AVERAGE MONTHLY: 56.3   TOTAL FOR MONTH:   2.47    1 = FOG OR MIST
DPTR FM NORMAL:   2.2   DPTR FM NORMAL:    0.62    2 = FOG REDUCING VISIBILITY
HIGHEST:    79 ON 22    GRTST 24HR  0.74 ON 30-31      TO 1/4 MILE OR LESS
LOWEST:     34 ON 17                               3 = THUNDER
                        SNOW, ICE PELLETS, HAIL    4 = ICE PELLETS
                        TOTAL MONTH:   0.0 INCH    5 = HAIL
                        GRTST 24HR     0.0         6 = FREEZING RAIN OR DRIZZLE
                        GRTST DEPTH:   0           7 = DUSTSTORM OR SANDSTORM:
                                                       VSBY 1/2 MILE OR LESS
                                                   8 = SMOKE OR HAZE
[NO. OF DAYS WITH]      [WEATHER - DAYS WITH]      9 = BLOWING SNOW
                                                   X = TORNADO
MAX 32 OR BELOW:   0    0.01 INCH OR MORE:  14
MAX 90 OR ABOVE:   0    0.10 INCH OR MORE:   7
MIN 32 OR BELOW:   0    0.50 INCH OR MORE:   2
MIN  0 OR BELOW:   0    1.00 INCH OR MORE:   0

[HDD (BASE 65) ]
TOTAL THIS MO.   256    CLEAR  (SCALE 0-3)  14
DPTR FM NORMAL   -80    PTCLDY (SCALE 4-7)  14
TOTAL FM JUL 1   256    CLOUDY (SCALE 8-10)  2
DPTR FM NORMAL   -80

[CDD (BASE 65) ]
TOTAL THIS MO.     0
DPTR FM NORMAL     0    [PRESSURE DATA]
TOTAL FM JAN 1     0    HIGHEST SLP 30.26 ON 27
DPTR FM NORMAL     0    LOWEST  SLP 29.74 ON 16

[REMARKS]
#FINAL-07-14#




U.S. Dept. of Commerce
NOAA National Weather Service
1325 East West Highway
Silver Spring, MD 20910
E-mail: w-nws.webmaster@noaa.gov
Page last modified: May 16, 2007
NATIONAL WEATHER SERVICE: for Safety, for Work, for Fun - FOR LIFE