757
CXUS55 KPUB 011159
CF6LXV
PRELIMINARY LOCAL CLIMATOLOGICAL DATA (WS FORM: F-6)

                                          STATION:   LEADVILLE CO
                                          MONTH:     NOVEMBER
                                          YEAR:      2014
                                          LATITUDE:   39 15 N
                                          LONGITUDE: 106 18 W

  TEMPERATURE IN F:       :PCPN:    SNOW:  WIND      :SUNSHINE: SKY     :PK WND
================================================================================
1   2   3   4   5  6A  6B    7    8   9   10  11  12  13   14  15   16   17  18
                                     12Z  AVG MX 2MIN
DY MAX MIN AVG DEP HDD CDD  WTR  SNW DPTH SPD SPD DIR MIN PSBL S-S WX    SPD DR
================================================================================

 1  54  25  40  10  25   0 0.00  0.0    0  4.4 17 180   M    M   3        29 180
 2  39  25  32   2  33   0 0.14    M    M  5.1 15 150   M    M   7 12     19 160
 3  33  13  23  -7  42   0 0.05    M    M  7.3 18 300   M    M   6 12     23 290
 4  41  11  26  -3  39   0 0.00  0.0    M  7.5 15  30   M    M   0        19  30
 5  51  20  36   7  29   0 0.00  0.0    M  7.6 17 360   M    M   0        22 340
 6  55  19  37   9  28   0 0.00  0.0    0  6.9 16 300   M    M   0        22 330
 7  48  24  36   8  29   0 0.00  0.0    0  8.6 23 280   M    M   1        31 300
 8  51  19  35   7  30   0 0.00  0.0    0  6.4 23 290   M    M   0        31 290
 9  50  22  36   9  29   0 0.00  0.0    0  7.5 21 330   M    M   0        32 310
10  45  18  32   5  33   0 0.18    M    M 10.4 29 290   M    M   6 12     40 300
11  33   5  19  -7  46   0    T    M    M  8.6 23 310   M    M   2        30 290
12  28 -11   9 -17  56   0 0.12    M    M  4.9 15 160   M    M   9 18     20 160
13  27 -12   8 -17  57   0 0.27    M    M  7.7 23 300   M    M   8 128    30 290
14  26  21  24  -1  41   0 0.12    M    M  3.9 24 290   M    M  10 18     30 310
15  27  10  19  -5  46   0 0.26    M    M  7.1 25 290   M    M   9 12     39 310
16  12  -6   3 -21  62   0    T    M    M 12.2 26  10   M    M   6 18     32  10
17  17 -10   4 -20  61   0    T    M    M 10.9 22 310   M    M   3 8      30  10
18  26  -4  11 -12  54   0 0.00  0.0    M 10.4 28 310   M    M   1        34 310
19  33  12  23   0  42   0 0.00  0.0    M  9.2 20  10   M    M   1        29 350
20  40  14  27   5  38   0 0.00  0.0    M  7.2 15  30   M    M   5        17  20
21  34   9  22   0  43   0 0.00  0.0    M  8.1 17 290   M    M   3        22 300
22  39   4  22   0  43   0 0.13    M    M  9.9 23 310   M    M   4 1      31  10
23  26   7  17  -4  48   0 0.30    M    M 11.6 26 350   M    M   9 128    38 350
24  14   5  10 -11  55   0 0.10    M    M  6.6 16 290   M    M  10 1      21 350
25  23   4  14  -6  51   0 0.34    M    M 13.0 21 350   M    M  10 12     30 310
26  33  20  27   7  38   0 0.09    M    M 11.8 25 300   M    M   7 18     33 320
27  42  18  30  10  35   0 0.00  0.0    M 11.1 20 340   M    M   0        26 360
28  46  22  34  14  31   0 0.00  0.0    M  9.5 21 290   M    M   0        28 270
29  42  21  32  13  33   0 0.00  0.0    M  7.9 17 250   M    M   0        25 250
30  38  20  29  10  36   0 0.00  0.0    M  6.9 20 260   M    M   1        26 250
================================================================================
SM 1073  345      1233   0  2.10     0.0 250.2          M      121
================================================================================
AV 35.8 11.5                               8.3 FASTST   M    M   4    MAX(MPH)
                                 MISC ---->  # 29 290               # 40  300
================================================================================
NOTES:
# LAST OF SEVERAL OCCURRENCES

COLUMN 17 PEAK WIND IN M.P.H.

PRELIMINARY LOCAL CLIMATOLOGICAL DATA (WS FORM: F-6) , PAGE 2

                                          STATION:  LEADVILLE CO
                                          MONTH:    NOVEMBER
                                          YEAR:     2014
                                          LATITUDE:   39 15 N
                                          LONGITUDE: 106 18 W

[TEMPERATURE DATA]      [PRECIPITATION DATA]       SYMBOLS USED IN COLUMN 16

AVERAGE MONTHLY: 23.6   TOTAL FOR MONTH:   2.10    1 = FOG OR MIST
DPTR FM NORMAL:  -0.8   DPTR FM NORMAL:    1.34    2 = FOG REDUCING VISIBILITY
HIGHEST:    55 ON  6    GRTST 24HR  0.42 ON 25-26      TO 1/4 MILE OR LESS
LOWEST:    -12 ON 13                               3 = THUNDER
                        SNOW, ICE PELLETS, HAIL    4 = ICE PELLETS
                        TOTAL MONTH:   0.0 INCH    5 = HAIL
                        GRTST 24HR     0.0         6 = FREEZING RAIN OR DRIZZLE
                        GRTST DEPTH:   0           7 = DUSTSTORM OR SANDSTORM:
                                                       VSBY 1/2 MILE OR LESS
                                                   8 = SMOKE OR HAZE
[NO. OF DAYS WITH]      [WEATHER - DAYS WITH]      9 = BLOWING SNOW
                                                   X = TORNADO
MAX 32 OR BELOW:  10    0.01 INCH OR MORE:  12
MAX 90 OR ABOVE:   0    0.10 INCH OR MORE:  10
MIN 32 OR BELOW:  30    0.50 INCH OR MORE:   0
MIN  0 OR BELOW:   5    1.00 INCH OR MORE:   0

[HDD (BASE 65) ]
TOTAL THIS MO.  1233    CLEAR  (SCALE 0-3)  16
DPTR FM NORMAL    17    PTCLDY (SCALE 4-7)   8
TOTAL FM JUL 1  3171    CLOUDY (SCALE 8-10)  6
DPTR FM NORMAL  -234

[CDD (BASE 65) ]
TOTAL THIS MO.     0
DPTR FM NORMAL     0    [PRESSURE DATA]
TOTAL FM JAN 1     0    HIGHEST SLP 30.50 ON  6
DPTR FM NORMAL     0    LOWEST  SLP 29.29 ON 10

[REMARKS]
#FINAL-11-14#




U.S. Dept. of Commerce
NOAA National Weather Service
1325 East West Highway
Silver Spring, MD 20910
E-mail: w-nws.webmaster@noaa.gov
Page last modified: May 16, 2007
NATIONAL WEATHER SERVICE: for Safety, for Work, for Fun - FOR LIFE