636
CXUS55 KPUB 241059
CF6LXV
PRELIMINARY LOCAL CLIMATOLOGICAL DATA (WS FORM: F-6)

                                          STATION:   LEADVILLE CO
                                          MONTH:     APRIL
                                          YEAR:      2014
                                          LATITUDE:   39 15 N
                                          LONGITUDE: 106 18 W

  TEMPERATURE IN F:       :PCPN:    SNOW:  WIND      :SUNSHINE: SKY     :PK WND
================================================================================
1   2   3   4   5  6A  6B    7    8   9   10  11  12  13   14  15   16   17  18
                                     12Z  AVG MX 2MIN
DY MAX MIN AVG DEP HDD CDD  WTR  SNW DPTH SPD SPD DIR MIN PSBL S-S WX    SPD DR
================================================================================

 1  32  19  26  -1  39   0 0.08    M    M  6.6 15 160   M    M   9 1      21 200
 2  31  12  22  -6  43   0 0.01    M    M  7.5 21 170   M    M   7 1      29 180
 3  27   3  15 -13  50   0 0.08    M    M 10.8 24 350   M    M   9 18     30 350
 4  32  -1  16 -12  49   0 0.00  0.0    M  4.6 16 230   M    M   3        21 220
 5  34  10  22  -6  43   0 0.05    M    M  4.6 14 320   M    M   6 12     18 360
 6  32  12  22  -6  43   0 0.05    M    M  8.5 26 290   M    M   6 128    32 300
 7  31  18  25  -4  40   0 0.01    M    M 10.7 28 300   M    M  10 18     33 300
 8  44  15  30   1  35   0 0.00  0.0    M  8.1 20 290   M    M   1 8      25 300
 9  48  20  34   5  31   0 0.00  0.0    M  8.2 21 290   M    M   1        28 290
10  47  27  37   8  28   0 0.00  0.0    M  8.2 25  10   M    M   3        33 260
11  49  28  39   9  26   0 0.00  0.0    M  8.2 22 300   M    M   1        32 280
12  46  27  37   7  28   0 0.00  0.0    M  7.0 18 210   M    M   2 1      25 210
13  36   9  23  -7  42   0 0.26    M    M  7.5 26 180   M    M  10 128    32 170
14  26   4  15 -15  50   0 0.02    M    M 10.0 23 290   M    M   4 18     31 290
15  41   6  24  -7  41   0 0.00  0.0    M  8.5 25 310   M    M   3        34 310
16  40  23  32   1  33   0    T    M    M  9.9 33 290   M    M   9 128    44 290
17  44  19  32   1  33   0 0.00  0.0    M  5.3 15 290   M    M   4 12     22 340
18  51  24  38   6  27   0 0.00  0.0    M  6.0 20 280   M    M   1        28 290
19  50  28  39   7  26   0 0.04  0.0    M  5.3 22 180   M    M   6 1      26 170
20  49  28  39   7  26   0    T    M    M  7.7 26 350   M    M   6 1      35 350
21  51  21  36   4  29   0 0.00  0.0    M  4.6 17 220   M    M   2        23 290
22  52  23  38   5  27   0    T    M    M  7.8 24 180   M    M   4        34 190
23  44  22  33   0  32   0    T    M    M 10.6 28 300   M    M   6 1      36 210
================================================================================
SM  937  397       821   0  0.60     0.0 176.2          M      113
================================================================================
AV 40.7 17.3                               7.7 FASTST   M    M   5    MAX(MPH)
                                 MISC ---->  # 33 290               # 44  290
================================================================================
NOTES:
# LAST OF SEVERAL OCCURRENCES

COLUMN 17 PEAK WIND IN M.P.H.

PRELIMINARY LOCAL CLIMATOLOGICAL DATA (WS FORM: F-6) , PAGE 2

                                          STATION:  LEADVILLE CO
                                          MONTH:    APRIL
                                          YEAR:     2014
                                          LATITUDE:   39 15 N
                                          LONGITUDE: 106 18 W

[TEMPERATURE DATA]      [PRECIPITATION DATA]       SYMBOLS USED IN COLUMN 16

AVERAGE MONTHLY: 29.0   TOTAL FOR MONTH:   0.60    1 = FOG OR MIST
DPTR FM NORMAL:  -1.0   DPTR FM NORMAL:   -0.22    2 = FOG REDUCING VISIBILITY
HIGHEST:    52 ON 22    GRTST 24HR  0.26 ON 13-13      TO 1/4 MILE OR LESS
LOWEST:     -1 ON  4                               3 = THUNDER
                        SNOW, ICE PELLETS, HAIL    4 = ICE PELLETS
                        TOTAL MONTH:   0.0 INCH    5 = HAIL
                        GRTST 24HR     0.0         6 = FREEZING RAIN OR DRIZZLE
                        GRTST DEPTH:  M  ON   M    7 = DUSTSTORM OR SANDSTORM:
                                                       VSBY 1/2 MILE OR LESS
                                                   8 = SMOKE OR HAZE
[NO. OF DAYS WITH]      [WEATHER - DAYS WITH]      9 = BLOWING SNOW
                                                   X = TORNADO
MAX 32 OR BELOW:   7    0.01 INCH OR MORE:   9
MAX 90 OR ABOVE:   0    0.10 INCH OR MORE:   1
MIN 32 OR BELOW:  23    0.50 INCH OR MORE:   0
MIN  0 OR BELOW:   1    1.00 INCH OR MORE:   0

[HDD (BASE 65) ]
TOTAL THIS MO.   821    CLEAR  (SCALE 0-3)   8
DPTR FM NORMAL    17    PTCLDY (SCALE 4-7)  10
TOTAL FM JUL 1  9630    CLOUDY (SCALE 8-10)  5
DPTR FM NORMAL  -157

[CDD (BASE 65) ]
TOTAL THIS MO.     0
DPTR FM NORMAL     0    [PRESSURE DATA]
TOTAL FM JAN 1     0    HIGHEST SLP M ON M
DPTR FM NORMAL     0    LOWEST  SLP 29.50 ON 13

[REMARKS]




U.S. Dept. of Commerce
NOAA National Weather Service
1325 East West Highway
Silver Spring, MD 20910
E-mail: w-nws.webmaster@noaa.gov
Page last modified: May 16, 2007
NATIONAL WEATHER SERVICE: for Safety, for Work, for Fun - FOR LIFE