708
CXUS55 KEAX 010736
CF6LXT
PRELIMINARY LOCAL CLIMATOLOGICAL DATA (WS FORM: F-6)

                                          STATION:   Lee`s Summit MO
                                          MONTH:     AUGUST
                                          YEAR:      2014
                                          LATITUDE:   38 57 N
                                          LONGITUDE:  94 22 W

  TEMPERATURE IN F:       :PCPN:    SNOW:  WIND      :SUNSHINE: SKY     :PK WND
================================================================================
1   2   3   4   5  6A  6B    7    8   9   10  11  12  13   14  15   16   17  18
                                     12Z  AVG MX 2MIN
DY MAX MIN AVG DEP HDD CDD  WTR  SNW DPTH SPD SPD DIR MIN PSBL S-S WX    SPD DR
================================================================================

 1  84  63  74  -5   0   9 0.00    M    M  5.0 12  90   M    M   3        15 100
 2  87  62  75  -4   0  10 0.00    M    M  4.2  8  90   0    0   0         M  M
 3  83  66  75  -4   0  10 0.50    M    M  6.5 24 340   M    M   4 13     29 340
 4  90  69  80   1   0  15 0.00    M    M  8.4 18 220   M    M   2        24 210
 5  92  73  83   5   0  18 0.00    M    M  6.8 14 240   M    M   1        17 230
 6  91  68  80   2   0  15 2.64    M    M  6.3 26 300   M    M   3 123    37 290
 7  83  69  76  -2   0  11 0.30    M    M  5.1 13  20   M    M   7 13     14 360
 8  78  68  73  -5   0   8 0.00    M    M  5.6 13  40   M    M   9 1      17  20
 9  81  68  75  -3   0  10 0.00    M    M  3.6  9 350   M    M   7 18     12 120
10  79  70  75  -3   0  10 0.67    M    M  5.7 16  50   M    M   8 13     19  50
11  81  64  73  -5   0   8 0.00    M    M  8.9 20 340   M    M   4 12     26 340
12  78  59  69  -9   0   4 0.00    M    M  7.6 16 340   M    M   0        22 350
13  81  57  69  -9   0   4 0.00    M    M  2.7  8 100   M    M   0        11  60
14  82  61  72  -6   0   7 0.00    M    M  5.0 10  90   M    M   0        14 100
15  84  68  76  -2   0  11 0.02    M    M  7.9 16 200   M    M   5        24 200
16  82  69  76  -1   0  11 0.34    M    M  9.5 17 230   M    M   7 13     25 210
17  79  66  73  -4   0   8 0.00    M    M  4.8 12  40   M    M   6 1      14  30
18  88  65  77   0   0  12 0.00    M    M  4.4 10 240   M    M   1 1      14 160
19  92  72  82   5   0  17 0.01    M    M  6.2 16 230   M    M   0 3      20 240
20  92  74  83   6   0  18 0.00    M    M  9.5 17 190   M    M   1        23 180
21  94  75  85   8   0  20 0.00    M    M 12.2 20 230   M    M   0        26 190
22  93  76  85   9   0  20 0.00    M    M  6.0 21 220   M    M   1        27 220
23  96  76  86  10   0  21 0.00    M    M  8.8 16 210   M    M   0        22 220
24  95  73  84   8   0  19 0.00    M    M  8.4 15 180   M    M   0        20 170
25  95  74  85   9   0  20 0.00    M    M  7.0 14 220   M    M   0        19 230
26  92  74  83   8   0  18 0.00    M    M  7.3 21  20   M    M   0        25  20
27  86  72  79   4   0  14 0.00    M    M  7.3 16 350   M    M   1        19 100
28  91  74  83   8   0  18 0.00    M    M  6.3 14 170   M    M   1        19 180
29  82  69  76   1   0  11 0.47    M    M  7.9 18 220   M    M   2 138    22 220
30  88  68  78   4   0  13 0.00    M    M  5.2 10 220   M    M   1        16 220
31  92  69  81   7   0  16    M    M    M 10.7 18 190   M    M   0 13     27 190
================================================================================
SM 2691 2131         0 406  4.95    M    210.8            0     74
================================================================================
AV 86.8 68.7                               6.8 FASTST    0   0   2    MAX(MPH)
                                 MISC ---->  # 26 300               # 37  290
================================================================================
NOTES:
# LAST OF SEVERAL OCCURRENCES

COLUMN 17 PEAK WIND IN M.P.H.

PRELIMINARY LOCAL CLIMATOLOGICAL DATA (WS FORM: F-6) , PAGE 2

                                          STATION:  Lee`s Summit MO
                                          MONTH:    AUGUST
                                          YEAR:     2014
                                          LATITUDE:   38 57 N
                                          LONGITUDE:  94 22 W

[TEMPERATURE DATA]      [PRECIPITATION DATA]       SYMBOLS USED IN COLUMN 16

AVERAGE MONTHLY: 77.8   TOTAL FOR MONTH:   4.95    1 = FOG OR MIST
DPTR FM NORMAL:   0.7   DPTR FM NORMAL:    0.45    2 = FOG REDUCING VISIBILITY
HIGHEST:    96 ON 23    GRTST 24HR  2.94 ON  6- 7      TO 1/4 MILE OR LESS
LOWEST:     57 ON 13                               3 = THUNDER
                        SNOW, ICE PELLETS, HAIL    4 = ICE PELLETS
                        TOTAL MONTH:    M          5 = HAIL
                        GRTST 24HR    M  ON   M    6 = FREEZING RAIN OR DRIZZLE
                        GRTST DEPTH:  M  ON   M    7 = DUSTSTORM OR SANDSTORM:
                                                       VSBY 1/2 MILE OR LESS
                                                   8 = SMOKE OR HAZE
[NO. OF DAYS WITH]      [WEATHER - DAYS WITH]      9 = BLOWING SNOW
                                                   X = TORNADO
MAX 32 OR BELOW:   0    0.01 INCH OR MORE:   8
MAX 90 OR ABOVE:  13    0.10 INCH OR MORE:   6
MIN 32 OR BELOW:   0    0.50 INCH OR MORE:   3
MIN  0 OR BELOW:   0    1.00 INCH OR MORE:   1

[HDD (BASE 65) ]
TOTAL THIS MO.     0    CLEAR  (SCALE 0-3)  22
DPTR FM NORMAL    -2    PTCLDY (SCALE 4-7)   8
TOTAL FM JUL 1     1    CLOUDY (SCALE 8-10)  1
DPTR FM NORMAL    -1

[CDD (BASE 65) ]
TOTAL THIS MO.   406
DPTR FM NORMAL    31    [PRESSURE DATA]
TOTAL FM JAN 1  1167    HIGHEST SLP  0.00 ON M
DPTR FM NORMAL    25    LOWEST  SLP  0.00 ON M

[REMARKS]
#FINAL-08-14#




U.S. Dept. of Commerce
NOAA National Weather Service
1325 East West Highway
Silver Spring, MD 20910
E-mail: w-nws.webmaster@noaa.gov
Page last modified: May 16, 2007
NATIONAL WEATHER SERVICE: for Safety, for Work, for Fun - FOR LIFE