885
CXUS55 KEAX 290736
CF6LXT
PRELIMINARY LOCAL CLIMATOLOGICAL DATA (WS FORM: F-6)

                                          STATION:   Lee`s Summit MO
                                          MONTH:     JANUARY
                                          YEAR:      2015
                                          LATITUDE:   38 57 N
                                          LONGITUDE:  94 22 W

  TEMPERATURE IN F:       :PCPN:    SNOW:  WIND      :SUNSHINE: SKY     :PK WND
================================================================================
1   2   3   4   5  6A  6B    7    8   9   10  11  12  13   14  15   16   17  18
                                     12Z  AVG MX 2MIN
DY MAX MIN AVG DEP HDD CDD  WTR  SNW DPTH SPD SPD DIR MIN PSBL S-S WX    SPD DR
================================================================================

 1  34  17  26  -3  39   0 0.00    M    M 11.4 20 240   M    M   3        24 250
 2  37  29  33   4  32   0    T    M    M  4.7 12 190   M    M  10 1      14 210
 3  38  24  31   2  34   0 0.05    M    M  5.4 22 310   M    M  10 12     27 320
 4  24   8  16 -13  49   0 0.01    M    M 14.0 28 310   M    M   4 1      33 320
 5  30   7  19 -10  46   0 0.00    M    M  6.4 17 220   M    M   2        21 230
 6  32  16  24  -5  41   0    T    M    M 11.2 22 330   M    M   2        30 300
 7  19   0  10 -19  55   0    T    M    M 14.3 29 340   M    M   3        37 340
 8  33   0  17 -12  48   0 0.00    M    M 15.5 29 230   M    M   3        38 240
 9  22  10  16 -13  49   0 0.00    M    M 11.5 26 320   M    M   0        34 350
10  38  11  25  -4  40   0 0.00    M    M 12.0 22 210   M    M   0        28 220
11  39  26  33   4  32   0 0.05    M    M  7.5 14 190   M    M   7 1      20 180
12  33  11  22  -7  43   0    T    M    M 14.6 22  10   M    M   3 1      27 350
13  27   5  16 -13  49   0 0.00    M    M  5.7 15  40   M    M   2        18  40
14  37  20  29   0  36   0 0.00    M    M  5.4 10 220   M    M   7        14 230
15  51  20  36   7  29   0 0.00    M    M  7.5 15 300   M    M   0        19 250
16  60  27  44  15  21   0 0.00    M    M 10.1 20 210   M    M   0        26 210
17  56  38  47  18  18   0 0.00    M    M 14.0 30 310   M    M   1        41 310
18  61  30  46  17  19   0 0.00    M    M  7.0 15 240   M    M   0        18 220
19  65  29  47  18  18   0 0.00    M    M  7.1 18 300   M    M   0        24 300
20  51  33  42  13  23   0 0.00    M    M  6.5 12 270   M    M   0        15 270
21  51  30  41  12  24   0 0.00    M    M  7.2 18 290   M    M   0 8      23 280
22  37  27  32   3  33   0 0.00    M    M  6.2 13  20   M    M   7        17  20
23  46  21  34   5  31   0 0.00    M    M  6.0 15 230   M    M   2        19 220
24  59  27  43  14  22   0 0.03    M    M  9.7 23 280   M    M   1        34 280
25  47  31  39  10  26   0 0.01    M    M 15.5 29 360   M    M   8 1      37 340
26  61  25  43  13  22   0 0.00    M    M  8.8 21 230   M    M   0 1      28 220
27  57  35  46  16  19   0 0.00    M    M  6.4 16 350   M    M   0        21 350
28  73  41  57  27   8   0 0.00    M    M 13.1 24 320   M    M   0        30 310
================================================================================
SM 1218  598       906   0  0.15    M    264.7          M       75
================================================================================
AV 43.5 21.4                               9.5 FASTST   M    M   3    MAX(MPH)
                                 MISC ---->  # 30 310               # 41  310
================================================================================
NOTES:
# LAST OF SEVERAL OCCURRENCES

COLUMN 17 PEAK WIND IN M.P.H.

PRELIMINARY LOCAL CLIMATOLOGICAL DATA (WS FORM: F-6) , PAGE 2

                                          STATION:  Lee`s Summit MO
                                          MONTH:    JANUARY
                                          YEAR:     2015
                                          LATITUDE:   38 57 N
                                          LONGITUDE:  94 22 W

[TEMPERATURE DATA]      [PRECIPITATION DATA]       SYMBOLS USED IN COLUMN 16

AVERAGE MONTHLY: 32.4   TOTAL FOR MONTH:   0.15    1 = FOG OR MIST
DPTR FM NORMAL:   3.3   DPTR FM NORMAL:   -0.90    2 = FOG REDUCING VISIBILITY
HIGHEST:    73 ON 28    GRTST 24HR  0.06 ON  3- 4      TO 1/4 MILE OR LESS
LOWEST:      0 ON  8, 7                            3 = THUNDER
                        SNOW, ICE PELLETS, HAIL    4 = ICE PELLETS
                        TOTAL MONTH:    M          5 = HAIL
                        GRTST 24HR    M  ON   M    6 = FREEZING RAIN OR DRIZZLE
                        GRTST DEPTH:  M  ON   M    7 = DUSTSTORM OR SANDSTORM:
                                                       VSBY 1/2 MILE OR LESS
                                                   8 = SMOKE OR HAZE
[NO. OF DAYS WITH]      [WEATHER - DAYS WITH]      9 = BLOWING SNOW
                                                   X = TORNADO
MAX 32 OR BELOW:   6    0.01 INCH OR MORE:   5
MAX 90 OR ABOVE:   0    0.10 INCH OR MORE:   0
MIN 32 OR BELOW:  24    0.50 INCH OR MORE:   0
MIN  0 OR BELOW:   2    1.00 INCH OR MORE:   0

[HDD (BASE 65) ]
TOTAL THIS MO.   906    CLEAR  (SCALE 0-3)  21
DPTR FM NORMAL  -100    PTCLDY (SCALE 4-7)   4
TOTAL FM JUL 1  2855    CLOUDY (SCALE 8-10)  3
DPTR FM NORMAL  -128

[CDD (BASE 65) ]
TOTAL THIS MO.     0
DPTR FM NORMAL     0    [PRESSURE DATA]
TOTAL FM JAN 1     0    HIGHEST SLP  0.00 ON M
DPTR FM NORMAL     0    LOWEST  SLP  0.00 ON M

[REMARKS]




U.S. Dept. of Commerce
NOAA National Weather Service
1325 East West Highway
Silver Spring, MD 20910
E-mail: w-nws.webmaster@noaa.gov
Page last modified: May 16, 2007
NATIONAL WEATHER SERVICE: for Safety, for Work, for Fun - FOR LIFE