324
CXUS55 KEAX 010736
CF6LXT
PRELIMINARY LOCAL CLIMATOLOGICAL DATA (WS FORM: F-6)

                                          STATION:   Lee`s Summit MO
                                          MONTH:     JULY
                                          YEAR:      2014
                                          LATITUDE:   38 57 N
                                          LONGITUDE:  94 22 W

  TEMPERATURE IN F:       :PCPN:    SNOW:  WIND      :SUNSHINE: SKY     :PK WND
================================================================================
1   2   3   4   5  6A  6B    7    8   9   10  11  12  13   14  15   16   17  18
                                     12Z  AVG MX 2MIN
DY MAX MIN AVG DEP HDD CDD  WTR  SNW DPTH SPD SPD DIR MIN PSBL S-S WX    SPD DR
================================================================================

 1  83  68  76  -1   0  11    T    M    M  8.1 17 330   M    M   2        22 300
 2  73  57  65 -12   0   0 0.00    M    M  8.5 22 330   M    M   4        30 330
 3  79  53  66 -11   0   1 0.00    M    M  5.3 12 360   M    M   0        14  20
 4  81  62  72  -6   0   7 0.00    M    M  6.2 13 140   M    M   0 8      17 130
 5  83  68  76  -2   0  11 0.07    M    M 10.7 18 200   M    M   3 3      29 180
 6  86  70  78   0   0  13 0.02    M    M 13.4 23 210   M    M   3 3      33 180
 7  90  72  81   3   0  16    M    M    M  7.2 10 200   0    0   0         M  M
 8  90  66  78   0   0  13    M    M    M  8.9 46  20   M    M   1 13     57  20
 9  83  62  73  -5   0   8 0.00    M    M  5.6 12  40   M    M   0        15 320
10  83  67  75  -3   0  10 0.00    M    M  8.1 14 120   M    M   1        19 130
11  89  68  79   1   0  14 0.00    M    M  9.3 15 190   M    M   3        22 200
12  91  74  83   5   0  18 0.00    M    M 11.5 18 220   M    M   0        26 220
13  86  70  78   0   0  13 0.01    M    M  6.5 16 330   M    M   4 13     22 210
14  80  63  72  -7   0   7 0.05    M    M  9.5 26 350   M    M   2 18     33 350
15  74  54  64 -15   1   0 0.00    M    M  6.7 17 360   M    M   3        28 320
16  77  54  66 -13   0   1 0.00    M    M  2.8 10 350   M    M   3        13  30
17  77  58  68 -11   0   3 0.00    M    M  4.5 10 130   M    M   3        17 140
18  79  61  70  -9   0   5 0.00    M    M  3.9 13 150   M    M   2        19 130
19  79  63  71  -8   0   6 0.00    M    M  6.0 13 220   M    M   2 8      17 230
20  83  63  73  -6   0   8 0.00    M    M  8.7 18 170   M    M   0        24 170
21  91  70  81   2   0  16 0.00    M    M 10.0 16 190   M    M   0        24 200
22  95  75  85   6   0  20 0.00    M    M  7.9 15 230   M    M   0 1      21 210
23  87  71  79   0   0  14 0.00    M    M 10.2 20  20   M    M   1        26  20
24  82  63  73  -6   0   8 0.00    M    M  8.2 15 120   M    M   0        21 120
25  94  70  82   3   0  17 0.00    M    M 13.1 23 220   M    M   0        30 220
26  90  78  84   5   0  19    T    M    M  9.2 17 210   M    M   0 3      23 220
27  88  68  78  -1   0  13 0.00    M    M 10.6 21 310   M    M   1        27 340
28  81  60  71  -8   0   6 0.00    M    M  6.9 16 340   M    M   2        19 340
29  83  58  71  -8   0   6 0.00    M    M  3.7 14 360   M    M   2        18 340
30  80  63  72  -7   0   7 0.00    M    M  3.4  9  20   M    M   3        13  30
31  84  60  72  -7   0   7 0.00    M    M  3.3  9  90   M    M   0 1      11  80
================================================================================
SM 2601 2009         1 298  0.15    M    237.9            0     45
================================================================================
AV 83.9 64.8                               7.7 FASTST    0   0   1    MAX(MPH)
                                 MISC ---->  # 46  20               # 57   20
================================================================================
NOTES:
# LAST OF SEVERAL OCCURRENCES

COLUMN 17 PEAK WIND IN M.P.H.

PRELIMINARY LOCAL CLIMATOLOGICAL DATA (WS FORM: F-6) , PAGE 2

                                          STATION:  Lee`s Summit MO
                                          MONTH:    JULY
                                          YEAR:     2014
                                          LATITUDE:   38 57 N
                                          LONGITUDE:  94 22 W

[TEMPERATURE DATA]      [PRECIPITATION DATA]       SYMBOLS USED IN COLUMN 16

AVERAGE MONTHLY: 74.4   TOTAL FOR MONTH:   0.15    1 = FOG OR MIST
DPTR FM NORMAL:  -4.1   DPTR FM NORMAL:   -4.28    2 = FOG REDUCING VISIBILITY
HIGHEST:    95 ON 22    GRTST 24HR  0.09 ON  5- 6      TO 1/4 MILE OR LESS
LOWEST:     53 ON  3                               3 = THUNDER
                        SNOW, ICE PELLETS, HAIL    4 = ICE PELLETS
                        TOTAL MONTH:    M          5 = HAIL
                        GRTST 24HR    M  ON   M    6 = FREEZING RAIN OR DRIZZLE
                        GRTST DEPTH:  M  ON   M    7 = DUSTSTORM OR SANDSTORM:
                                                       VSBY 1/2 MILE OR LESS
                                                   8 = SMOKE OR HAZE
[NO. OF DAYS WITH]      [WEATHER - DAYS WITH]      9 = BLOWING SNOW
                                                   X = TORNADO
MAX 32 OR BELOW:   0    0.01 INCH OR MORE:   4
MAX 90 OR ABOVE:   7    0.10 INCH OR MORE:   0
MIN 32 OR BELOW:   0    0.50 INCH OR MORE:   0
MIN  0 OR BELOW:   0    1.00 INCH OR MORE:   0

[HDD (BASE 65) ]
TOTAL THIS MO.     1    CLEAR  (SCALE 0-3)  27
DPTR FM NORMAL     1    PTCLDY (SCALE 4-7)   4
TOTAL FM JUL 1     1    CLOUDY (SCALE 8-10)  0
DPTR FM NORMAL     1

[CDD (BASE 65) ]
TOTAL THIS MO.   298
DPTR FM NORMAL  -119    [PRESSURE DATA]
TOTAL FM JAN 1   761    HIGHEST SLP  0.00 ON M
DPTR FM NORMAL    -6    LOWEST  SLP  0.00 ON M

[REMARKS]
#FINAL-07-14#




U.S. Dept. of Commerce
NOAA National Weather Service
1325 East West Highway
Silver Spring, MD 20910
E-mail: w-nws.webmaster@noaa.gov
Page last modified: May 16, 2007
NATIONAL WEATHER SERVICE: for Safety, for Work, for Fun - FOR LIFE