189
CXUS55 KEAX 010736
CF6LXT
PRELIMINARY LOCAL CLIMATOLOGICAL DATA (WS FORM: F-6)

                                          STATION:   Lee`s Summit MO
                                          MONTH:     SEPTEMBER
                                          YEAR:      2014
                                          LATITUDE:   38 57 N
                                          LONGITUDE:  94 22 W

  TEMPERATURE IN F:       :PCPN:    SNOW:  WIND      :SUNSHINE: SKY     :PK WND
================================================================================
1   2   3   4   5  6A  6B    7    8   9   10  11  12  13   14  15   16   17  18
                                     12Z  AVG MX 2MIN
DY MAX MIN AVG DEP HDD CDD  WTR  SNW DPTH SPD SPD DIR MIN PSBL S-S WX    SPD DR
================================================================================

 1   M  66   M   M   M   M 0.08    M    M  9.0 33 300   M    M   9 13     45 310
 2  82  69  76   3   0  11 0.00    M    M  3.7 12 190   M    M   6 1      15 240
 3  85  67  76   3   0  11 0.18    M    M 10.7 15 190   M    M   3 3      23 200
 4  91  76  84  11   0  19 0.00    M    M 13.4 23 210   M    M   0        32 220
 5  83  60  72   0   0   7 0.08    M    M 11.1 21 340   M    M   4 1      26 330
 6  74  57  66  -6   0   1 0.00    M    M  8.1 15  10   M    M   1        19  30
 7  77  55  66  -6   0   1 0.00    M    M  4.9 12  90   M    M   0        14 110
 8  83  59  71   0   0   6 0.00    M    M  8.1 16 190   M    M   2        23 190
 9  90  72  81  10   0  16 0.00    M    M 14.0 30 190   M    M   1 3      40 180
10  83  60  72   2   0   7 0.19    M    M 11.7 28 200   M    M  10 13     43 200
11  60  53  57 -13   8   0 0.00    M    M 11.5 17  20   M    M  10 1      22  10
12  55  43  49 -21  16   0    T    M    M 11.2 20  10   M    M   9 1      26  50
13  63  39  51 -18  14   0 0.00    M    M  4.7 13  80   M    M   1 1      16  90
14  72  51  62  -7   3   0 0.00    M    M  5.5 13 200   M    M   6        18 200
15  71  53  62  -6   3   0    T    M    M  8.9 21  20   M    M   7 13     26  10
16  72  47  60  -8   5   0 0.00    M    M  4.0  8  90   M    M   2 1      11  70
17  74  62  68   0   0   3 0.54    M    M  5.4 12  90   M    M   8 13     14  90
18  67  60  64  -3   1   0 0.00    M    M  6.9 13  80   M    M   8 1      16  80
19  79  61  70   3   0   5 0.00    M    M  6.9 12 190   M    M   7 18     16 170
20  83  67  75   9   0  10 0.00    M    M  9.0 23 230   M    M   1 1      29 230
21  76  54  65  -1   0   0 0.00    M    M  8.8 21 350   M    M   0 1      27 310
22  74  48  61  -5   4   0 0.00    M    M  3.6 12  30   M    M   0        14  30
23  75  56  66   1   0   1 0.00    M    M  6.9 15 170   M    M   1        21 160
24  70  58  64  -1   1   0 0.02    M    M  6.5 13 180   M    M   5        20 180
25  82  62  72   8   0   7 0.00    M    M  6.3 14 220   M    M   4        18 200
26  82  62  72   8   0   7 0.00    M    M  5.4 13 170   M    M   2 3      18 160
27  82  61  72   8   0   7 0.00    M    M  5.5 12 170   M    M   2        17 180
28  84  59  72   9   0   7 0.00    M    M  2.8  8 100   M    M   1 18     10 100
29  85  59  72   9   0   7 0.00    M    M  2.6  7 180   M    M   1        10 170
30  84  63  74  12   0   9 0.00    M    M  7.4 16 190   M    M   1 18     25 210
================================================================================
SM 2238 1759        55 142  1.09    M    224.5          M      112
================================================================================
AV 77.2 58.6                               7.5 FASTST   M    M   4    MAX(MPH)
                                 MISC ---->  # 33 300               # 45  310
================================================================================
NOTES:
# LAST OF SEVERAL OCCURRENCES

COLUMN 17 PEAK WIND IN M.P.H.

PRELIMINARY LOCAL CLIMATOLOGICAL DATA (WS FORM: F-6) , PAGE 2

                                          STATION:  Lee`s Summit MO
                                          MONTH:    SEPTEMBER
                                          YEAR:     2014
                                          LATITUDE:   38 57 N
                                          LONGITUDE:  94 22 W

[TEMPERATURE DATA]      [PRECIPITATION DATA]       SYMBOLS USED IN COLUMN 16

AVERAGE MONTHLY: 67.9   TOTAL FOR MONTH:   1.09    1 = FOG OR MIST
DPTR FM NORMAL:  -0.3   DPTR FM NORMAL:   -3.31    2 = FOG REDUCING VISIBILITY
HIGHEST:    91 ON  4    GRTST 24HR  0.54 ON 17-17      TO 1/4 MILE OR LESS
LOWEST:     39 ON 13                               3 = THUNDER
                        SNOW, ICE PELLETS, HAIL    4 = ICE PELLETS
                        TOTAL MONTH:    M          5 = HAIL
                        GRTST 24HR    M  ON   M    6 = FREEZING RAIN OR DRIZZLE
                        GRTST DEPTH:  M  ON   M    7 = DUSTSTORM OR SANDSTORM:
                                                       VSBY 1/2 MILE OR LESS
                                                   8 = SMOKE OR HAZE
[NO. OF DAYS WITH]      [WEATHER - DAYS WITH]      9 = BLOWING SNOW
                                                   X = TORNADO
MAX 32 OR BELOW:   0    0.01 INCH OR MORE:   6
MAX 90 OR ABOVE:   2    0.10 INCH OR MORE:   3
MIN 32 OR BELOW:   0    0.50 INCH OR MORE:   1
MIN  0 OR BELOW:   0    1.00 INCH OR MORE:   0

[HDD (BASE 65) ]
TOTAL THIS MO.    55    CLEAR  (SCALE 0-3)  16
DPTR FM NORMAL     5    PTCLDY (SCALE 4-7)  10
TOTAL FM JUL 1    56    CLOUDY (SCALE 8-10)  4
DPTR FM NORMAL     4

[CDD (BASE 65) ]
TOTAL THIS MO.   142
DPTR FM NORMAL    -4    [PRESSURE DATA]
TOTAL FM JAN 1  1309    HIGHEST SLP  0.00 ON M
DPTR FM NORMAL    21    LOWEST  SLP  0.00 ON M

[REMARKS]
#FINAL-09-14#




U.S. Dept. of Commerce
NOAA National Weather Service
1325 East West Highway
Silver Spring, MD 20910
E-mail: w-nws.webmaster@noaa.gov
Page last modified: May 16, 2007
NATIONAL WEATHER SERVICE: for Safety, for Work, for Fun - FOR LIFE