389
CXUS55 KEAX 010736
CF6LXT
PRELIMINARY LOCAL CLIMATOLOGICAL DATA (WS FORM: F-6)

                                          STATION:   Lee`s Summit MO
                                          MONTH:     NOVEMBER
                                          YEAR:      2014
                                          LATITUDE:   38 57 N
                                          LONGITUDE:  94 22 W

  TEMPERATURE IN F:       :PCPN:    SNOW:  WIND      :SUNSHINE: SKY     :PK WND
================================================================================
1   2   3   4   5  6A  6B    7    8   9   10  11  12  13   14  15   16   17  18
                                     12Z  AVG MX 2MIN
DY MAX MIN AVG DEP HDD CDD  WTR  SNW DPTH SPD SPD DIR MIN PSBL S-S WX    SPD DR
================================================================================

 1  50  26  38 -13  27   0 0.00    M    M  7.3 15 120   M    M   2        20 150
 2  65  46  56   6   9   0 0.00    M    M 15.1 25 190   M    M   4        35 180
 3  67  51  59   9   6   0 0.14    M    M 14.7 26 190   M    M   5 1      36 200
 4  58  43  51   1  14   0 0.01    M    M  6.8 18 310   M    M   0 1      23 320
 5  65  41  53   4  12   0 0.00    M    M 10.4 23 220   M    M   1        27 230
 6  55  35  45  -4  20   0 0.00    M    M 10.6 23 340   M    M   0        33 300
 7  63  36  50   2  15   0 0.00    M    M 11.0 23 210   M    M   0        32 220
 8  56  36  46  -2  19   0 0.00    M    M 11.9 29 340   M    M   1        39 340
 9  65  36  51   4  14   0 0.00    M    M 12.4 24 220   M    M   0        31 220
10  70  34  52   5  13   0 0.00    M    M 15.1 28 350   M    M   2        38 220
11  35  24  30 -16  35   0 0.01    M    M 15.7 26 340   M    M   6        35 330
12  29  20  25 -21  40   0 0.00    M    M 13.1 21 310   M    M   3        26 310
13  31  15  23 -22  42   0 0.00    M    M  8.7 16 310   M    M   3        22 300
14  32  14  23 -22  42   0 0.00    M    M  2.4  8 130   M    M   1         9 130
15  33  23  28 -16  37   0    T    M    M  5.8 12 120   M    M   7        16 170
16  30  19  25 -19  40   0    T    M    M  7.8 14 310   M    M   5         M  M
17  25  13  19 -24  46   0 0.00    M    M 14.0 28 300   M    M   2        37 290
18  35  10  23 -20  42   0 0.00    M    M 10.2 18 230   M    M   0        23 190
19  40  22  31 -11  34   0 0.00    M    M  8.7 23 320   M    M   2        30 310
20  40  16  28 -14  37   0 0.00    M    M  4.7 12  80   M    M   0        14  80
21  48  23  36  -5  29   0 0.03    M    M  9.2 16 180   M    M   6        23 180
22  61  48  55  14  10   0 0.00    M    M 11.5 23 180   M    M  10 1      30 190
23  58  40  49   9  16   0 0.16    M    M   M   M   M   0    0   0         0   0
24  41  31  36  -4  29   0 0.00    M    M 15.0 30 320   M    M   5        40 310
25  42  22  32  -7  33   0 0.00    M    M  7.2 20 320   M    M   1        25 310
26  42  28  35  -4  30   0 0.05    M    M 13.8 29 300   M    M   9 1      38 340
27  38  26  32  -6  33   0 0.00    M    M  6.8 17 330   M    M   6        21 310
28  59  30  45   7  20   0 0.00    M    M 13.8 24 220   M    M   0        29 220
29  66  49  58  20   7   0 0.00    M    M 12.8 23 220   M    M   0        31 220
30  59  22  41   4  24   0 0.00    M    M 14.7 24  10   M    M   3 1      31 360
================================================================================
SM 1458  879       775   0  0.40    M    311.2            0     84
================================================================================
AV 48.6 29.3                              10.7 FASTST    0   0   3    MAX(MPH)
                                 MISC ---->  # 30 320               # 40  310
================================================================================
NOTES:
# LAST OF SEVERAL OCCURRENCES

COLUMN 17 PEAK WIND IN M.P.H.

PRELIMINARY LOCAL CLIMATOLOGICAL DATA (WS FORM: F-6) , PAGE 2

                                          STATION:  Lee`s Summit MO
                                          MONTH:    NOVEMBER
                                          YEAR:     2014
                                          LATITUDE:   38 57 N
                                          LONGITUDE:  94 22 W

[TEMPERATURE DATA]      [PRECIPITATION DATA]       SYMBOLS USED IN COLUMN 16

AVERAGE MONTHLY: 38.9   TOTAL FOR MONTH:   0.40    1 = FOG OR MIST
DPTR FM NORMAL:  -5.2   DPTR FM NORMAL:   -2.06    2 = FOG REDUCING VISIBILITY
HIGHEST:    70 ON 10    GRTST 24HR  0.16 ON 23-23      TO 1/4 MILE OR LESS
LOWEST:     10 ON 18                               3 = THUNDER
                        SNOW, ICE PELLETS, HAIL    4 = ICE PELLETS
                        TOTAL MONTH:    M          5 = HAIL
                        GRTST 24HR    M  ON   M    6 = FREEZING RAIN OR DRIZZLE
                        GRTST DEPTH:  M  ON   M    7 = DUSTSTORM OR SANDSTORM:
                                                       VSBY 1/2 MILE OR LESS
                                                   8 = SMOKE OR HAZE
[NO. OF DAYS WITH]      [WEATHER - DAYS WITH]      9 = BLOWING SNOW
                                                   X = TORNADO
MAX 32 OR BELOW:   5    0.01 INCH OR MORE:   6
MAX 90 OR ABOVE:   0    0.10 INCH OR MORE:   2
MIN 32 OR BELOW:  18    0.50 INCH OR MORE:   0
MIN  0 OR BELOW:   0    1.00 INCH OR MORE:   0

[HDD (BASE 65) ]
TOTAL THIS MO.   775    CLEAR  (SCALE 0-3)  20
DPTR FM NORMAL   146    PTCLDY (SCALE 4-7)   8
TOTAL FM JUL 1  1045    CLOUDY (SCALE 8-10)  2
DPTR FM NORMAL    81

[CDD (BASE 65) ]
TOTAL THIS MO.     0
DPTR FM NORMAL     0    [PRESSURE DATA]
TOTAL FM JAN 1  1324    HIGHEST SLP  0.00 ON M
DPTR FM NORMAL    10    LOWEST  SLP  0.00 ON M

[REMARKS]
#FINAL-11-14#




U.S. Dept. of Commerce
NOAA National Weather Service
1325 East West Highway
Silver Spring, MD 20910
E-mail: w-nws.webmaster@noaa.gov
Page last modified: May 16, 2007
NATIONAL WEATHER SERVICE: for Safety, for Work, for Fun - FOR LIFE