088
CXUS53 KGID 011233
CF6LXN

PRELIMINARY LOCAL CLIMATOLOGICAL DATA (WS FORM: F-6)

                                          STATION:   LEXINGTON
                                          MONTH:     JULY
                                          YEAR:      2014
                                          LATITUDE:   40 47 N
                                          LONGITUDE:  99 46 W

  TEMPERATURE IN F:       :PCPN:    SNOW:  WIND      :SUNSHINE: SKY     :PK WND
================================================================================
1   2   3   4   5  6A  6B    7    8   9   10  11  12  13   14  15   16   17  18
                                     12Z  AVG MX 2MIN
DY MAX MIN AVG DEP HDD CDD  WTR  SNW DPTH SPD SPD DIR MIN PSBL S-S WX    SPD DR
================================================================================

 1  77  53  65   M   0   0 0.00    M    M 10.1 20 340   M    M   0        29 300
 2  76  47  62   M   3   0 0.00    M    M  5.8 10 330   M    M   1        12 340
 3  82  56  69   M   0   4 0.00    M    M 10.2 16 150   M    M   2        23 170
 4  86  65  76   M   0  11    T    M    M 14.5 22 170   M    M   4        28 160
 5  93  64  79   M   0  14    T    M    M  5.0 13 230   M    M   0 1      20 230
 6  94  60  77   M   0  12 0.00    M    M  5.4 14  50   M    M   0 1      17  50
 7  87  60  74   M   0   9 0.00    M    M  7.5 15  80   M    M   1        23  70
 8  85  55  70   M   0   5 0.00    M    M  7.8 21 340   M    M   1        24 340
 9  91  54  73   M   0   8 0.02    M    M 14.0 28 100   M    M   2 3      35 100
10  87  63  75   M   0  10 0.95    M    M 15.5 33 180   M    M   2 3      46 110
11  88  70  79   M   0  14 0.00    M    M  9.3 15  60   M    M   2 38      M  M
12  82  67  75   M   0  10 0.00    M    M  7.3 13  70   M    M   4 1      16  70
13  89  62  76   M   0  11 0.00    M    M  3.5  8 300   M    M   0 1       M  M
14  77  51  64   M   1   0 0.00    M    M  8.1 17 360   M    M   2        29 360
15  74  46  60   M   5   0 0.00    M    M  3.1  8  90   M    M   4         M  M
16  73  56  65   M   0   0 0.00    M    M  6.6 14 140   M    M   6        18 140
17  74  49  62   M   3   0 0.00    M    M  5.5 14 210   M    M   5 12      M  M
18  78  56  67   M   0   2 0.00    M    M 11.2 18 180   M    M   6        24 170
19  82  63  73   M   0   8 0.00    M    M 10.1 16 160   M    M   4 1      23 160
20  99  70  85   M   0  20 0.00    M    M  9.3 12 190   M    M   3        18 190
21 103  65  84   M   0  19 0.00    M    M  4.4 12 170   M    M   M         M  M
22  92  69  81   M   0  16 0.00    M    M  9.7 15  70   M    M   0        20 100
23  83  65  74   M   0   9 0.04    M    M  8.4 13 120   M    M   2 3      21 230
24  94  63  79   M   0  14 0.00    M    M 14.7 24 160   M    M   0        30 160
25  92  70  81   M   0  16 0.00    M    M  6.7 14 130   M    M   0        21 130
26  93  65  79   M   0  14 0.00    M    M  7.1 15  10   M    M   0 1      23 340
27  87  60  74   M   0   9 0.00    M    M  6.2 12 340   M    M   0        16 350
28  83  54  69   M   0   4 0.00    M    M  4.5  9  90   M    M   1         M  M
29  81  58  70   M   0   5 0.00    M    M  7.4 12  90   M    M   3 1      10 180
30  81  61  71   M   0   6 0.00    M    M  2.7  8 120   M    M   4         M  M
31  90  57  74   M   0   9 0.00    M    M  5.7 13 290   M    M   1        17 310
================================================================================
SM 2653 1854        12 259  1.01    M    247.3          M       60
================================================================================
AV 85.6 59.8                               8.0 FASTST   M    M   2    MAX(MPH)
                                 MISC ---->    33 180                  M    M
================================================================================
NOTES:
# LAST OF SEVERAL OCCURRENCES

COLUMN 17 PEAK WIND IN M.P.H.

PRELIMINARY LOCAL CLIMATOLOGICAL DATA (WS FORM: F-6) , PAGE 2

                                          STATION:  LEXINGTON
                                          MONTH:    JULY
                                          YEAR:     2014
                                          LATITUDE:   40 47 N
                                          LONGITUDE:  99 46 W

[TEMPERATURE DATA]      [PRECIPITATION DATA]       SYMBOLS USED IN COLUMN 16

AVERAGE MONTHLY: 72.7   TOTAL FOR MONTH:   1.01    1 = FOG OR MIST
DPTR FM NORMAL:     M   DPTR FM NORMAL:       M    2 = FOG REDUCING VISIBILITY
HIGHEST:   103 ON 21    GRTST 24HR  0.95 ON 10-10      TO 1/4 MILE OR LESS
LOWEST:     46 ON 15                               3 = THUNDER
                        SNOW, ICE PELLETS, HAIL    4 = ICE PELLETS
                        TOTAL MONTH:    M          5 = HAIL
                        GRTST 24HR    M  ON   M    6 = FREEZING RAIN OR DRIZZLE
                        GRTST DEPTH:  M  ON   M    7 = DUSTSTORM OR SANDSTORM:
                                                       VSBY 1/2 MILE OR LESS
                                                   8 = SMOKE OR HAZE
[NO. OF DAYS WITH]      [WEATHER - DAYS WITH]      9 = BLOWING SNOW
                                                   X = TORNADO
MAX 32 OR BELOW:   0    0.01 INCH OR MORE:   3
MAX 90 OR ABOVE:  10    0.10 INCH OR MORE:   1
MIN 32 OR BELOW:   0    0.50 INCH OR MORE:   1
MIN  0 OR BELOW:   0    1.00 INCH OR MORE:   0

[HDD (BASE 65) ]
TOTAL THIS MO.    12    CLEAR  (SCALE 0-3)  21
DPTR FM NORMAL     M    PTCLDY (SCALE 4-7)   9
TOTAL FM JUL 1    12    CLOUDY (SCALE 8-10)  0
DPTR FM NORMAL     M

[CDD (BASE 65) ]
TOTAL THIS MO.   259
DPTR FM NORMAL     M    [PRESSURE DATA]
TOTAL FM JAN 1   523    HIGHEST SLP M ON M
DPTR FM NORMAL     M    LOWEST  SLP M ON M

[REMARKS]
#FINAL-07-14#




U.S. Dept. of Commerce
NOAA National Weather Service
1325 East West Highway
Silver Spring, MD 20910
E-mail: w-nws.webmaster@noaa.gov
Page last modified: May 16, 2007
NATIONAL WEATHER SERVICE: for Safety, for Work, for Fun - FOR LIFE