778
CXUS53 KGID 010730
CF6LXN
PRELIMINARY LOCAL CLIMATOLOGICAL DATA (WS FORM: F-6)

                                          STATION:   LEXINGTON
                                          MONTH:     JANUARY
                                          YEAR:      2015
                                          LATITUDE:   40 47 N
                                          LONGITUDE:  99 46 W

  TEMPERATURE IN F:       :PCPN:    SNOW:  WIND      :SUNSHINE: SKY     :PK WND
================================================================================
1   2   3   4   5  6A  6B    7    8   9   10  11  12  13   14  15   16   17  18
                                     12Z  AVG MX 2MIN
DY MAX MIN AVG DEP HDD CDD  WTR  SNW DPTH SPD SPD DIR MIN PSBL S-S WX    SPD DR
================================================================================

 1  30   2  16   M  49   0 0.00    M    M  6.9 12 300   M    M   1         M  M
 2  34   7  21   M  44   0 0.00    M    M  4.6  9 200   M    M   2         M  M
 3  36   8  22   M  43   0    M    M    M 15.1 39 350   M    M   5        46 350
 4  14  -4   5   M  60   0    T    M    M  8.2 28 340   M    M   3        35 340
 5  30   3  17   M  48   0 0.00    M    M 10.4 25 360   M    M   6        33 360
 6  27   7  17   M  48   0    T    M    M  9.1 24  10   M    M   4        31  10
 7  14   1   8   M  57   0 0.00    M    M 13.2 23 350   M    M   4        30 360
 8  44   9  27   M  38   0 0.00    M    M 16.5 29 340   M    M   3        35 340
 9  23   7  15   M  50   0 0.00    M    M 10.6 17 330   M    M   0        27 340
10  38  12  25   M  40   0 0.00    M    M  7.2 16 190   M    M   0        17 210
11  34  11  23   M  42   0 0.00    M    M  6.2 15  10   M    M   2         M  M
12  22  14  18   M  47   0 0.00    M    M 10.0 15  20   M    M   8        17 350
13  27  12  20   M  45   0 0.00    M    M  8.3 12 150   M    M   5         M  M
14  41  11  26   M  39   0 0.00    M    M  5.9 10 290   M    M   0 1       M  M
15  49  18  34   M  31   0 0.00    M    M 10.0 17 290   M    M   0         M  M
16  57  17  37   M  28   0 0.00    M    M  5.0 10 210   M    M   0         M  M
17  51  24  38   M  27   0 0.00    M    M 15.6 31 330   M    M   0        43 310
18  57  20  39   M  26   0 0.00    M    M  5.9 15 310   M    M   0        16 320
19  58  27  43   M  22   0 0.00    M    M 10.1 18 310   M    M   1        28 330
20  49  26  38   M  27   0 0.00    M    M 11.1 17 300   M    M   0        22 290
21  42  22  32   M  33   0 0.00    M    M 10.6 15 330   M    M   4        17 350
22  43  14  29   M  36   0 0.00    M    M  6.9 10 190   M    M   1        16 230
23  52  13  33   M  32   0 0.00    M    M 10.0 18 340   M    M   3        23 340
24  56  23  40   M  25   0    T    M    M 13.9 28 320   M    M   3        35 320
25  48  32  40   M  25   0 0.00    M    M 14.6 29 320   M    M   6        44 320
26  69  30  50   M  15   0 0.00    M    M 11.9 25 320   M    M   0 8      29 330
27  73  28  51   M  14   0 0.00    M    M  3.7  8 290   M    M   0         M  M
28  68  28  48   M  17   0 0.00    M    M 14.8 27 320   M    M   0        38 320
29  46  19  33   M  32   0 0.00    M    M 14.8 32 350   M    M   4        40 350
30  48  18  33   M  32   0 0.00    M    M  9.5 20 190   M    M   4        24 190
31  37  23  30   M  35   0    M    M    M  8.6 23 360   M    M  10 1      27 360
================================================================================
SM 1317  482      1107   0    T     M    309.2          M       79
================================================================================
AV 42.5 15.5                              10.0 FASTST   M    M   3    MAX(MPH)
                                 MISC ---->    39   M               # 46  350
================================================================================
NOTES:
# LAST OF SEVERAL OCCURRENCES

COLUMN 17 PEAK WIND IN M.P.H.

PRELIMINARY LOCAL CLIMATOLOGICAL DATA (WS FORM: F-6) , PAGE 2

                                          STATION:  LEXINGTON
                                          MONTH:    JANUARY
                                          YEAR:     2015
                                          LATITUDE:   40 47 N
                                          LONGITUDE:  99 46 W

[TEMPERATURE DATA]      [PRECIPITATION DATA]       SYMBOLS USED IN COLUMN 16

AVERAGE MONTHLY: 29.0   TOTAL FOR MONTH:      T    1 = FOG OR MIST
DPTR FM NORMAL:     M   DPTR FM NORMAL:       M    2 = FOG REDUCING VISIBILITY
HIGHEST:    73 ON 27    GRTST 24HR    T  ON 24-24      TO 1/4 MILE OR LESS
LOWEST:     -4 ON  4                               3 = THUNDER
                        SNOW, ICE PELLETS, HAIL    4 = ICE PELLETS
                        TOTAL MONTH:    M          5 = HAIL
                        GRTST 24HR    M  ON   M    6 = FREEZING RAIN OR DRIZZLE
                        GRTST DEPTH:  M  ON   M    7 = DUSTSTORM OR SANDSTORM:
                                                       VSBY 1/2 MILE OR LESS
                                                   8 = SMOKE OR HAZE
[NO. OF DAYS WITH]      [WEATHER - DAYS WITH]      9 = BLOWING SNOW
                                                   X = TORNADO
MAX 32 OR BELOW:   8    0.01 INCH OR MORE:   0
MAX 90 OR ABOVE:   0    0.10 INCH OR MORE:   0
MIN 32 OR BELOW:  31    0.50 INCH OR MORE:   0
MIN  0 OR BELOW:   1    1.00 INCH OR MORE:   0

[HDD (BASE 65) ]
TOTAL THIS MO.  1107    CLEAR  (SCALE 0-3)  19
DPTR FM NORMAL     M    PTCLDY (SCALE 4-7)  11
TOTAL FM JUL 1  3592    CLOUDY (SCALE 8-10)  1
DPTR FM NORMAL     M

[CDD (BASE 65) ]
TOTAL THIS MO.     0
DPTR FM NORMAL     M    [PRESSURE DATA]
TOTAL FM JAN 1     0    HIGHEST SLP M ON M
DPTR FM NORMAL     M    LOWEST  SLP M ON M

[REMARKS]
#FINAL-01-15#




U.S. Dept. of Commerce
NOAA National Weather Service
1325 East West Highway
Silver Spring, MD 20910
E-mail: w-nws.webmaster@noaa.gov
Page last modified: May 16, 2007
NATIONAL WEATHER SERVICE: for Safety, for Work, for Fun - FOR LIFE