182
CXUS53 KILX 292300
CF6LWV
PRELIMINARY LOCAL CLIMATOLOGICAL DATA (WS FORM: F-6)

                                          STATION:   LAWRENCEVILLE IL AIRPORT
                                          MONTH:     JANUARY
                                          YEAR:      2015
                                          LATITUDE:   38 45 N
                                          LONGITUDE:  87 36 W

  TEMPERATURE IN F:       :PCPN:    SNOW:  WIND      :SUNSHINE: SKY     :PK WND
================================================================================
1   2   3   4   5  6A  6B    7    8   9   10  11  12  13   14  15   16   17  18
                                     12Z  AVG MX 2MIN
DY MAX MIN AVG DEP HDD CDD  WTR  SNW DPTH SPD SPD DIR MIN PSBL S-S WX    SPD DR
================================================================================

 1  39  18  29  -2  36   0 0.00    M    M 10.5 21 230   M    M   1        25 230
 2  39  33  36   5  29   0 0.17    M    M  4.8 12 130   M    M  10 18     13 120
 3  54  36  45  14  20   0 1.00    M    M  7.6 21 290   M    M  10 138    24 290
 4  43  16  30  -1  35   0 0.01    M    M 16.9 29 300   M    M  10 18     35 310
 5  24  11  18 -13  47   0 0.00    M    M  9.0 18 300   M    M   2        21 300
 6  31  19  25  -6  40   0 0.00    M    M  9.5 17 340   M    M   7        21 360
 7  21   0  11 -20  54   0    T    M    M 18.6 29 340   M    M   7 1      36 350
 8  25   0  13 -18  52   0 0.00    M    M 15.3 28 230   M    M   4        34 230
 9  27   6  17 -14  48   0    T    M    M 14.5 29 300   M    M   3        35 290
10  27   3  15 -16  50   0 0.00    M    M  7.9 17 170   M    M   0        20 200
11  39  24  32   1  33   0 0.40    M    M  9.1 18 210   M    M  10 168    23 210
12  36  23  30  -1  35   0 0.13    M    M 11.6 25  30   M    M   9 128    30  30
13  28  16  22  -9  43   0 0.00    M    M  9.2 18  20   M    M   7        24  20
14  28  15  22  -9  43   0    T    M    M  3.4 13 320   M    M   9 8      14 310
15  41  20  31   0  34   0 0.00    M    M  6.9 13 230   M    M   2 18     15 260
16  44  22  33   2  32   0 0.00    M    M  4.6  9 180   M    M   0 18     10 160
17  54  31  43  12  22   0 0.05    M    M 13.9 26 200   M    M   2 18     33 200
18  50  28  39   8  26   0 0.00    M    M 10.3 21 260   M    M   1        25 250
19  53  25  39   8  26   0 0.00    M    M  4.0  9  60   M    M   0        11  40
20  51  27  39   8  26   0 0.00    M    M  5.5 15 290   M    M   2 1      18 290
21  49  29  39   8  26   0 0.00    M    M  9.7 25 290   M    M   4 1      30 280
22  38  30  34   3  31   0 0.00    M    M  4.6  8  10   M    M  10 18      9 310
23  38  28  33   2  32   0 0.00    M    M  5.5 13 330   M    M   7 1      14 320
24  47  22  35   4  30   0 0.00    M    M  8.3 16 300   M    M   1 18     21 290
25  41  29  35   4  30   0 0.17    M    M 10.0 25 360   M    M   8 1      30 350
26  30  28  29  -2  36   0    T    M    M  8.2 22 360   M    M  10 168    27 350
27  33  28  31  -1  34   0 0.00    M    M  5.5 12 350   M    M  10 1      13 350
28  42  23  33   1  32   0 0.00    M    M 11.3 20 150   M    M   0 18     24 160
================================================================================
SM 1072  590       982   0  1.93    M    256.2          M      146
================================================================================
AV 38.3 21.1                               9.1 FASTST   M    M   5    MAX(MPH)
                                 MISC ---->  # 29 300               # 36  350
================================================================================
NOTES:
# LAST OF SEVERAL OCCURRENCES

COLUMN 17 PEAK WIND IN M.P.H.

PRELIMINARY LOCAL CLIMATOLOGICAL DATA (WS FORM: F-6) , PAGE 2

                                          STATION:  LAWRENCEVILLE IL AIRPORT
                                          MONTH:    JANUARY
                                          YEAR:     2015
                                          LATITUDE:   38 45 N
                                          LONGITUDE:  87 36 W

[TEMPERATURE DATA]      [PRECIPITATION DATA]       SYMBOLS USED IN COLUMN 16

AVERAGE MONTHLY: 29.7   TOTAL FOR MONTH:   1.93    1 = FOG OR MIST
DPTR FM NORMAL:  -1.4   DPTR FM NORMAL:   -0.25    2 = FOG REDUCING VISIBILITY
HIGHEST:    54 ON 17, 3 GRTST 24HR  1.14 ON  2- 3      TO 1/4 MILE OR LESS
LOWEST:      0 ON  8, 7                            3 = THUNDER
                        SNOW, ICE PELLETS, HAIL    4 = ICE PELLETS
                        TOTAL MONTH:    M          5 = HAIL
                        GRTST 24HR    M  ON   M    6 = FREEZING RAIN OR DRIZZLE
                        GRTST DEPTH:  M  ON   M    7 = DUSTSTORM OR SANDSTORM:
                                                       VSBY 1/2 MILE OR LESS
                                                   8 = SMOKE OR HAZE
[NO. OF DAYS WITH]      [WEATHER - DAYS WITH]      9 = BLOWING SNOW
                                                   X = TORNADO
MAX 32 OR BELOW:   9    0.01 INCH OR MORE:   7
MAX 90 OR ABOVE:   0    0.10 INCH OR MORE:   5
MIN 32 OR BELOW:  26    0.50 INCH OR MORE:   1
MIN  0 OR BELOW:   2    1.00 INCH OR MORE:   1

[HDD (BASE 65) ]
TOTAL THIS MO.   982    CLEAR  (SCALE 0-3)  12
DPTR FM NORMAL    32    PTCLDY (SCALE 4-7)   6
TOTAL FM JUL 1  2995    CLOUDY (SCALE 8-10) 10
DPTR FM NORMAL   246

[CDD (BASE 65) ]
TOTAL THIS MO.     0
DPTR FM NORMAL     0    [PRESSURE DATA]
TOTAL FM JAN 1     0    HIGHEST SLP M ON M
DPTR FM NORMAL     0    LOWEST  SLP 29.60 ON 25

[REMARKS]




U.S. Dept. of Commerce
NOAA National Weather Service
1325 East West Highway
Silver Spring, MD 20910
E-mail: w-nws.webmaster@noaa.gov
Page last modified: May 16, 2007
NATIONAL WEATHER SERVICE: for Safety, for Work, for Fun - FOR LIFE