387
CXUS53 KILX 012300
CF6LWV
PRELIMINARY LOCAL CLIMATOLOGICAL DATA (WS FORM: F-6)

                                          STATION:   LAWRENCEVILLE IL AIRPORT
                                          MONTH:     NOVEMBER
                                          YEAR:      2014
                                          LATITUDE:   38 45 N
                                          LONGITUDE:  87 36 W

  TEMPERATURE IN F:       :PCPN:    SNOW:  WIND      :SUNSHINE: SKY     :PK WND
================================================================================
1   2   3   4   5  6A  6B    7    8   9   10  11  12  13   14  15   16   17  18
                                     12Z  AVG MX 2MIN
DY MAX MIN AVG DEP HDD CDD  WTR  SNW DPTH SPD SPD DIR MIN PSBL S-S WX    SPD DR
================================================================================

 1  49  28  39 -13  26   0 0.00    M    M 11.5 22 340   M    M   2        29 360
 2  54  24  39 -13  26   0 0.00    M    M  6.0 14 160   M    M   2        17 170
 3  68  40  54   2  11   0    T    M    M 12.4 24 210   M    M   2        29 220
 4  55  46  51   0  14   0 0.45    M    M  7.2 20 220   M    M   8 12     27 220
 5  53  41  47  -4  18   0 0.00    M    M  2.6 15 230   M    M   6 128    18 230
 6  49  40  45  -5  20   0 0.02    M    M 15.2 30 300   M    M   8 18     35 330
 7  49  30  40 -10  25   0 0.00    M    M  5.7 13 180   M    M   2        15 160
 8  54  32  43  -7  22   0 0.00    M    M 10.3 23 320   M    M   4        28 330
 9  55  28  42  -7  23   0 0.00    M    M  7.1 20 200   M    M   0        24 200
10  66  38  52   3  13   0 0.00    M    M 14.7 29 170   M    M   0        36 170
11  59  34  47  -1  18   0 0.03    M    M 15.0 26 290   M    M   7 18     32 290
12  35  28  32 -16  33   0    T    M    M 11.1 17 320   M    M  10 8      20 320
13  29  23  26 -22  39   0    T    M    0 11.1 22 330   M    M   7        26 330
14  33  18  26 -21  39   0    T    M    M  4.8 13 310   M    M   1 1      15 290
15  38  17  28 -19  37   0    T    M    M  3.5 13 150   M    M   3 18     16 160
16  38  31  35 -11  30   0 0.06    M    M  4.6 10 310   M    M  10 18     13 320
17  31  17  24 -22  41   0    T    M    M 14.3 24 290   M    M   6 18     28 300
18  25  13  19 -26  46   0 0.00    M    M 11.3 22 260   M    M   0        30 290
19  47  14  31 -14  34   0 0.00    M    M 13.2 26 280   M    M   4        31 220
20  35  16  26 -18  39   0 0.00    M    M  6.8 18 290   M    M   1        22 310
21  40  16  28 -16  37   0    T    M    M  7.5 13 140   M    M   2        15 130
22  63  36  50   6  15   0 0.01    M    M 12.4 28 200   M    M   9        36 200
23  57  46  52   9  13   0 1.41    M    M 11.5 25 230   M    M   7 18     34 230
24  59  37  48   5  17   0 0.36    M    M 16.6 45 220   M    M  10 38     55 240
25  37  26  32 -10  33   0 0.00    M    M  7.2 16 270   M    M   6        22 270
26  39  22  31 -11  34   0 0.01    M    M  6.0 14 350   M    M   4 18     17 350
27  31  18  25 -16  40   0    T    M    M 11.3 23 300   M    M   7 18     27 300
28  41  18  30 -11  35   0 0.00    M    M  9.9 22 170   M    M   2 18     27 180
29  58  34  46   6  19   0 0.00    M    M 14.3 28 200   M    M   6        34 210
30  68  38  53  13  12   0 0.10    M    M 16.3 31 220   M    M   6 1      39 220
================================================================================
SM 1415  849       809   0  2.45    M    301.4          M      142
================================================================================
AV 47.2 28.3                              10.0 FASTST   M    M   5    MAX(MPH)
                                 MISC ---->  # 45 220               # 55  240
================================================================================
NOTES:
# LAST OF SEVERAL OCCURRENCES

COLUMN 17 PEAK WIND IN M.P.H.

PRELIMINARY LOCAL CLIMATOLOGICAL DATA (WS FORM: F-6) , PAGE 2

                                          STATION:  LAWRENCEVILLE IL AIRPORT
                                          MONTH:    NOVEMBER
                                          YEAR:     2014
                                          LATITUDE:   38 45 N
                                          LONGITUDE:  87 36 W

[TEMPERATURE DATA]      [PRECIPITATION DATA]       SYMBOLS USED IN COLUMN 16

AVERAGE MONTHLY: 37.7   TOTAL FOR MONTH:   2.45    1 = FOG OR MIST
DPTR FM NORMAL:  -8.6   DPTR FM NORMAL:   -1.52    2 = FOG REDUCING VISIBILITY
HIGHEST:    68 ON 30, 3 GRTST 24HR  1.77 ON 23-24      TO 1/4 MILE OR LESS
LOWEST:     13 ON 18                               3 = THUNDER
                        SNOW, ICE PELLETS, HAIL    4 = ICE PELLETS
                        TOTAL MONTH:    M          5 = HAIL
                        GRTST 24HR    M  ON   M    6 = FREEZING RAIN OR DRIZZLE
                        GRTST DEPTH:   0           7 = DUSTSTORM OR SANDSTORM:
                                                       VSBY 1/2 MILE OR LESS
                                                   8 = SMOKE OR HAZE
[NO. OF DAYS WITH]      [WEATHER - DAYS WITH]      9 = BLOWING SNOW
                                                   X = TORNADO
MAX 32 OR BELOW:   4    0.01 INCH OR MORE:   9
MAX 90 OR ABOVE:   0    0.10 INCH OR MORE:   4
MIN 32 OR BELOW:  19    0.50 INCH OR MORE:   1
MIN  0 OR BELOW:   0    1.00 INCH OR MORE:   1

[HDD (BASE 65) ]
TOTAL THIS MO.   809    CLEAR  (SCALE 0-3)  12
DPTR FM NORMAL   248    PTCLDY (SCALE 4-7)  14
TOTAL FM JUL 1  1135    CLOUDY (SCALE 8-10)  4
DPTR FM NORMAL   277

[CDD (BASE 65) ]
TOTAL THIS MO.     0
DPTR FM NORMAL    -1    [PRESSURE DATA]
TOTAL FM JAN 1  1218    HIGHEST SLP 30.53 ON 21
DPTR FM NORMAL  -169    LOWEST  SLP 29.20 ON 24

[REMARKS]
#FINAL-11-14#




U.S. Dept. of Commerce
NOAA National Weather Service
1325 East West Highway
Silver Spring, MD 20910
E-mail: w-nws.webmaster@noaa.gov
Page last modified: May 16, 2007
NATIONAL WEATHER SERVICE: for Safety, for Work, for Fun - FOR LIFE