190
CXUS53 KILX 290900
CF6LWV
PRELIMINARY LOCAL CLIMATOLOGICAL DATA (WS FORM: F-6)

                                          STATION:   LAWRENCEVILLE IL AIRPORT
                                          MONTH:     AUGUST
                                          YEAR:      2014
                                          LATITUDE:   38 45 N
                                          LONGITUDE:  87 36 W

  TEMPERATURE IN F:       :PCPN:    SNOW:  WIND      :SUNSHINE: SKY     :PK WND
================================================================================
1   2   3   4   5  6A  6B    7    8   9   10  11  12  13   14  15   16   17  18
                                     12Z  AVG MX 2MIN
DY MAX MIN AVG DEP HDD CDD  WTR  SNW DPTH SPD SPD DIR MIN PSBL S-S WX    SPD DR
================================================================================

 1  85  60  73  -4   0   8 0.00    M    M  3.6 18 330   M    M   4 128    25 340
 2  84  63  74  -3   0   9    T    M    M  4.8 13 230   M    M   2 138    16  30
 3  86  60  73  -4   0   8 0.00    M    M  2.1 10 350   M    M   0 18     14 350
 4  87  60  74  -3   0   9 0.00    M    M  1.8  8  30   M    M   1 18     10  50
 5  86  63  75  -2   0  10 0.01    M    M  3.9 15 230   M    M   4 138    17 220
 6  84  66  75  -2   0  10 0.00    M    M  4.3 10 330   M    M   2 128    13 330
 7  76  69  73  -4   0   8 0.12    M    M  6.5 13  90   M    M   5 18     16  70
 8  73  67  70  -7   0   5 1.06    M    M  9.0 14  70   M    M  10 1      20 110
 9  77  68  73  -4   0   8 0.79    M    M  5.7 12  40   M    M   9 18     14  40
10  84  70  77   0   0  12 0.00    M    M  3.4 13 290   M    M   6 18     16 270
11  84  67  76  -1   0  11    T    M    M  7.8 20 320   M    M   5 128    26 320
12  78  61  70  -7   0   5 0.00    M    M 10.8 22 320   M    M   5        27 320
13  81  57  69  -8   0   4 0.00    M    M  4.5 13 320   M    M   1        17 360
14  83  58  71  -6   0   6 0.17    M    M  5.4 18 350   M    M   3 18     23 350
15  80  58  69  -8   0   4 0.00    M    M  4.0  9  40   M    M   1        11  50
16  78  67  73  -4   0   8 0.15    M    M  5.7 17 230   M    M   9 18     20 220
17  74  68  71  -6   0   6 1.84    M    M  7.0 12  70   M    M   8 13     16 140
18  84  68  76   0   0  11    T    M    M  3.6 12 310   M    M   6 128    13 310
19  86  65  76   0   0  11 0.00    M    M  5.9 14 220   M    M   4 128    18 200
20  83  69  76   0   0  11 0.08    M    M  4.4 22 300   M    M   2 13     29 300
21  90  70  80   4   0  15    T    M    M  7.2 14 220   M    M   2 3      24 220
22  87  74  81   5   0  16 0.03    M    M  5.9 15 240   M    M   2 138    18 240
23  92  73  83   7   0  18 0.24    M    M  4.4 26  30   M    M   4 138    35  30
24  89  72  81   5   0  16 0.00    M    M  3.9  9  90   M    M   1 18     12  80
25  92  70  81   5   0  16 0.00    M    M  3.4 23  20   M    M   2 128    28  10
26  93  71  82   6   0  17 0.00    M    M  3.0 18  40   M    M   0 138    22  50
27  92  71  82   7   0  17 0.00    M    M  4.0 13  30   M    M   1 138    16 360
28  89  71  80   5   0  15 0.00    M    M  4.1 15 200   M    M   1 1      18 200
================================================================================
SM 2357 1856         0 294  4.49    M    140.1          M      100
================================================================================
AV 84.2 66.3                               5.0 FASTST   M    M   4    MAX(MPH)
                                 MISC ---->  # 26  30               # 35   30
================================================================================
NOTES:
# LAST OF SEVERAL OCCURRENCES

COLUMN 17 PEAK WIND IN M.P.H.

PRELIMINARY LOCAL CLIMATOLOGICAL DATA (WS FORM: F-6) , PAGE 2

                                          STATION:  LAWRENCEVILLE IL AIRPORT
                                          MONTH:    AUGUST
                                          YEAR:     2014
                                          LATITUDE:   38 45 N
                                          LONGITUDE:  87 36 W

[TEMPERATURE DATA]      [PRECIPITATION DATA]       SYMBOLS USED IN COLUMN 16

AVERAGE MONTHLY: 75.2   TOTAL FOR MONTH:   4.49    1 = FOG OR MIST
DPTR FM NORMAL:  -1.3   DPTR FM NORMAL:    1.40    2 = FOG REDUCING VISIBILITY
HIGHEST:    93 ON 26    GRTST 24HR  1.98 ON 16-17      TO 1/4 MILE OR LESS
LOWEST:     57 ON 13                               3 = THUNDER
                        SNOW, ICE PELLETS, HAIL    4 = ICE PELLETS
                        TOTAL MONTH:    M          5 = HAIL
                        GRTST 24HR    M  ON   M    6 = FREEZING RAIN OR DRIZZLE
                        GRTST DEPTH:  M  ON   M    7 = DUSTSTORM OR SANDSTORM:
                                                       VSBY 1/2 MILE OR LESS
                                                   8 = SMOKE OR HAZE
[NO. OF DAYS WITH]      [WEATHER - DAYS WITH]      9 = BLOWING SNOW
                                                   X = TORNADO
MAX 32 OR BELOW:   0    0.01 INCH OR MORE:  10
MAX 90 OR ABOVE:   5    0.10 INCH OR MORE:   7
MIN 32 OR BELOW:   0    0.50 INCH OR MORE:   3
MIN  0 OR BELOW:   0    1.00 INCH OR MORE:   2

[HDD (BASE 65) ]
TOTAL THIS MO.     0    CLEAR  (SCALE 0-3)  14
DPTR FM NORMAL     0    PTCLDY (SCALE 4-7)  11
TOTAL FM JUL 1     0    CLOUDY (SCALE 8-10)  3
DPTR FM NORMAL     0

[CDD (BASE 65) ]
TOTAL THIS MO.   294
DPTR FM NORMAL   -30    [PRESSURE DATA]
TOTAL FM JAN 1  1032    HIGHEST SLP M ON M
DPTR FM NORMAL  -119    LOWEST  SLP 29.77 ON 19

[REMARKS]




U.S. Dept. of Commerce
NOAA National Weather Service
1325 East West Highway
Silver Spring, MD 20910
E-mail: w-nws.webmaster@noaa.gov
Page last modified: May 16, 2007
NATIONAL WEATHER SERVICE: for Safety, for Work, for Fun - FOR LIFE