202
CXUS56 KTFX 011205
CF6LWT
PRELIMINARY LOCAL CLIMATOLOGICAL DATA (WS FORM: F-6)

                                          STATION:   LEWISTOWN MT
                                          MONTH:     SEPTEMBER
                                          YEAR:      2014
                                          LATITUDE:   47  2 N
                                          LONGITUDE: 109 28 W

  TEMPERATURE IN F:       :PCPN:    SNOW:  WIND      :SUNSHINE: SKY     :PK WND
================================================================================
1   2   3   4   5  6A  6B    7    8   9   10  11  12  13   14  15   16   17  18
                                     12Z  AVG MX 2MIN
DY MAX MIN AVG DEP HDD CDD  WTR  SNW DPTH SPD SPD DIR MIN PSBL S-S WX    SPD DR
================================================================================

 1  70  46  58  -2   7   0 0.00    M    0  7.7 20 270   M    M   4        26 270
 2  76  44  60   0   5   0 0.00    M    0  6.1 13 140   M    M   0        18 130
 3  64  45  55  -5  10   0 0.00    M    0 11.1 23 330   M    M   1        33 310
 4  64  42  53  -6  12   0 0.00    M    0  8.0 23 280   M    M   5        30 270
 5  71  37  54  -5  11   0 0.00    M    0  4.1  9  50   M    M   0        14 280
 6  77  40  59   0   6   0 0.00    M    0  4.8 10 130   M    M   0        13 120
 7  83  43  63   5   2   0 0.00    M    0  7.3 20 260   M    M   0        26 310
 8  78  44  61   3   4   0 0.00    M    0  7.1 22 300   M    M   1        29 310
 9  45  37  41 -16  24   0 0.03    M    0  8.2 18 300   M    M  10 18     23 300
10  39  34  37 -20  28   0 0.30    M    0  9.8 18 100   M    M  10 1      23  90
11  45  31  38 -19  27   0    T    M    T  7.2 13 210   M    M   8 1      18 120
12  64  27  46 -10  19   0 0.00    M    0  7.1 16 230   M    M   0        21 240
13  56  38  47  -9  18   0 0.00    M    0  8.4 17 300   M    M   4        25 310
14  63  35  49  -6  16   0 0.00    M    0  5.6 15  10   M    M   0        20  10
15  76  35  56   1   9   0 0.00    M    0  5.3 10 360   M    M   0        13 120
16  80  41  61   6   4   0 0.00    M    0  4.9  9 120   M    M   0        13 340
17  84  49  67  13   0   2 0.00    M    0  6.2 14  80   M    M   1        16  70
18  80  54  67  13   0   2 0.00    M    0 12.2 36 210   M    M   1 8      43 210
19  73  50  62   9   3   0 0.00    M    0 13.7 29 300   M    M   4        36 300
20  72  47  60   7   5   0 0.00    M    0  6.9 13 260   M    M   0        15 260
21  79  45  62   9   3   0 0.00    M    0  8.4 15  80   M    M   0        19  20
22  80  45  63  11   2   0 0.00    M    0  5.0 13 120   M    M   0        13 190
23  80  48  64  12   1   0 0.00    M    0  5.9 16 240   M    M   1        20 230
24  86  52  69  17   0   4 0.00    M    0 10.1 24 220   M    M   0        30 230
25  90  51  71  20   0   6 0.00    M    0  7.0 16 160   M    M   0        20 200
26  75  52  64  13   1   0 0.11    M    0  6.9 17 300   M    M   1 3      22 310
27  55  46  51   1  14   0 0.98    M    0  7.1 16 100   M    M  10 1      21  80
28  48  44  46  -4  19   0 0.01    M    0 12.7 20 110   M    M  10 12     27  90
29  59  45  52   2  13   0 0.02    M    0  9.4 21 100   M    M   7        25  90
30  63  45  54   5  11   0 0.04    M    0 12.0 24 310   M    M   9 1      33 320
================================================================================
SM 2075 1292       274  14  1.49    M    236.2          M       87
================================================================================
AV 69.2 43.1                               7.9 FASTST   M    M   3    MAX(MPH)
                                 MISC ---->  # 36 210               # 43  210
================================================================================
NOTES:
# LAST OF SEVERAL OCCURRENCES

COLUMN 17 PEAK WIND IN M.P.H.

PRELIMINARY LOCAL CLIMATOLOGICAL DATA (WS FORM: F-6) , PAGE 2

                                          STATION:  LEWISTOWN MT
                                          MONTH:    SEPTEMBER
                                          YEAR:     2014
                                          LATITUDE:   47  2 N
                                          LONGITUDE: 109 28 W

[TEMPERATURE DATA]      [PRECIPITATION DATA]       SYMBOLS USED IN COLUMN 16

AVERAGE MONTHLY: 56.1   TOTAL FOR MONTH:   1.49    1 = FOG OR MIST
DPTR FM NORMAL:   1.2   DPTR FM NORMAL:    0.14    2 = FOG REDUCING VISIBILITY
HIGHEST:    90 ON 25    GRTST 24HR  1.06 ON 26-27      TO 1/4 MILE OR LESS
LOWEST:     27 ON 12                               3 = THUNDER
                        SNOW, ICE PELLETS, HAIL    4 = ICE PELLETS
                        TOTAL MONTH:    M          5 = HAIL
                        GRTST 24HR    M  ON   M    6 = FREEZING RAIN OR DRIZZLE
                        GRTST DEPTH:   T           7 = DUSTSTORM OR SANDSTORM:
                                                       VSBY 1/2 MILE OR LESS
                                                   8 = SMOKE OR HAZE
[NO. OF DAYS WITH]      [WEATHER - DAYS WITH]      9 = BLOWING SNOW
                                                   X = TORNADO
MAX 32 OR BELOW:   0    0.01 INCH OR MORE:   7
MAX 90 OR ABOVE:   1    0.10 INCH OR MORE:   3
MIN 32 OR BELOW:   2    0.50 INCH OR MORE:   1
MIN  0 OR BELOW:   0    1.00 INCH OR MORE:   0

[HDD (BASE 65) ]
TOTAL THIS MO.   274    CLEAR  (SCALE 0-3)  19
DPTR FM NORMAL   -45    PTCLDY (SCALE 4-7)   6
TOTAL FM JUL 1   355    CLOUDY (SCALE 8-10)  5
DPTR FM NORMAL  -122

[CDD (BASE 65) ]
TOTAL THIS MO.    14
DPTR FM NORMAL     0    [PRESSURE DATA]
TOTAL FM JAN 1   295    HIGHEST SLP 30.58 ON 11
DPTR FM NORMAL    85    LOWEST  SLP 29.56 ON  3

[REMARKS]
#FINAL-09-14#




U.S. Dept. of Commerce
NOAA National Weather Service
1325 East West Highway
Silver Spring, MD 20910
E-mail: w-nws.webmaster@noaa.gov
Page last modified: May 16, 2007
NATIONAL WEATHER SERVICE: for Safety, for Work, for Fun - FOR LIFE