138
CXUS56 KTFX 281205
CF6LWT
PRELIMINARY LOCAL CLIMATOLOGICAL DATA (WS FORM: F-6)

                                          STATION:   LEWISTOWN MT
                                          MONTH:     JANUARY
                                          YEAR:      2015
                                          LATITUDE:   47  2 N
                                          LONGITUDE: 109 28 W

  TEMPERATURE IN F:       :PCPN:    SNOW:  WIND      :SUNSHINE: SKY     :PK WND
================================================================================
1   2   3   4   5  6A  6B    7    8   9   10  11  12  13   14  15   16   17  18
                                     12Z  AVG MX 2MIN
DY MAX MIN AVG DEP HDD CDD  WTR  SNW DPTH SPD SPD DIR MIN PSBL S-S WX    SPD DR
================================================================================

 1  36  13  25   2  40   0 0.00    M    8  4.9 13 260   M    M   6        14 250
 2  41   5  23   0  42   0    T    M    8 12.3 26 300   M    M   5        33 280
 3   5 -10  -2 -25  67   0 0.01    M    8  6.8 21 300   M    M  10        25 300
 4   7  -4   2 -21  63   0 0.04    M    7  6.8 15 110   M    M  10 1      17 110
 5  38   5  22  -1  43   0 0.19    M    8 13.1 30 240   M    M   9 12     36 320
 6  15   5  10 -13  55   0 0.19    M   18  5.2 13 110   M    M  10 1      15 360
 7  43   1  22  -1  43   0 0.00    M   19  7.0 23 230   M    M   4        26 230
 8  38 -11  14  -9  51   0 0.01    M   19 16.0 31 300   M    M   7 18     40 300
 9  33 -13  10 -13  55   0 0.00    M   18  5.9 13 230   M    M   0 8      14 240
10  34  16  25   2  40   0 0.03    M   18  3.9 20 280   M    M   4 1      22 270
11  24   3  14  -9  51   0 0.04    M   18  5.8 14 250   M    M   8 18     17 240
12  27   3  15  -8  50   0 0.00    M   17  5.1 13 130   M    M   2 18     14 130
13  29   5  17  -7  48   0 0.00    M   16  5.7 14 210   M    M   1 1      14 220
14  38   9  24   0  41   0 0.00    M   16  6.7 16 250   M    M   0        17 250
15  45  19  32   8  33   0 0.00    M   15 10.0 24 230   M    M   0        26 230
16  46  25  36  12  29   0 0.00    M    M 20.1 39 250   M    M   3        47 270
17  40  24  32   8  33   0 0.00    M    M 19.0 33 240   M    M   0        39 280
18  44  32  38  14  27   0 0.06    M    M 16.7 29 230   M    M   3        35 230
19  38  26  32   8  33   0    T    M    M 10.2 29 270   M    M   5 1      34 270
20  32  18  25   1  40   0 0.02    M    5 10.4 22 270   M    M   8 1      29 280
21  30  11  21  -3  44   0 0.00    M    5  6.8 17 230   M    M   1        21 220
22  43  15  29   5  36   0 0.00    M    5 10.4 23 230   M    M   0        27 230
23  44  23  34  10  31   0 0.00    M    3 10.3 25 240   M    M   0        30 240
24  44  31  38  14  27   0    T    M    M 13.5 32 240   M    M   5        37 240
25  55  30  43  19  22   0 0.00    M    M 12.7 24 240   M    M   1        27 240
26  58  41  50  26  15   0 0.00    M    0 12.8 24 230   M    M   0        27 220
27  61  39  50  26  15   0 0.00    M    0  8.9 22 240   M    M   0        24 240
================================================================================
SM  988  361      1074   0  0.59    M    267.0          M      102
================================================================================
AV 36.6 13.4                               9.9 FASTST   M    M   4    MAX(MPH)
                                 MISC ---->  # 39 250               # 47  270
================================================================================
NOTES:
# LAST OF SEVERAL OCCURRENCES

COLUMN 17 PEAK WIND IN M.P.H.

PRELIMINARY LOCAL CLIMATOLOGICAL DATA (WS FORM: F-6) , PAGE 2

                                          STATION:  LEWISTOWN MT
                                          MONTH:    JANUARY
                                          YEAR:     2015
                                          LATITUDE:   47  2 N
                                          LONGITUDE: 109 28 W

[TEMPERATURE DATA]      [PRECIPITATION DATA]       SYMBOLS USED IN COLUMN 16

AVERAGE MONTHLY: 25.0   TOTAL FOR MONTH:   0.59    1 = FOG OR MIST
DPTR FM NORMAL:   1.4   DPTR FM NORMAL:    0.09    2 = FOG REDUCING VISIBILITY
HIGHEST:    61 ON 27    GRTST 24HR  0.24 ON  5- 6      TO 1/4 MILE OR LESS
LOWEST:    -13 ON  9                               3 = THUNDER
                        SNOW, ICE PELLETS, HAIL    4 = ICE PELLETS
                        TOTAL MONTH:    M          5 = HAIL
                        GRTST 24HR    M  ON   M    6 = FREEZING RAIN OR DRIZZLE
                        GRTST DEPTH:  19 ON  8, 7  7 = DUSTSTORM OR SANDSTORM:
                                                       VSBY 1/2 MILE OR LESS
                                                   8 = SMOKE OR HAZE
[NO. OF DAYS WITH]      [WEATHER - DAYS WITH]      9 = BLOWING SNOW
                                                   X = TORNADO
MAX 32 OR BELOW:   8    0.01 INCH OR MORE:   9
MAX 90 OR ABOVE:   0    0.10 INCH OR MORE:   2
MIN 32 OR BELOW:  25    0.50 INCH OR MORE:   0
MIN  0 OR BELOW:   4    1.00 INCH OR MORE:   0

[HDD (BASE 65) ]
TOTAL THIS MO.  1074    CLEAR  (SCALE 0-3)  14
DPTR FM NORMAL   -45    PTCLDY (SCALE 4-7)   8
TOTAL FM JUL 1  4091    CLOUDY (SCALE 8-10)  5
DPTR FM NORMAL  -450

[CDD (BASE 65) ]
TOTAL THIS MO.     0
DPTR FM NORMAL     0    [PRESSURE DATA]
TOTAL FM JAN 1     0    HIGHEST SLP M ON M
DPTR FM NORMAL     0    LOWEST  SLP 29.86 ON 18

[REMARKS]




U.S. Dept. of Commerce
NOAA National Weather Service
1325 East West Highway
Silver Spring, MD 20910
E-mail: w-nws.webmaster@noaa.gov
Page last modified: May 16, 2007
NATIONAL WEATHER SERVICE: for Safety, for Work, for Fun - FOR LIFE