164
CXUS56 KTFX 301205
CF6LWT
PRELIMINARY LOCAL CLIMATOLOGICAL DATA (WS FORM: F-6)

                                          STATION:   LEWISTOWN MT
                                          MONTH:     JULY
                                          YEAR:      2014
                                          LATITUDE:   47  2 N
                                          LONGITUDE: 109 28 W

  TEMPERATURE IN F:       :PCPN:    SNOW:  WIND      :SUNSHINE: SKY     :PK WND
================================================================================
1   2   3   4   5  6A  6B    7    8   9   10  11  12  13   14  15   16   17  18
                                     12Z  AVG MX 2MIN
DY MAX MIN AVG DEP HDD CDD  WTR  SNW DPTH SPD SPD DIR MIN PSBL S-S WX    SPD DR
================================================================================

 1  74  47  61  -1   4   0 0.00    M    0  5.7 13 300   M    M   1        16 280
 2  84  46  65   3   0   0 0.00    M    0  7.8 18 100   M    M   0        30  40
 3  89  56  73  10   0   8 0.01    M    0  8.6 21 300   M    M   0 3      30 280
 4  91  53  72   9   0   7 0.11    M    0  7.0 41 270   M    M   0 3      53 270
 5  85  54  70   7   0   5 0.00    M    0  7.1 20 300   M    M   0        26 300
 6  88  51  70   6   0   5 0.00    M    0  6.1 21 290   M    M   0        27 310
 7  77  51  64   0   1   0    T    M    0  8.6 20 300   M    M   3        29 310
 8  84  47  66   2   0   1 0.00    M    0  5.8 12  30   M    M   1        13  30
 9  91  53  72   8   0   7 0.00    M    0  7.6 21 220   M    M   1        27 220
10  90  63  77  12   0  12 0.00    M    0  7.1 20 220   M    M   0         M  M
11  82  59  71   6   0   6 0.00    M    0  9.8 20 120   M    M   6        23 100
12  87  54  71   6   0   6 0.00    M    0  4.9 12 120   M    M   0        17  30
13  88  52  70   5   0   5 0.00    M    0  6.7 17  10   M    M   0        22  10
14  82  55  69   3   0   4 0.00    M    0 12.1 23 110   M    M   0        27 100
15  73  54  64  -2   1   0 0.40    M    0  7.1 22 100   M    M   7 1      28 100
16  83  52  68   2   0   3 0.00    M    0  4.6 10 230   M    M   1        14 240
17  91  51  71   5   0   6 0.00    M    0  5.4 14 300   M    M   0        20 300
18  81  53  67   1   0   2 0.00    M    0  5.5 22 300   M    M   1        29 300
19  90  52  71   5   0   6 0.00    M    0 11.5 30 270   M    M   3 8      37 260
20  89  58  74   7   0   9 0.00    M    0 13.1 26 270   M    M   1        35 260
21  79  54  67   0   0   2 0.07    M    0  7.4 26 200   M    M   3 3      35 200
22  83  56  70   3   0   5 0.27    M    0  7.1 17 130   M    M   5 3      23 120
23  90  57  74   7   0   9 0.03    M    0  5.6 41 280   M    M   0 3      52 280
24  82  51  67   0   0   2    T    M    0  9.8 35 300   M    M   0        45 300
25  83  50  67   0   0   2 0.00    M    0 17.9 31 250   M    M   0        40 260
26  77  45  61  -6   4   0 0.00    M    0  7.9 18 310   M    M   0        24 310
27  87  46  67   0   0   2 0.00    M    0  8.1 18 120   M    M   0        22 100
28  91  59  75   8   0  10 0.00    M    0 12.7 21  80   M    M   0        24  90
29  90  64  77  10   0  12 0.03    M    0 11.6 26 120   M    M   2        32 120
================================================================================
SM 2461 1543        10 136  0.92    M    240.2          M       35
================================================================================
AV 84.9 53.2                               8.3 FASTST   M    M   1    MAX(MPH)
                                 MISC ---->  # 41 270               # 53  270
================================================================================
NOTES:
# LAST OF SEVERAL OCCURRENCES

COLUMN 17 PEAK WIND IN M.P.H.

PRELIMINARY LOCAL CLIMATOLOGICAL DATA (WS FORM: F-6) , PAGE 2

                                          STATION:  LEWISTOWN MT
                                          MONTH:    JULY
                                          YEAR:     2014
                                          LATITUDE:   47  2 N
                                          LONGITUDE: 109 28 W

[TEMPERATURE DATA]      [PRECIPITATION DATA]       SYMBOLS USED IN COLUMN 16

AVERAGE MONTHLY: 69.0   TOTAL FOR MONTH:   0.92    1 = FOG OR MIST
DPTR FM NORMAL:   3.7   DPTR FM NORMAL:   -0.91    2 = FOG REDUCING VISIBILITY
HIGHEST:    91 ON 28,17 GRTST 24HR  0.40 ON 15-15      TO 1/4 MILE OR LESS
LOWEST:     45 ON 26                               3 = THUNDER
                        SNOW, ICE PELLETS, HAIL    4 = ICE PELLETS
                        TOTAL MONTH:    M          5 = HAIL
                        GRTST 24HR    M  ON   M    6 = FREEZING RAIN OR DRIZZLE
                        GRTST DEPTH:   0           7 = DUSTSTORM OR SANDSTORM:
                                                       VSBY 1/2 MILE OR LESS
                                                   8 = SMOKE OR HAZE
[NO. OF DAYS WITH]      [WEATHER - DAYS WITH]      9 = BLOWING SNOW
                                                   X = TORNADO
MAX 32 OR BELOW:   0    0.01 INCH OR MORE:   7
MAX 90 OR ABOVE:   8    0.10 INCH OR MORE:   3
MIN 32 OR BELOW:   0    0.50 INCH OR MORE:   0
MIN  0 OR BELOW:   0    1.00 INCH OR MORE:   0

[HDD (BASE 65) ]
TOTAL THIS MO.    10    CLEAR  (SCALE 0-3)  24
DPTR FM NORMAL   -59    PTCLDY (SCALE 4-7)   5
TOTAL FM JUL 1    10    CLOUDY (SCALE 8-10)  0
DPTR FM NORMAL   -59

[CDD (BASE 65) ]
TOTAL THIS MO.   136
DPTR FM NORMAL    52    [PRESSURE DATA]
TOTAL FM JAN 1   137    HIGHEST SLP M ON M
DPTR FM NORMAL    31    LOWEST  SLP 29.66 ON 20

[REMARKS]




U.S. Dept. of Commerce
NOAA National Weather Service
1325 East West Highway
Silver Spring, MD 20910
E-mail: w-nws.webmaster@noaa.gov
Page last modified: May 16, 2007
NATIONAL WEATHER SERVICE: for Safety, for Work, for Fun - FOR LIFE