691
CXUS56 KOTX 300900
CF6LWS
PRELIMINARY LOCAL CLIMATOLOGICAL DATA (WS FORM: F-6)

                                          STATION:   LEWISTON ID AIRPORT
                                          MONTH:     SEPTEMBER
                                          YEAR:      2014
                                          LATITUDE:   46 22 N
                                          LONGITUDE: 117  1 W

  TEMPERATURE IN F:       :PCPN:    SNOW:  WIND      :SUNSHINE: SKY     :PK WND
================================================================================
1   2   3   4   5  6A  6B    7    8   9   10  11  12  13   14  15   16   17  18
                                     12Z  AVG MX 2MIN
DY MAX MIN AVG DEP HDD CDD  WTR  SNW DPTH SPD SPD DIR MIN PSBL S-S WX    SPD DR
================================================================================

 1  79  57  68  -2   0   3 0.00  0.0    0  3.2 12 330   M    M   4        16 310
 2  86  53  70   0   0   5 0.00  0.0    0  8.6 31 270   M    M   1        39 270
 3  73  56  65  -4   0   0    T  0.0    0  7.8 23 280   M    M   8        30 270
 4  80  49  65  -4   0   0 0.00  0.0    0  3.5  8 190   M    M   0        13  90
 5  86  49  68  -1   0   3 0.00  0.0    0  3.4  9 170   M    M   0 8      11 230
 6  90  50  70   2   0   5 0.00  0.0    0  4.0  9 190   M    M   0        10  60
 7  91  54  73   5   0   8 0.00  0.0    0  3.6 12 210   M    M   0        13 210
 8  90  52  71   3   0   6 0.00  0.0    0  4.4 21 290   M    M   0        27 300
 9  78  57  68   1   0   3 0.00  0.0    0  7.8 23 320   M    M   2 8      36 280
10  76  51  64  -3   1   0 0.00  0.0    0  9.1 23 330   M    M   4        29 330
11  71  41  56 -10   9   0 0.00  0.0    0  4.6 12  40   M    M   0 8      16 200
12  81  43  62  -4   3   0 0.00  0.0    0  4.4 12  70   M    M   0        14  40
13  82  47  65  -1   0   0 0.00  0.0    0  3.7 10 260   M    M   0        14 270
14  85  47  66   1   0   1 0.00  0.0    0  2.3  9 190   M    M   0 8      14 120
15  88  49  69   4   0   4 0.00  0.0    0  3.1  9 220   M    M   0        10 220
16  93  57  75  10   0  10 0.00  0.0    0  3.5 13 300   M    M   0 8      16 310
17  89  58  74  10   0   9 0.00  0.0    0  2.8  8 280   M    M   0 8      14 280
18  86  62  74  10   0   9 0.00  0.0    0  8.1 23 300   M    M   3 8      34 290
19  82  61  72   9   0   7 0.00  0.0    0  4.6 12 340   M    M   2 8      15 310
20  89  54  72   9   0   7 0.00  0.0    0  4.5 10 190   M    M   0        12 190
21  91  56  74  11   0   9 0.00  0.0    0  2.4  8 200   M    M   0         9 280
22  83  62  73  11   0   8 0.03  0.0    0  4.8 23 250   M    M   2        30 250
23  82  61  72  10   0   7 0.01  0.0    0  4.5 14  80   M    M   1        16  80
24  81  59  70   9   0   5 0.00  0.0    0  9.2 23 320   M    M   0        28 300
25  79  53  66   5   0   1 0.05  0.0    0  5.6 18 310   M    M   3        24 300
26  74  55  65   5   0   0 0.01  0.0    0  3.4 14 280   M    M   4        16 290
27  76  53  65   5   0   0 0.00  0.0    0  1.7  9  60   M    M   4        13  70
28  81  51  66   6   0   1 0.00  0.0    0  3.7 16 290   M    M   4        21 290
29  69  58  64   5   1   0 0.08  0.0    0  6.7 18 170   M    M   7 1      24 170
================================================================================
SM 2391 1555        14 111  0.18     0.0 139.0          M       49
================================================================================
AV 82.4 53.6                               4.8 FASTST   M    M   2    MAX(MPH)
                                 MISC ---->  # 31 270               # 39  270
================================================================================
NOTES:
# LAST OF SEVERAL OCCURRENCES

COLUMN 17 PEAK WIND IN M.P.H.

PRELIMINARY LOCAL CLIMATOLOGICAL DATA (WS FORM: F-6) , PAGE 2

                                          STATION:  LEWISTON ID AIRPORT
                                          MONTH:    SEPTEMBER
                                          YEAR:     2014
                                          LATITUDE:   46 22 N
                                          LONGITUDE: 117  1 W

[TEMPERATURE DATA]      [PRECIPITATION DATA]       SYMBOLS USED IN COLUMN 16

AVERAGE MONTHLY: 68.0   TOTAL FOR MONTH:   0.18    1 = FOG OR MIST
DPTR FM NORMAL:   3.2   DPTR FM NORMAL:   -0.47    2 = FOG REDUCING VISIBILITY
HIGHEST:    93 ON 16    GRTST 24HR  0.08 ON 29-29      TO 1/4 MILE OR LESS
LOWEST:     41 ON 11                               3 = THUNDER
                        SNOW, ICE PELLETS, HAIL    4 = ICE PELLETS
                        TOTAL MONTH:   0.0 INCH    5 = HAIL
                        GRTST 24HR     0.0         6 = FREEZING RAIN OR DRIZZLE
                        GRTST DEPTH:   0           7 = DUSTSTORM OR SANDSTORM:
                                                       VSBY 1/2 MILE OR LESS
                                                   8 = SMOKE OR HAZE
[NO. OF DAYS WITH]      [WEATHER - DAYS WITH]      9 = BLOWING SNOW
                                                   X = TORNADO
MAX 32 OR BELOW:   0    0.01 INCH OR MORE:   5
MAX 90 OR ABOVE:   5    0.10 INCH OR MORE:   0
MIN 32 OR BELOW:   0    0.50 INCH OR MORE:   0
MIN  0 OR BELOW:   0    1.00 INCH OR MORE:   0

[HDD (BASE 65) ]
TOTAL THIS MO.    14    CLEAR  (SCALE 0-3)  22
DPTR FM NORMAL   -78    PTCLDY (SCALE 4-7)   7
TOTAL FM JUL 1    14    CLOUDY (SCALE 8-10)  0
DPTR FM NORMAL   -93

[CDD (BASE 65) ]
TOTAL THIS MO.   111
DPTR FM NORMAL    24    [PRESSURE DATA]
TOTAL FM JAN 1  1081    HIGHEST SLP M ON M
DPTR FM NORMAL   277    LOWEST  SLP  0.00 ON M

[REMARKS]




U.S. Dept. of Commerce
NOAA National Weather Service
1325 East West Highway
Silver Spring, MD 20910
E-mail: w-nws.webmaster@noaa.gov
Page last modified: May 16, 2007
NATIONAL WEATHER SERVICE: for Safety, for Work, for Fun - FOR LIFE