406
CXUS56 KOTX 011500
CF6LWS
PRELIMINARY LOCAL CLIMATOLOGICAL DATA (WS FORM: F-6)

                                          STATION:   LEWISTON ID AIRPORT
                                          MONTH:     JULY
                                          YEAR:      2014
                                          LATITUDE:   46 22 N
                                          LONGITUDE: 117  1 W

  TEMPERATURE IN F:       :PCPN:    SNOW:  WIND      :SUNSHINE: SKY     :PK WND
================================================================================
1   2   3   4   5  6A  6B    7    8   9   10  11  12  13   14  15   16   17  18
                                     12Z  AVG MX 2MIN
DY MAX MIN AVG DEP HDD CDD  WTR  SNW DPTH SPD SPD DIR MIN PSBL S-S WX    SPD DR
================================================================================

 1  96  55  76   6   0  11 0.00  0.0    0  4.5 14  40   M    M   0        16  40
 2 100  62  81  10   0  16    T  0.0    0  5.5 23 240   M    M   0        28 230
 3  93  68  81  10   0  16    T  0.0    0  6.1 18 330   M    M   0        23 300
 4  90  59  75   4   0  10 0.00  0.0    0  4.1 12  10   M    M   0        16 350
 5  94  61  78   6   0  13 0.00  0.0    0  3.8 12 300   M    M   0        15 320
 6  97  65  81   9   0  16 0.00  0.0    0  5.7 17 300   M    M   0        22 290
 7  96  66  81   9   0  16 0.00  0.0    0  4.7 13  30   M    M   0        21  10
 8 100  66  83  10   0  18 0.00  0.0    0  3.4 14 330   M    M   0        19 340
 9 101  69  85  12   0  20 0.00  0.0    0  4.9 15 320   M    M   0        21 330
10  97  62  80   7   0  15 0.00  0.0    0  5.9 16 300   M    M   0        20 300
11 100  61  81   7   0  16 0.00  0.0    0  4.0 15  10   M    M   0 8      19  10
12 101  65  83   9   0  18 0.00  0.0    0  3.9 12 360   M    M   0        14 360
13 103  66  85  11   0  20 0.00  0.0    0  3.4 10  30   M    M   0        14 110
14  97  73  85  11   0  20 0.08  0.0    0  5.3 22 240   M    M   1        26 240
15  98  67  83   8   0  18 0.00  0.0    0  4.0 16 360   M    M   0        20 340
16 104  69  87  12   0  22 0.00  0.0    0  4.7 16  90   M    M   0        20 100
17 101  70  86  11   0  21 0.00  0.0    0  7.6 23 290   M    M   0        29 310
18  89  66  78   3   0  13 0.00  0.0    0  5.9 12  80   M    M   2        15  90
19  95  62  79   3   0  14 0.00  0.0    0  9.5 26 300   M    M   2 8      36 310
20  88  72  80   4   0  15    T  0.0    0  7.7 20 310   M    M   3        24 330
21  88  61  75  -1   0  10 0.00  0.0    0  5.3 12 290   M    M   0        15 260
22  90  66  78   2   0  13 0.07  0.0    0  5.8 18 310   M    M   3 3      23 310
23  94  62  78   2   0  13 0.11  0.0    0 13.3 45 290   M    M   4 3      59 290
24  78  56  67  -9   0   2    T  0.0    0  8.1 20 320   M    M   2        25 320
25  83  53  68  -8   0   3 0.00  0.0    0  4.4 13 290   M    M   0        22 300
26  93  56  75  -1   0  10 0.00  0.0    0  3.8 12 290   M    M   0        15 290
27 101  61  81   4   0  16 0.00  0.0    0  2.8 13 360   M    M   0        15 350
28 104  68  86   9   0  21 0.00  0.0    0  5.1 13 340   M    M   0        16 330
29 106  70  88  11   0  23 0.00  0.0    0  4.6 13 290   M    M   0        18 330
30 104  69  87  10   0  22 0.00  0.0    0  3.6 10 330   M    M   0        13 310
31 105  68  87  10   0  22 0.00  0.0    0  5.8 20 290   M    M   0        26 290
================================================================================
SM 2986 1994         0 483  0.26     0.0 167.2          M       17
================================================================================
AV 96.3 64.3                               5.4 FASTST   M    M   1    MAX(MPH)
                                 MISC ---->  # 45 290               # 59  290
================================================================================
NOTES:
# LAST OF SEVERAL OCCURRENCES

COLUMN 17 PEAK WIND IN M.P.H.

PRELIMINARY LOCAL CLIMATOLOGICAL DATA (WS FORM: F-6) , PAGE 2

                                          STATION:  LEWISTON ID AIRPORT
                                          MONTH:    JULY
                                          YEAR:     2014
                                          LATITUDE:   46 22 N
                                          LONGITUDE: 117  1 W

[TEMPERATURE DATA]      [PRECIPITATION DATA]       SYMBOLS USED IN COLUMN 16

AVERAGE MONTHLY: 80.3   TOTAL FOR MONTH:   0.26    1 = FOG OR MIST
DPTR FM NORMAL:   5.9   DPTR FM NORMAL:   -0.40    2 = FOG REDUCING VISIBILITY
HIGHEST:   106 ON 29    GRTST 24HR  0.18 ON 22-23      TO 1/4 MILE OR LESS
LOWEST:     53 ON 25                               3 = THUNDER
                        SNOW, ICE PELLETS, HAIL    4 = ICE PELLETS
                        TOTAL MONTH:   0.0 INCH    5 = HAIL
                        GRTST 24HR     0.0         6 = FREEZING RAIN OR DRIZZLE
                        GRTST DEPTH:   0           7 = DUSTSTORM OR SANDSTORM:
                                                       VSBY 1/2 MILE OR LESS
                                                   8 = SMOKE OR HAZE
[NO. OF DAYS WITH]      [WEATHER - DAYS WITH]      9 = BLOWING SNOW
                                                   X = TORNADO
MAX 32 OR BELOW:   0    0.01 INCH OR MORE:   3
MAX 90 OR ABOVE:  26    0.10 INCH OR MORE:   1
MIN 32 OR BELOW:   0    0.50 INCH OR MORE:   0
MIN  0 OR BELOW:   0    1.00 INCH OR MORE:   0

[HDD (BASE 65) ]
TOTAL THIS MO.     0    CLEAR  (SCALE 0-3)  30
DPTR FM NORMAL    -7    PTCLDY (SCALE 4-7)   1
TOTAL FM JUL 1     0    CLOUDY (SCALE 8-10)  0
DPTR FM NORMAL    -7

[CDD (BASE 65) ]
TOTAL THIS MO.   483
DPTR FM NORMAL   183    [PRESSURE DATA]
TOTAL FM JAN 1   601    HIGHEST SLP 30.16 ON 24
DPTR FM NORMAL   171    LOWEST  SLP 29.67 ON 17

[REMARKS]
#FINAL-07-14#




U.S. Dept. of Commerce
NOAA National Weather Service
1325 East West Highway
Silver Spring, MD 20910
E-mail: w-nws.webmaster@noaa.gov
Page last modified: May 16, 2007
NATIONAL WEATHER SERVICE: for Safety, for Work, for Fun - FOR LIFE