221
CXUS56 KOTX 201500
CF6LWS
PRELIMINARY LOCAL CLIMATOLOGICAL DATA (WS FORM: F-6)

                                          STATION:   LEWISTON ID AIRPORT
                                          MONTH:     APRIL
                                          YEAR:      2014
                                          LATITUDE:   46 22 N
                                          LONGITUDE: 117  1 W

  TEMPERATURE IN F:       :PCPN:    SNOW:  WIND      :SUNSHINE: SKY     :PK WND
================================================================================
1   2   3   4   5  6A  6B    7    8   9   10  11  12  13   14  15   16   17  18
                                     12Z  AVG MX 2MIN
DY MAX MIN AVG DEP HDD CDD  WTR  SNW DPTH SPD SPD DIR MIN PSBL S-S WX    SPD DR
================================================================================

 1  59  36  48  -1  17   0    T  0.0    0  5.3 18  20   M    M   3        23  20
 2  58  40  49   0  16   0 0.00  0.0    0  8.0 23 290   M    M   3        28 290
 3  62  35  49   0  16   0 0.03  0.0    0  5.0 23 300   M    M   2        28 220
 4  55  42  49   0  16   0 0.03  0.0    0  4.6 17 240   M    M   9        22 240
 5  58  39  49   0  16   0 0.10  0.0    0  4.0 10 190   M    M   9        13 180
 6  63  45  54   4  11   0 0.02  0.0    0  7.2 24 290   M    M   7        31 290
 7  72  42  57   7   8   0 0.00  0.0    0  4.2 13  30   M    M   0        17  20
 8  75  45  60  10   5   0 0.00  0.0    0  5.1 15 290   M    M   0        20 290
 9  62  44  53   3  12   0 0.02  0.0    0 12.0 25 300   M    M   4        32 290
10  64  37  51   1  14   0 0.00  0.0    0  3.5  9 300   M    M   0        11 290
11  70  38  54   4  11   0 0.00  0.0    0  6.9 30 300   M    M   0        39 290
12  63  40  52   2  13   0 0.00  0.0    0  7.9 32 310   M    M   3        42 330
13  60  34  47  -4  18   0 0.00  0.0    0  4.6 13  40   M    M   1        17  40
14  70  34  52   1  13   0 0.00  0.0    0  5.3 13  50   M    M   0        17  70
15  62  46  54   3  11   0 0.00  0.0    0 12.2 29 270   M    M   6        37 260
16  61  41  51   0  14   0 0.00  0.0    0  4.5 12 270   M    M   6        17 330
17  54  47  51   0  14   0 0.25  0.0    0  3.4 12 180   M    M  10 1      13 180
18  60  37  49  -3  16   0 0.02  0.0    0  9.2 21 250   M    M   1        27 240
19  70  35  53   1  12   0    T  0.0    0 12.2 36 290   M    M   2        43 290
================================================================================
SM 1198  757       253   0  0.47     0.0 125.1          M       66
================================================================================
AV 63.1 39.8                               6.6 FASTST   M    M   3    MAX(MPH)
                                 MISC ---->  # 36 290               # 43  290
================================================================================
NOTES:
# LAST OF SEVERAL OCCURRENCES

COLUMN 17 PEAK WIND IN M.P.H.

PRELIMINARY LOCAL CLIMATOLOGICAL DATA (WS FORM: F-6) , PAGE 2

                                          STATION:  LEWISTON ID AIRPORT
                                          MONTH:    APRIL
                                          YEAR:     2014
                                          LATITUDE:   46 22 N
                                          LONGITUDE: 117  1 W

[TEMPERATURE DATA]      [PRECIPITATION DATA]       SYMBOLS USED IN COLUMN 16

AVERAGE MONTHLY: 51.4   TOTAL FOR MONTH:   0.47    1 = FOG OR MIST
DPTR FM NORMAL:   1.2   DPTR FM NORMAL:   -0.33    2 = FOG REDUCING VISIBILITY
HIGHEST:    75 ON  8    GRTST 24HR  0.27 ON 17-18      TO 1/4 MILE OR LESS
LOWEST:     34 ON 14,13                            3 = THUNDER
                        SNOW, ICE PELLETS, HAIL    4 = ICE PELLETS
                        TOTAL MONTH:   0.0 INCH    5 = HAIL
                        GRTST 24HR     0.0         6 = FREEZING RAIN OR DRIZZLE
                        GRTST DEPTH:   0           7 = DUSTSTORM OR SANDSTORM:
                                                       VSBY 1/2 MILE OR LESS
                                                   8 = SMOKE OR HAZE
[NO. OF DAYS WITH]      [WEATHER - DAYS WITH]      9 = BLOWING SNOW
                                                   X = TORNADO
MAX 32 OR BELOW:   0    0.01 INCH OR MORE:   7
MAX 90 OR ABOVE:   0    0.10 INCH OR MORE:   2
MIN 32 OR BELOW:   0    0.50 INCH OR MORE:   0
MIN  0 OR BELOW:   0    1.00 INCH OR MORE:   0

[HDD (BASE 65) ]
TOTAL THIS MO.   253    CLEAR  (SCALE 0-3)  11
DPTR FM NORMAL   -29    PTCLDY (SCALE 4-7)   5
TOTAL FM JUL 1  5011    CLOUDY (SCALE 8-10)  3
DPTR FM NORMAL   262

[CDD (BASE 65) ]
TOTAL THIS MO.     0
DPTR FM NORMAL     0    [PRESSURE DATA]
TOTAL FM JAN 1     0    HIGHEST SLP M ON M
DPTR FM NORMAL     0    LOWEST  SLP  0.00 ON M

[REMARKS]




U.S. Dept. of Commerce
NOAA National Weather Service
1325 East West Highway
Silver Spring, MD 20910
E-mail: w-nws.webmaster@noaa.gov
Page last modified: May 16, 2007
NATIONAL WEATHER SERVICE: for Safety, for Work, for Fun - FOR LIFE