073
CXUS56 KOTX 301500
CF6LWS
PRELIMINARY LOCAL CLIMATOLOGICAL DATA (WS FORM: F-6)

                                          STATION:   LEWISTON ID AIRPORT
                                          MONTH:     AUGUST
                                          YEAR:      2014
                                          LATITUDE:   46 22 N
                                          LONGITUDE: 117  1 W

  TEMPERATURE IN F:       :PCPN:    SNOW:  WIND      :SUNSHINE: SKY     :PK WND
================================================================================
1   2   3   4   5  6A  6B    7    8   9   10  11  12  13   14  15   16   17  18
                                     12Z  AVG MX 2MIN
DY MAX MIN AVG DEP HDD CDD  WTR  SNW DPTH SPD SPD DIR MIN PSBL S-S WX    SPD DR
================================================================================

 1 102  69  86   9   0  21 0.00  0.0    0  6.4 18  50   M    M   0        26  70
 2 101  70  86  10   0  21    T  0.0    0  6.3 23 190   M    M   0 3      29 180
 3  99  68  84   8   0  19    T  0.0    0  4.2 17 100   M    M   0        21 200
 4 102  70  86  10   0  21 0.00  0.0    0  4.6 16 350   M    M   0        20 350
 5 100  68  84   8   0  19 0.00  0.0    0  4.9 14 310   M    M   0        17 290
 6  93  67  80   4   0  15 0.00  0.0    0  5.5 15 310   M    M   M        21 320
 7  94  61  78   2   0  13 0.00  0.0    0  5.0 16 310   M    M   M        21 290
 8  88  60  74  -2   0   9 0.00  0.0    0  5.7 22 330   M    M   0        26 320
 9  95  57  76   0   0  11 0.00  0.0    0  3.5  8 160   M    M   0        11  10
10 101  63  82   6   0  17 0.00  0.0    0  3.7  8 200   M    M   0 8      11  20
11 105  66  86  11   0  21    T  0.0    0  4.9 18 130   M    M   2 8      27 120
12  98  68  83   8   0  18    T  0.0    0  7.4 36 180   M    M   1 8      49 180
13  85  63  74  -1   0   9 0.22  0.0    0  3.8 24 260   M    M   1 38     32 260
14  81  63  72  -3   0   7 0.23  0.0    0  5.8 14 220   M    M   6 13     17 200
15  77  61  69  -6   0   4 0.04  0.0    0  5.3 15 210   M    M   4 3      18 210
16  88  60  74   0   0   9 0.00  0.0    0  4.3 14 280   M    M   2        21 280
17  92  63  78   4   0  13 0.00  0.0    0  4.0 12 200   M    M   0        13 200
18  96  62  79   5   0  14 0.00  0.0    0  4.1 12 190   M    M   0        13 190
19  94  63  79   5   0  14 0.00  0.0    0  7.6 21 290   M    M   0        28 290
20  87  64  76   3   0  11    T  0.0    0  7.0 21 330   M    M   3 3      28 290
21  88  59  74   1   0   9 0.00  0.0    0  4.6 14 290   M    M   1        17 300
22  83  61  72  -1   0   7 0.68  0.0    0  4.6 24  90   M    M   7 3      39  90
23  78  58  68  -4   0   3    T  0.0    0  3.4 13  30   M    M   6 1       M  M
24  81  58  70  -2   0   5 0.00  0.0    0  6.5 18 180   M    M   1        23 180
25  84  55  70  -2   0   5 0.00  0.0    0  4.3 14 290   M    M   0        17 300
26  89  57  73   1   0   8 0.00  0.0    0  3.5  9 210   M    M   0        14 160
27  94  59  77   6   0  12 0.00  0.0    0  4.1  9 200   M    M   0        15 310
28  90  63  77   6   0  12 0.00  0.0    0  5.9 18 320   M    M   0        24 320
29  91  58  75   4   0  10    T  0.0    0  7.8 23 290   M    M   0        30 300
================================================================================
SM 2656 1814         0 357  1.17     0.0 148.7          M       34
================================================================================
AV 91.6 62.6                               5.1 FASTST   M    M   1    MAX(MPH)
                                 MISC ---->  # 36 180               # 49  180
================================================================================
NOTES:
# LAST OF SEVERAL OCCURRENCES

COLUMN 17 PEAK WIND IN M.P.H.

PRELIMINARY LOCAL CLIMATOLOGICAL DATA (WS FORM: F-6) , PAGE 2

                                          STATION:  LEWISTON ID AIRPORT
                                          MONTH:    AUGUST
                                          YEAR:     2014
                                          LATITUDE:   46 22 N
                                          LONGITUDE: 117  1 W

[TEMPERATURE DATA]      [PRECIPITATION DATA]       SYMBOLS USED IN COLUMN 16

AVERAGE MONTHLY: 77.1   TOTAL FOR MONTH:   1.17    1 = FOG OR MIST
DPTR FM NORMAL:   2.9   DPTR FM NORMAL:    0.53    2 = FOG REDUCING VISIBILITY
HIGHEST:   105 ON 11    GRTST 24HR  0.68 ON 22-22      TO 1/4 MILE OR LESS
LOWEST:     55 ON 25                               3 = THUNDER
                        SNOW, ICE PELLETS, HAIL    4 = ICE PELLETS
                        TOTAL MONTH:   0.0 INCH    5 = HAIL
                        GRTST 24HR     0.0         6 = FREEZING RAIN OR DRIZZLE
                        GRTST DEPTH:   0           7 = DUSTSTORM OR SANDSTORM:
                                                       VSBY 1/2 MILE OR LESS
                                                   8 = SMOKE OR HAZE
[NO. OF DAYS WITH]      [WEATHER - DAYS WITH]      9 = BLOWING SNOW
                                                   X = TORNADO
MAX 32 OR BELOW:   0    0.01 INCH OR MORE:   4
MAX 90 OR ABOVE:  17    0.10 INCH OR MORE:   3
MIN 32 OR BELOW:   0    0.50 INCH OR MORE:   1
MIN  0 OR BELOW:   0    1.00 INCH OR MORE:   0

[HDD (BASE 65) ]
TOTAL THIS MO.     0    CLEAR  (SCALE 0-3)  23
DPTR FM NORMAL    -3    PTCLDY (SCALE 4-7)   4
TOTAL FM JUL 1     0    CLOUDY (SCALE 8-10)  0
DPTR FM NORMAL   -10

[CDD (BASE 65) ]
TOTAL THIS MO.   357
DPTR FM NORMAL    83    [PRESSURE DATA]
TOTAL FM JAN 1   958    HIGHEST SLP M ON M
DPTR FM NORMAL   254    LOWEST  SLP  0.00 ON M

[REMARKS]




U.S. Dept. of Commerce
NOAA National Weather Service
1325 East West Highway
Silver Spring, MD 20910
E-mail: w-nws.webmaster@noaa.gov
Page last modified: May 16, 2007
NATIONAL WEATHER SERVICE: for Safety, for Work, for Fun - FOR LIFE