184
CXUS56 KOTX 280900
CF6LWS
PRELIMINARY LOCAL CLIMATOLOGICAL DATA (WS FORM: F-6)

                                          STATION:   LEWISTON ID AIRPORT
                                          MONTH:     NOVEMBER
                                          YEAR:      2014
                                          LATITUDE:   46 22 N
                                          LONGITUDE: 117  1 W

  TEMPERATURE IN F:       :PCPN:    SNOW:  WIND      :SUNSHINE: SKY     :PK WND
================================================================================
1   2   3   4   5  6A  6B    7    8   9   10  11  12  13   14  15   16   17  18
                                     12Z  AVG MX 2MIN
DY MAX MIN AVG DEP HDD CDD  WTR  SNW DPTH SPD SPD DIR MIN PSBL S-S WX    SPD DR
================================================================================

 1  52  48  50   4  15   0 0.15  0.0    0 10.0 20 270   M    M   9 1      30 260
 2  56  39  48   2  17   0 0.00  0.0    0  6.2 20 260   M    M   1        25 270
 3  56  39  48   3  17   0    T  0.0    0  4.7 18 180   M    M   9        22 190
 4  58  50  54   9  11   0 0.03  0.0    0 10.9 23 200   M    M  10        31 210
 5  64  50  57  12   8   0    T  0.0    0  7.0 14 100   M    M   4        16 100
 6  73  54  64  20   1   0    T  0.0    0 12.6 25 240   M    M   5        32 240
 7  60  40  50   6  15   0 0.00  0.0    0  5.1 14 290   M    M   0        17 290
 8  54  35  45   1  20   0 0.00  0.0    0  1.7  8 120   M    M   0        11  70
 9  56  42  49   6  16   0 0.23  0.0    0  6.8 26 290   M    M   5 1      34 270
10  46  31  39  -4  26   0 0.00  0.0    0  7.4 17 290   M    M   4        23 290
11  34  22  28 -15  37   0 0.00  0.0    0 15.5 23  80   M    M   0        30  70
12  34  14  24 -18  41   0 0.00  0.0    0  5.1 13  80   M    M   0        16  70
13  29  16  23 -19  42   0    T    T    0  3.5  9  80   M    M   5        11  70
14  31  24  28 -14  37   0    T    T    0  4.8 15 300   M    M   9        19 300
15  32  16  24 -17  41   0 0.00  0.0    0  1.5  9 210   M    M   1        11 200
16  35  16  26 -15  39   0 0.00  0.0    0  4.1 13  90   M    M   0        16  80
17  37  16  27 -14  38   0 0.00  0.0    0  1.6  6 350   M    M   0         9 320
18  40  19  30 -10  35   0 0.00  0.0    0  2.5 14 130   M    M   0        17 130
19  44  26  35  -5  30   0 0.00  0.0    0  2.7 13 160   M    M   2 18     18 170
20  44  31  38  -2  27   0 0.03  0.0    0  2.5  8  70   M    M   8 18      9 260
21  50  33  42   3  23   0 0.03  0.0    0  6.7 30 190   M    M   7        36 200
22  54  41  48   9  17   0 0.07    M    0 11.8 22 190   M    M   7        29 190
23  50  37  44   5  21   0 0.04  0.0    0  8.4 26 300   M    M   5 1      33 300
24  48  35  42   4  23   0 0.05  0.0    0  6.5 25 180   M    M   4        31 170
25  48  42  45   7  20   0 0.61  0.0    0  4.6 23 180   M    M  10 1      28 180
26  47  40  44   6  21   0 0.00  0.0    0  2.3  8  40   M    M   3 1      10  40
27  60  43  52  15  13   0 0.00  0.0    0  9.6 30 200   M    M   7        36 200
================================================================================
SM 1292  899       651   0  1.24    T    166.1          M      115
================================================================================
AV 47.9 33.3                               6.2 FASTST   M    M   4    MAX(MPH)
                                 MISC ---->  # 30 190               # 36  200
================================================================================
NOTES:
# LAST OF SEVERAL OCCURRENCES

COLUMN 17 PEAK WIND IN M.P.H.

PRELIMINARY LOCAL CLIMATOLOGICAL DATA (WS FORM: F-6) , PAGE 2

                                          STATION:  LEWISTON ID AIRPORT
                                          MONTH:    NOVEMBER
                                          YEAR:     2014
                                          LATITUDE:   46 22 N
                                          LONGITUDE: 117  1 W

[TEMPERATURE DATA]      [PRECIPITATION DATA]       SYMBOLS USED IN COLUMN 16

AVERAGE MONTHLY: 40.6   TOTAL FOR MONTH:   1.24    1 = FOG OR MIST
DPTR FM NORMAL:  -1.1   DPTR FM NORMAL:    0.17    2 = FOG REDUCING VISIBILITY
HIGHEST:    73 ON  6    GRTST 24HR  0.66 ON 24-25      TO 1/4 MILE OR LESS
LOWEST:     14 ON 12                               3 = THUNDER
                        SNOW, ICE PELLETS, HAIL    4 = ICE PELLETS
                        TOTAL MONTH:    T          5 = HAIL
                        GRTST 24HR    T  ON 14-14  6 = FREEZING RAIN OR DRIZZLE
                        GRTST DEPTH:   0           7 = DUSTSTORM OR SANDSTORM:
                                                       VSBY 1/2 MILE OR LESS
                                                   8 = SMOKE OR HAZE
[NO. OF DAYS WITH]      [WEATHER - DAYS WITH]      9 = BLOWING SNOW
                                                   X = TORNADO
MAX 32 OR BELOW:   3    0.01 INCH OR MORE:   9
MAX 90 OR ABOVE:   0    0.10 INCH OR MORE:   3
MIN 32 OR BELOW:  11    0.50 INCH OR MORE:   1
MIN  0 OR BELOW:   0    1.00 INCH OR MORE:   0

[HDD (BASE 65) ]
TOTAL THIS MO.   651    CLEAR  (SCALE 0-3)  11
DPTR FM NORMAL    21    PTCLDY (SCALE 4-7)  10
TOTAL FM JUL 1   896    CLOUDY (SCALE 8-10)  6
DPTR FM NORMAL  -259

[CDD (BASE 65) ]
TOTAL THIS MO.     0
DPTR FM NORMAL     0    [PRESSURE DATA]
TOTAL FM JAN 1  1095    HIGHEST SLP M ON M
DPTR FM NORMAL   288    LOWEST  SLP  0.00 ON M

[REMARKS]




U.S. Dept. of Commerce
NOAA National Weather Service
1325 East West Highway
Silver Spring, MD 20910
E-mail: w-nws.webmaster@noaa.gov
Page last modified: May 16, 2007
NATIONAL WEATHER SERVICE: for Safety, for Work, for Fun - FOR LIFE