946
CXUS53 KDMX 290920
CF6LWD
PRELIMINARY LOCAL CLIMATOLOGICAL DATA (WS FORM: F-6)

                                          STATION:   LAMONI IA
                                          MONTH:     JULY
                                          YEAR:      2014
                                          LATITUDE:   40 37 N
                                          LONGITUDE:  93 56 W

  TEMPERATURE IN F:       :PCPN:    SNOW:  WIND      :SUNSHINE: SKY     :PK WND
================================================================================
1   2   3   4   5  6A  6B    7    8   9   10  11  12  13   14  15   16   17  18
                                     12Z  AVG MX 2MIN
DY MAX MIN AVG DEP HDD CDD  WTR  SNW DPTH SPD SPD DIR MIN PSBL S-S WX    SPD DR
================================================================================

 1  81  59  70  -4   0   5 0.00  0.0    0 12.6 24 280   M    M   2 12     30 270
 2  65  56  61 -13   4   0 0.03  0.0    0 10.5 20 330   M    M   5        24 320
 3  78  53  66  -8   0   1 0.00  0.0    0  6.6 14 300   M    M   1        17 330
 4  81  59  70  -5   0   5 0.00  0.0    0  6.5 12 140   M    M   1        17 150
 5  75  64  70  -5   0   5 0.79  0.0    0  7.9 17 180   M    M   7 13     23 150
 6  85  69  77   2   0  12 0.00  0.0    0 12.8 25 210   M    M   2 13     34 220
 7  90  63  77   2   0  12 0.98  0.0    0  5.5 49 330   M    M   2 138    73 340
 8  79  64  72  -3   0   7 0.00  0.0    0 12.1 24 320   M    M   1        31 320
 9  80  61  71  -4   0   6 0.00  0.0    0  5.4 10 310   M    M   0        13 300
10  81  63  72  -3   0   7 0.00  0.0    0  9.3 17 150   M    M   4        22 140
11  82  64  73  -2   0   8 0.13  0.0    0  7.4 15 190   M    M   2 13     21 170
12  90  71  81   6   0  16 1.09  0.0    0  9.2 21 350   M    M   0 13     26 360
13  87  67  77   2   0  12    T  0.0    0  5.5 13  10   M    M   2 13     16  20
14  77  54  66  -9   0   1 0.05  0.0    0 11.5 24 330   M    M   2 1      31 320
15  73  53  63 -12   2   0 0.00  0.0    0  9.2 17 360   M    M   2        24 330
16  75  52  64 -11   1   0 0.00  0.0    0  3.7  9 310   M    M   4        13  10
17  76  56  66  -9   0   1 0.00  0.0    0  5.0 13 220   M    M   2        17 210
18  78  59  69  -6   0   4 0.00  0.0    0  6.1 15 180   M    M   5        19 150
19  79  61  70  -5   0   5 0.00  0.0    0  7.9 17 190   M    M   2        22 200
20  82  63  73  -2   0   8 0.00  0.0    0  9.9 20 170   M    M   0        26 160
21  90  68  79   4   0  14 0.00  0.0    0 11.9 20 180   M    M   0        27 170
22  93  72  83   8   0  18 0.00  0.0    0 10.3 20 220   M    M   1 1      24 210
23  83  65  74  -1   0   9 0.00  0.0    0  7.5 16  30   M    M   1        20  40
24  78  58  68  -7   0   3 0.00  0.0    0  6.8 16 170   M    M   0        23 180
25  81  65  73  -2   0   8 0.00  0.0    0  9.3 21 150   M    M   1        29 150
26  84  70  77   2   0  12    T  0.0    0  5.2 12 150   M    M   2 1      15 100
27  82  62  72  -3   0   7 0.00  0.0    0 12.7 28 320   M    M   1 1      36 330
28  77  58  68  -7   0   3 0.00  0.0    0  6.6 15 360   M    M   5        19  10
================================================================================
SM 2262 1729         7 189  3.07     0.0 234.9          M       57
================================================================================
AV 80.8 61.8                               8.4 FASTST   M    M   2    MAX(MPH)
                                 MISC ---->  # 49 330               # 73  340
================================================================================
NOTES:
# LAST OF SEVERAL OCCURRENCES

COLUMN 17 PEAK WIND IN M.P.H.

PRELIMINARY LOCAL CLIMATOLOGICAL DATA (WS FORM: F-6) , PAGE 2

                                          STATION:  LAMONI IA
                                          MONTH:    JULY
                                          YEAR:     2014
                                          LATITUDE:   40 37 N
                                          LONGITUDE:  93 56 W

[TEMPERATURE DATA]      [PRECIPITATION DATA]       SYMBOLS USED IN COLUMN 16

AVERAGE MONTHLY: 71.3   TOTAL FOR MONTH:   3.07    1 = FOG OR MIST
DPTR FM NORMAL:  -3.6   DPTR FM NORMAL:   -1.47    2 = FOG REDUCING VISIBILITY
HIGHEST:    93 ON 22    GRTST 24HR  1.09 ON 12-12      TO 1/4 MILE OR LESS
LOWEST:     52 ON 16                               3 = THUNDER
                        SNOW, ICE PELLETS, HAIL    4 = ICE PELLETS
                        TOTAL MONTH:   0.0 INCH    5 = HAIL
                        GRTST 24HR     0.0         6 = FREEZING RAIN OR DRIZZLE
                        GRTST DEPTH:   0           7 = DUSTSTORM OR SANDSTORM:
                                                       VSBY 1/2 MILE OR LESS
                                                   8 = SMOKE OR HAZE
[NO. OF DAYS WITH]      [WEATHER - DAYS WITH]      9 = BLOWING SNOW
                                                   X = TORNADO
MAX 32 OR BELOW:   0    0.01 INCH OR MORE:   6
MAX 90 OR ABOVE:   4    0.10 INCH OR MORE:   4
MIN 32 OR BELOW:   0    0.50 INCH OR MORE:   3
MIN  0 OR BELOW:   0    1.00 INCH OR MORE:   1

[HDD (BASE 65) ]
TOTAL THIS MO.     7    CLEAR  (SCALE 0-3)  22
DPTR FM NORMAL     7    PTCLDY (SCALE 4-7)   6
TOTAL FM JUL 1     7    CLOUDY (SCALE 8-10)  0
DPTR FM NORMAL     7

[CDD (BASE 65) ]
TOTAL THIS MO.   189
DPTR FM NORMAL   -94    [PRESSURE DATA]
TOTAL FM JAN 1   520    HIGHEST SLP M ON M
DPTR FM NORMAL   -10    LOWEST  SLP 29.67 ON  7

[REMARKS]




U.S. Dept. of Commerce
NOAA National Weather Service
1325 East West Highway
Silver Spring, MD 20910
E-mail: w-nws.webmaster@noaa.gov
Page last modified: May 16, 2007
NATIONAL WEATHER SERVICE: for Safety, for Work, for Fun - FOR LIFE