955
CXUS53 KDMX 190920
CF6LWD
PRELIMINARY LOCAL CLIMATOLOGICAL DATA (WS FORM: F-6)

                                          STATION:   LAMONI IA
                                          MONTH:     APRIL
                                          YEAR:      2014
                                          LATITUDE:   40 37 N
                                          LONGITUDE:  93 56 W

  TEMPERATURE IN F:       :PCPN:    SNOW:  WIND      :SUNSHINE: SKY     :PK WND
================================================================================
1   2   3   4   5  6A  6B    7    8   9   10  11  12  13   14  15   16   17  18
                                     12Z  AVG MX 2MIN
DY MAX MIN AVG DEP HDD CDD  WTR  SNW DPTH SPD SPD DIR MIN PSBL S-S WX    SPD DR
================================================================================

 1  52  24  38  -9  27   0 0.00  0.0    0 12.2 26 280   M    M   5        36 290
 2  49  32  41  -6  24   0 0.01  0.0    0 12.7 22  70   M    M   7 1      29  80
 3  48  36  42  -6  23   0 0.16    M    M 10.5 23 280   M    M  10 12     30  70
 4  42  28  35 -13  30   0    T    M    0 18.1 33 310   M    M   9 1      43 320
 5  55  23  39  -9  26   0 0.00  0.0    0  6.8 14 140   M    M   0        21 170
 6  61  43  52   3  13   0 0.00  0.0    0  5.4 14 170   M    M   9        19 180
 7  64  42  53   4  12   0 0.03  0.0    0  7.2 28 320   M    M   7        34 340
 8  58  37  48  -1  17   0 0.00  0.0    0 11.9 24 320   M    M   3        31 320
 9  73  33  53   3  12   0 0.00  0.0    0 14.3 30 210   M    M   0        35 210
10  66  47  57   7   8   0 0.00  0.0    0 10.4 24  30   M    M   0        29  30
11  75  40  58   8   7   0 0.00  0.0    0  7.8 16 210   M    M   0        20 210
12  84  52  68  17   0   3 0.04  0.0    0 15.5 45 200   M    M   1 3      59 200
13  69  34  52   1  13   0 2.09    M    0 13.7 37  30   M    M   9 13     45  30
14  40  28  34 -17  31   0 0.03    M    0 17.7 33 350   M    M   7 1      43  10
15  49  24  37 -15  28   0 0.00  0.0    0  7.1 16 170   M    M   0        25 150
16  64  39  52   0  13   0 0.00    M    M 20.5 35 200   M    M   2        46 180
17  55  33  44  -8  21   0 0.00  0.0    0  8.5 20 320   M    M   0        24 320
18  65  31  48  -4  17   0 0.00  0.0    0  7.8 16 150   M    M   0 1      20 150
================================================================================
SM 1069  626       322   3  2.36     0.0 208.1          M       69
================================================================================
AV 59.4 34.8                              11.6 FASTST   M    M   4    MAX(MPH)
                                 MISC ---->  # 45 200               # 59  200
================================================================================
NOTES:
# LAST OF SEVERAL OCCURRENCES

COLUMN 17 PEAK WIND IN M.P.H.

PRELIMINARY LOCAL CLIMATOLOGICAL DATA (WS FORM: F-6) , PAGE 2

                                          STATION:  LAMONI IA
                                          MONTH:    APRIL
                                          YEAR:     2014
                                          LATITUDE:   40 37 N
                                          LONGITUDE:  93 56 W

[TEMPERATURE DATA]      [PRECIPITATION DATA]       SYMBOLS USED IN COLUMN 16

AVERAGE MONTHLY: 47.1   TOTAL FOR MONTH:   2.36    1 = FOG OR MIST
DPTR FM NORMAL:  -2.7   DPTR FM NORMAL:    0.46    2 = FOG REDUCING VISIBILITY
HIGHEST:    84 ON 12    GRTST 24HR  2.11 ON 13-14      TO 1/4 MILE OR LESS
LOWEST:     23 ON  5                               3 = THUNDER
                        SNOW, ICE PELLETS, HAIL    4 = ICE PELLETS
                        TOTAL MONTH:   0.0 INCH    5 = HAIL
                        GRTST 24HR     0.0         6 = FREEZING RAIN OR DRIZZLE
                        GRTST DEPTH:   0           7 = DUSTSTORM OR SANDSTORM:
                                                       VSBY 1/2 MILE OR LESS
                                                   8 = SMOKE OR HAZE
[NO. OF DAYS WITH]      [WEATHER - DAYS WITH]      9 = BLOWING SNOW
                                                   X = TORNADO
MAX 32 OR BELOW:   0    0.01 INCH OR MORE:   6
MAX 90 OR ABOVE:   0    0.10 INCH OR MORE:   2
MIN 32 OR BELOW:   7    0.50 INCH OR MORE:   1
MIN  0 OR BELOW:   0    1.00 INCH OR MORE:   1

[HDD (BASE 65) ]
TOTAL THIS MO.   322    CLEAR  (SCALE 0-3)  10
DPTR FM NORMAL    46    PTCLDY (SCALE 4-7)   4
TOTAL FM JUL 1  6527    CLOUDY (SCALE 8-10)  4
DPTR FM NORMAL   762

[CDD (BASE 65) ]
TOTAL THIS MO.     3
DPTR FM NORMAL     3    [PRESSURE DATA]
TOTAL FM JAN 1     3    HIGHEST SLP M ON M
DPTR FM NORMAL     2    LOWEST  SLP 29.48 ON 12

[REMARKS]




U.S. Dept. of Commerce
NOAA National Weather Service
1325 East West Highway
Silver Spring, MD 20910
E-mail: w-nws.webmaster@noaa.gov
Page last modified: May 16, 2007
NATIONAL WEATHER SERVICE: for Safety, for Work, for Fun - FOR LIFE