589
CXUS53 KDMX 011006
CF6LWD
PRELIMINARY LOCAL CLIMATOLOGICAL DATA (WS FORM: F-6)

                                          STATION:   LAMONI IA
                                          MONTH:     NOVEMBER
                                          YEAR:      2014
                                          LATITUDE:   40 37 N
                                          LONGITUDE:  93 56 W

  TEMPERATURE IN F:       :PCPN:    SNOW:  WIND      :SUNSHINE: SKY     :PK WND
================================================================================
1   2   3   4   5  6A  6B    7    8   9   10  11  12  13   14  15   16   17  18
                                     12Z  AVG MX 2MIN
DY MAX MIN AVG DEP HDD CDD  WTR  SNW DPTH SPD SPD DIR MIN PSBL S-S WX    SPD DR
================================================================================

 1  47  22  35 -12  30   0 0.00  0.0    0  8.2 16 150   M    M   1        23 160
 2  62  40  51   5  14   0 0.00  0.0    0 15.2 28 180   M    M   4        37 180
 3  67  47  57  11   8   0 0.02  0.0    0 17.3 25 200   M    M   4        32 210
 4  54  41  48   3  17   0 0.00  0.0    0 11.2 22 320   M    M   1        31 320
 5  63  37  50   5  15   0    T  0.0    0 13.9 28 250   M    M   2        37 250
 6  50  34  42  -2  23   0 0.00  0.0    0 14.7 31 320   M    M   2        41 310
 7  60  31  46   2  19   0 0.00  0.0    0 12.6 25 180   M    M   0        36 180
 8  53  33  43  -1  22   0 0.00  0.0    0 14.3 31 340   M    M   3        43 340
 9  63  35  49   6  16   0 0.00  0.0    0 10.0 20 250   M    M   1        22 260
10  66  30  48   6  17   0 0.00  0.0    0 14.9 30 330   M    M   3        37 320
11  31  22  27 -15  38   0    T    M    M 19.5 29 350   M    M  10 1      38 350
12  26  15  21 -21  44   0    T    M    M 14.5 22 300   M    M   3        27 300
13  29  12  21 -20  44   0    T    M    M 11.5 22 320   M    M   5        27 330
14  31   9  20 -20  45   0 0.00  0.0    M  4.5  9 330   M    M   2        12 320
15  27  15  21 -19  44   0 0.17    M    M  5.2  9 180   M    M   6 12     14 160
16  27  11  19 -20  46   0 0.01    M    M 11.7 22 310   M    M   4 18     25 320
17  18   6  12 -27  53   0    T    M    M 18.0 30 290   M    M   2        35 300
18  26   4  15 -23  50   0 0.00  0.0    M 10.6 17 230   M    M   3        21 240
19  32  24  28 -10  37   0 0.00  0.0    M 16.6 33 320   M    M   9        47 320
20  29  13  21 -16  44   0 0.00  0.0    M  7.3 20 310   M    M   3        23 310
21  37  16  27 -10  38   0 0.12  0.0    M  8.3 17 150   M    M   5 1      20 150
22  54  36  45   9  20   0 0.01  0.0    M 10.9 18 200   M    M  10 12     27 200
23  54  37  46  10  19   0 0.16  0.0    M 12.9 31 330   M    M  10 12     41 330
24  37  25  31  -4  34   0    T    M    M 21.4 33 330   M    M   9        45 330
25  37  16  27  -8  38   0 0.00  0.0    M  8.9 20 310   M    M   1        22 310
26  35  24  30  -4  35   0 0.14    M    M 14.7 23 340   M    M  10 1      30 340
27  24  12  18 -16  47   0 0.00  0.0    M  7.4 18 320   M    M   6        23 330
28  50  23  37   4  28   0 0.00  0.0    M 10.6 17 200   M    M   0        23 170
29  65  37  51  18  14   0 0.00  0.0    M 11.5 21 220   M    M   0        26 220
30  44  15  30  -2  35   0 0.00  0.0    M 15.9 25 360   M    M   2 1      33 350
================================================================================
SM 1298  722       934   0  0.63     0.0 374.2          M      121
================================================================================
AV 43.3 24.1                              12.5 FASTST   M    M   4    MAX(MPH)
                                 MISC ---->  # 33 320               # 47  320
================================================================================
NOTES:
# LAST OF SEVERAL OCCURRENCES

COLUMN 17 PEAK WIND IN M.P.H.

PRELIMINARY LOCAL CLIMATOLOGICAL DATA (WS FORM: F-6) , PAGE 2

                                          STATION:  LAMONI IA
                                          MONTH:    NOVEMBER
                                          YEAR:     2014
                                          LATITUDE:   40 37 N
                                          LONGITUDE:  93 56 W

[TEMPERATURE DATA]      [PRECIPITATION DATA]       SYMBOLS USED IN COLUMN 16

AVERAGE MONTHLY: 33.7   TOTAL FOR MONTH:   0.63    1 = FOG OR MIST
DPTR FM NORMAL:  -5.8   DPTR FM NORMAL:   -1.56    2 = FOG REDUCING VISIBILITY
HIGHEST:    67 ON  3    GRTST 24HR  0.18 ON 15-16      TO 1/4 MILE OR LESS
LOWEST:      4 ON 18                               3 = THUNDER
                        SNOW, ICE PELLETS, HAIL    4 = ICE PELLETS
                        TOTAL MONTH:   0.0 INCH    5 = HAIL
                        GRTST 24HR     0.0         6 = FREEZING RAIN OR DRIZZLE
                        GRTST DEPTH:   0           7 = DUSTSTORM OR SANDSTORM:
                                                       VSBY 1/2 MILE OR LESS
                                                   8 = SMOKE OR HAZE
[NO. OF DAYS WITH]      [WEATHER - DAYS WITH]      9 = BLOWING SNOW
                                                   X = TORNADO
MAX 32 OR BELOW:  11    0.01 INCH OR MORE:   7
MAX 90 OR ABOVE:   0    0.10 INCH OR MORE:   4
MIN 32 OR BELOW:  20    0.50 INCH OR MORE:   0
MIN  0 OR BELOW:   0    1.00 INCH OR MORE:   0

[HDD (BASE 65) ]
TOTAL THIS MO.   934    CLEAR  (SCALE 0-3)  15
DPTR FM NORMAL   170    PTCLDY (SCALE 4-7)   9
TOTAL FM JUL 1  1360    CLOUDY (SCALE 8-10)  6
DPTR FM NORMAL   112

[CDD (BASE 65) ]
TOTAL THIS MO.     0
DPTR FM NORMAL     0    [PRESSURE DATA]
TOTAL FM JAN 1   907    HIGHEST SLP 30.59 ON 27
DPTR FM NORMAL   -39    LOWEST  SLP 29.33 ON 23

[REMARKS]
#FINAL-11-14#




U.S. Dept. of Commerce
NOAA National Weather Service
1325 East West Highway
Silver Spring, MD 20910
E-mail: w-nws.webmaster@noaa.gov
Page last modified: May 16, 2007
NATIONAL WEATHER SERVICE: for Safety, for Work, for Fun - FOR LIFE