300
CXUS53 KTOP 010200
CF6LWC
PRELIMINARY LOCAL CLIMATOLOGICAL DATA (WS FORM: F-6)

                                          STATION:   Lawrence KS
                                          MONTH:     AUGUST
                                          YEAR:      2014
                                          LATITUDE:   39  0 N
                                          LONGITUDE:  95 13 W

  TEMPERATURE IN F:       :PCPN:    SNOW:  WIND      :SUNSHINE: SKY     :PK WND
================================================================================
1   2   3   4   5  6A  6B    7    8   9   10  11  12  13   14  15   16   17  18
                                     12Z  AVG MX 2MIN
DY MAX MIN AVG DEP HDD CDD  WTR  SNW DPTH SPD SPD DIR MIN PSBL S-S WX    SPD DR
================================================================================

 1  89  63  76  -3   0  11 0.00    M    M  5.4 14 160   M    M   4 18     18 150
 2  93  61  77  -2   0  12 0.00    M    M  3.3  8 130   M    M   1 18      M  M
 3  91  63  77  -2   0  12 1.31    M    M  8.4 26 360   M    M   5 138    36  10
 4  96  68  82   3   0  17 0.00    M    M  6.9 20 230   M    M   2        27 240
 5  95  70  83   4   0  18 0.00    M    M  3.9 10 240   M    M   0 18     13 230
 6  96  67  82   3   0  17 2.00    M    M  7.8 12 140   M    M   1 138    54 170
 7  85  70  78  -1   0  13 0.00    M    M  3.8  9  50   M    M   M        12  50
 8  85  68  77  -2   0  12 0.00    M    M  4.0 10  60   M    M   4 1      14  40
 9  86  65  76  -2   0  11 0.00    M    M  4.7 15 150   M    M   5 128    19 160
10  85  67  76  -2   0  11 0.43    M    M  5.2 17 280   M    M   6 1      21  40
11  85  60  73  -5   0   8 0.00    M    M  9.5 21 340   M    M   2 1      27 330
12  81  57  69  -9   0   4 0.00    M    M  7.5 18 330   M    M   0 1      24 330
13  85  53  69  -9   0   4 0.00    M    M  2.7  8  90   M    M   0 18     11 140
14  89  56  73  -5   0   8 0.00    M    M  4.6 10 120   M    M   0 1      13 170
15  86  66  76  -2   0  11 0.02    M    M  8.0 21 190   M    M   3 8      27 200
16  85  67  76  -2   0  11 0.53    M    M  7.4 21 170   M    M   6 138    28 170
17  85  64  75  -3   0  10 0.00    M    M  4.7  9  20   M    M   3 18     14  80
18  94  66  80   3   0  15 0.00    M    M  3.7 15 270   M    M   0 128    18 270
19  99  72  86   9   0  21 0.01    M    M  5.1 26 230   M    M   1 3      35 240
20  97  74  86   9   0  21 0.00    M    M  9.3 20 180   M    M   2        26 170
21 101  80  91  14   0  26 0.00    M    M 13.0 22 180   M    M   1        28 200
22 102  76  89  12   0  24 0.00    M    M  5.8 17 220   M    M   0        23 230
23 104  76  90  14   0  25 0.00    M    M  7.4 23 170   M    M   2        31 170
24 103  72  88  12   0  23 0.00    M    M  9.6 22 160   M    M   0        30 160
25 102  76  89  13   0  24 0.00    M    M  6.4 17 320   M    M   0 38     20 320
26  98  74  86  10   0  21 0.02    M    M  7.2 22 330   M    M   1 3      27 330
27  91  74  83   8   0  18    T    M    M  6.8 13  70   M    M   1 3      19  80
28  99  73  86  11   0  21 0.00    M    M  7.2 17 200   M    M   1 18     22 190
29  93  69  81   6   0  16 0.21    M    M  7.2 24 320   M    M   5 38     29 310
30  95  66  81   7   0  16 0.00    M    M  3.3  8 320   M    M   1 128    11 320
================================================================================
SM 2775 2033         0 461  4.53    M    189.8          M       57
================================================================================
AV 92.5 67.8                               6.3 FASTST   M    M   2    MAX(MPH)
                                 MISC ---->  # 26 360               # 54  170
================================================================================
NOTES:
# LAST OF SEVERAL OCCURRENCES

COLUMN 17 PEAK WIND IN M.P.H.

PRELIMINARY LOCAL CLIMATOLOGICAL DATA (WS FORM: F-6) , PAGE 2

                                          STATION:  Lawrence KS
                                          MONTH:    AUGUST
                                          YEAR:     2014
                                          LATITUDE:   39  0 N
                                          LONGITUDE:  95 13 W

[TEMPERATURE DATA]      [PRECIPITATION DATA]       SYMBOLS USED IN COLUMN 16

AVERAGE MONTHLY: 80.1   TOTAL FOR MONTH:   4.53    1 = FOG OR MIST
DPTR FM NORMAL:   2.7   DPTR FM NORMAL:    0.34    2 = FOG REDUCING VISIBILITY
HIGHEST:   104 ON 23    GRTST 24HR  2.00 ON  6- 6      TO 1/4 MILE OR LESS
LOWEST:     53 ON 13                               3 = THUNDER
                        SNOW, ICE PELLETS, HAIL    4 = ICE PELLETS
                        TOTAL MONTH:    M          5 = HAIL
                        GRTST 24HR    M  ON   M    6 = FREEZING RAIN OR DRIZZLE
                        GRTST DEPTH:  M  ON   M    7 = DUSTSTORM OR SANDSTORM:
                                                       VSBY 1/2 MILE OR LESS
                                                   8 = SMOKE OR HAZE
[NO. OF DAYS WITH]      [WEATHER - DAYS WITH]      9 = BLOWING SNOW
                                                   X = TORNADO
MAX 32 OR BELOW:   0    0.01 INCH OR MORE:   8
MAX 90 OR ABOVE:  18    0.10 INCH OR MORE:   5
MIN 32 OR BELOW:   0    0.50 INCH OR MORE:   3
MIN  0 OR BELOW:   0    1.00 INCH OR MORE:   2

[HDD (BASE 65) ]
TOTAL THIS MO.     0    CLEAR  (SCALE 0-3)  22
DPTR FM NORMAL     0    PTCLDY (SCALE 4-7)   7
TOTAL FM JUL 1     1    CLOUDY (SCALE 8-10)  0
DPTR FM NORMAL     0

[CDD (BASE 65) ]
TOTAL THIS MO.   461
DPTR FM NORMAL    86    [PRESSURE DATA]
TOTAL FM JAN 1  1288    HIGHEST SLP M ON M
DPTR FM NORMAL   105    LOWEST  SLP 29.64 ON 19

[REMARKS]
#FINAL-08-14#




U.S. Dept. of Commerce
NOAA National Weather Service
1325 East West Highway
Silver Spring, MD 20910
E-mail: w-nws.webmaster@noaa.gov
Page last modified: May 16, 2007
NATIONAL WEATHER SERVICE: for Safety, for Work, for Fun - FOR LIFE