583
CXUS53 KTOP 310200
CF6LWC
PRELIMINARY LOCAL CLIMATOLOGICAL DATA (WS FORM: F-6)

                                          STATION:   Lawrence KS
                                          MONTH:     JULY
                                          YEAR:      2014
                                          LATITUDE:   39  0 N
                                          LONGITUDE:  95 13 W

  TEMPERATURE IN F:       :PCPN:    SNOW:  WIND      :SUNSHINE: SKY     :PK WND
================================================================================
1   2   3   4   5  6A  6B    7    8   9   10  11  12  13   14  15   16   17  18
                                     12Z  AVG MX 2MIN
DY MAX MIN AVG DEP HDD CDD  WTR  SNW DPTH SPD SPD DIR MIN PSBL S-S WX    SPD DR
================================================================================

 1  86  62  74  -3   0   9 0.00    M    M  8.8 20 330   M    M   1 8      26 340
 2  76  52  64 -13   1   0 0.00    M    M  8.1 28 320   M    M   3 18     32 320
 3  83  49  66 -11   0   1 0.00    M    M  3.5  9  60   M    M   0 18     14  50
 4  85  56  71  -7   0   6 0.00    M    M  7.5 17 150   M    M   0 18     22 170
 5  89  66  78   0   0  13 0.00    M    M  9.9 21 170   M    M   1        25 170
 6  93  74  84   6   0  19 0.00    M    M 10.4 22 190   M    M   3 18     28 160
 7  94  70  82   4   0  17 1.32    M    M  9.3 36 330   M    M   1 13     48 330
 8  85  62  74  -4   0   9 0.04    M    M  8.0 18 320   M    M   2        21 310
 9  87  59  73  -5   0   8 0.00    M    M  3.9 10 320   M    M   0 18     18 320
10  87  66  77  -1   0  12 0.00    M    M  9.1 17 150   M    M   1 18     21 150
11  92  67  80   2   0  15 0.00    M    M  8.8 15 190   M    M   2        21 170
12  96  70  83   5   0  18 0.00    M    M  9.2 20 230   M    M   0 8      26 220
13  89  68  79   1   0  14 0.40    M    M  6.0 16 340   M    M   5 13     22 340
14  81  55  68 -10   0   3 0.04    M    M  7.6 20 360   M    M   2 12     27 360
15  77  53  65 -13   0   0 0.00    M    M  7.4 18 330   M    M   2 1      24 330
16  80  50  65 -13   0   0 0.00    M    M  3.3  9  50   M    M   2 18     11  50
17  79  57  68 -11   0   3 0.00    M    M  3.7 12 160   M    M   5 8      15 160
18  82  59  71  -8   0   6 0.00    M    M  4.1 13 170   M    M   4 18     19 130
19  84  55  70  -9   0   5 0.00    M    M  5.2 16 170   M    M   3 128    20 160
20  89  59  74  -5   0   9 0.00    M    M 10.2 21 170   M    M   1 18     27 150
21  98  71  85   6   0  20 0.00    M    M 10.3 18 180   M    M   0 8      26 200
22 100  75  88   9   0  23 0.00    M    M  7.4 15  20   M    M   0 18     20  10
23  89  70  80   1   0  15 0.00    M    M  7.5 16  30   M    M   1 8      22  10
24  88  64  76  -3   0  11 0.00    M    M  8.9 17 140   M    M   0        21 140
25 102  68  85   6   0  20 0.00    M    M 12.0 22 200   M    M   0        30 210
26  96  78  87   8   0  22    T    M    M  6.4 14 220   M    M   0        17 230
27  92  65  79   0   0  14 0.00    M    M 10.0 21 320   M    M   1 1      25 330
28  85  58  72  -7   0   7 0.00    M    M  7.3 16 320   M    M   1        21 310
29  86  55  71  -8   0   6 0.00    M    M  4.1 12 330   M    M   3 18     16 310
================================================================================
SM 2550 1813         1 305  1.80    M    217.9          M       44
================================================================================
AV 87.9 62.5                               7.5 FASTST   M    M   2    MAX(MPH)
                                 MISC ---->  # 36 330               # 48  330
================================================================================
NOTES:
# LAST OF SEVERAL OCCURRENCES

COLUMN 17 PEAK WIND IN M.P.H.

PRELIMINARY LOCAL CLIMATOLOGICAL DATA (WS FORM: F-6) , PAGE 2

                                          STATION:  Lawrence KS
                                          MONTH:    JULY
                                          YEAR:     2014
                                          LATITUDE:   39  0 N
                                          LONGITUDE:  95 13 W

[TEMPERATURE DATA]      [PRECIPITATION DATA]       SYMBOLS USED IN COLUMN 16

AVERAGE MONTHLY: 75.2   TOTAL FOR MONTH:   1.80    1 = FOG OR MIST
DPTR FM NORMAL:  -3.1   DPTR FM NORMAL:   -2.10    2 = FOG REDUCING VISIBILITY
HIGHEST:   102 ON 25    GRTST 24HR  1.36 ON  7- 8      TO 1/4 MILE OR LESS
LOWEST:     49 ON  3                               3 = THUNDER
                        SNOW, ICE PELLETS, HAIL    4 = ICE PELLETS
                        TOTAL MONTH:    M          5 = HAIL
                        GRTST 24HR    M  ON   M    6 = FREEZING RAIN OR DRIZZLE
                        GRTST DEPTH:  M  ON   M    7 = DUSTSTORM OR SANDSTORM:
                                                       VSBY 1/2 MILE OR LESS
                                                   8 = SMOKE OR HAZE
[NO. OF DAYS WITH]      [WEATHER - DAYS WITH]      9 = BLOWING SNOW
                                                   X = TORNADO
MAX 32 OR BELOW:   0    0.01 INCH OR MORE:   4
MAX 90 OR ABOVE:   9    0.10 INCH OR MORE:   2
MIN 32 OR BELOW:   0    0.50 INCH OR MORE:   1
MIN  0 OR BELOW:   0    1.00 INCH OR MORE:   1

[HDD (BASE 65) ]
TOTAL THIS MO.     1    CLEAR  (SCALE 0-3)  26
DPTR FM NORMAL     1    PTCLDY (SCALE 4-7)   3
TOTAL FM JUL 1     1    CLOUDY (SCALE 8-10)  0
DPTR FM NORMAL     1

[CDD (BASE 65) ]
TOTAL THIS MO.   305
DPTR FM NORMAL   -82    [PRESSURE DATA]
TOTAL FM JAN 1   816    HIGHEST SLP M ON M
DPTR FM NORMAL    35    LOWEST  SLP 29.60 ON  7

[REMARKS]




U.S. Dept. of Commerce
NOAA National Weather Service
1325 East West Highway
Silver Spring, MD 20910
E-mail: w-nws.webmaster@noaa.gov
Page last modified: May 16, 2007
NATIONAL WEATHER SERVICE: for Safety, for Work, for Fun - FOR LIFE