405
CXUS53 KTOP 020200
CF6LWC
PRELIMINARY LOCAL CLIMATOLOGICAL DATA (WS FORM: F-6)

                                          STATION:   Lawrence KS
                                          MONTH:     NOVEMBER
                                          YEAR:      2014
                                          LATITUDE:   39  0 N
                                          LONGITUDE:  95 13 W

  TEMPERATURE IN F:       :PCPN:    SNOW:  WIND      :SUNSHINE: SKY     :PK WND
================================================================================
1   2   3   4   5  6A  6B    7    8   9   10  11  12  13   14  15   16   17  18
                                     12Z  AVG MX 2MIN
DY MAX MIN AVG DEP HDD CDD  WTR  SNW DPTH SPD SPD DIR MIN PSBL S-S WX    SPD DR
================================================================================

 1  53  19  36 -14  29   0 0.00    M    M  9.2 18 150   M    M   2        24 160
 2  64  47  56   6   9   0 0.00    M    M 16.6 28 180   M    M   3        38 160
 3  67  50  59  10   6   0 0.09    M    M 14.4 25 200   M    M   5 1      34 300
 4  51  37  44  -5  21   0 0.00    M    M  5.5 22 310   M    M   0        26 320
 5  69  29  49   1  16   0 0.00    M    M  6.5 22 250   M    M   0 1      29 270
 6  52  27  40  -8  25   0 0.00    M    M  9.8 25 320   M    M   0 18     35 320
 7  64  26  45  -3  20   0 0.00    M    M  9.7 25 200   M    M   0        33 190
 8  57  28  43  -4  22   0 0.00    M    M 12.1 30 330   M    M   1 18     39 340
 9  66  30  48   1  17   0 0.00    M    M  9.7 21 210   M    M   0        31 210
10  71  33  52   6  13   0 0.00    M    M 17.0 37 340   M    M   3        44 340
11  36  22  29 -17  36   0    T    M    M 18.5 31 340   M    M   6        37 340
12  30  18  24 -21  41   0 0.00    M    M 15.0 23 330   M    M   2        32 320
13  32   9  21 -24  44   0 0.00    M    M  9.2 17 340   M    M   2 18     22 340
14  33   8  21 -23  44   0 0.00    M    M  3.7  9 130   M    M   2 18     13 150
15  32  18  25 -19  40   0    T    M    M  5.9 14 180   M    M   7 8      16 190
16  30  13  22 -21  43   0 0.01    M    M  9.4 21 320   M    M   4 18     24 320
17  27   8  18 -25  47   0 0.00    M    M 14.6 32 310   M    M   2        40 290
18  38   6  22 -20  43   0 0.00    M    M  6.6 18 230   M    M   0 18     25 210
19  41  12  27 -15  38   0 0.00    M    M  7.0 22 330   M    M   3 18     26 330
20  41  10  26 -15  39   0 0.00    M    M  5.4 12  70   M    M   0 18     16  70
21  51  20  36  -5  29   0 0.03    M    M  7.6 15 130   M    M   6 18     18 120
22  60  46  53  13  12   0 0.01    M    M 10.6 21 170   M    M  10 12     27 190
23  58  40  49   9  16   0 0.21    M    M 12.6 36 340   M    M  10 18     47 330
24  43  25  34  -6  31   0 0.00    M    M 13.8 25 300   M    M   4        34 300
25  45  16  31  -8  34   0 0.00    M    M  7.0 15 320   M    M   1        20 320
26  44  28  36  -2  29   0 0.02    M    M 17.0 30 330   M    M   9        38 310
27  39  20  30  -8  35   0 0.00    M    M  6.5 17 330   M    M   5 18     21 330
28  63  27  45   7  20   0 0.00    M    M 10.5 20 210   M    M   0        23 210
29  67  35  51  14  14   0 0.00    M    M  7.5 18 170   M    M   0        24 180
30  50  21  36  -1  29   0 0.00    M    M 14.6 28 330   M    M   3 18     33 330
================================================================================
SM 1474  728       842   0  0.37    M    313.5          M       90
================================================================================
AV 49.1 24.3                              10.5 FASTST   M    M   3    MAX(MPH)
                                 MISC ---->  # 37 340               # 47  330
================================================================================
NOTES:
# LAST OF SEVERAL OCCURRENCES

COLUMN 17 PEAK WIND IN M.P.H.

PRELIMINARY LOCAL CLIMATOLOGICAL DATA (WS FORM: F-6) , PAGE 2

                                          STATION:  Lawrence KS
                                          MONTH:    NOVEMBER
                                          YEAR:     2014
                                          LATITUDE:   39  0 N
                                          LONGITUDE:  95 13 W

[TEMPERATURE DATA]      [PRECIPITATION DATA]       SYMBOLS USED IN COLUMN 16

AVERAGE MONTHLY: 36.7   TOTAL FOR MONTH:   0.37    1 = FOG OR MIST
DPTR FM NORMAL:  -6.8   DPTR FM NORMAL:   -1.81    2 = FOG REDUCING VISIBILITY
HIGHEST:    71 ON 10    GRTST 24HR  0.21 ON 22-23      TO 1/4 MILE OR LESS
LOWEST:      6 ON 18                               3 = THUNDER
                        SNOW, ICE PELLETS, HAIL    4 = ICE PELLETS
                        TOTAL MONTH:    M          5 = HAIL
                        GRTST 24HR    M  ON   M    6 = FREEZING RAIN OR DRIZZLE
                        GRTST DEPTH:  M  ON   M    7 = DUSTSTORM OR SANDSTORM:
                                                       VSBY 1/2 MILE OR LESS
                                                   8 = SMOKE OR HAZE
[NO. OF DAYS WITH]      [WEATHER - DAYS WITH]      9 = BLOWING SNOW
                                                   X = TORNADO
MAX 32 OR BELOW:   5    0.01 INCH OR MORE:   6
MAX 90 OR ABOVE:   0    0.10 INCH OR MORE:   1
MIN 32 OR BELOW:  23    0.50 INCH OR MORE:   0
MIN  0 OR BELOW:   0    1.00 INCH OR MORE:   0

[HDD (BASE 65) ]
TOTAL THIS MO.   842    CLEAR  (SCALE 0-3)  19
DPTR FM NORMAL   198    PTCLDY (SCALE 4-7)   8
TOTAL FM JUL 1  1180    CLOUDY (SCALE 8-10)  3
DPTR FM NORMAL   172

[CDD (BASE 65) ]
TOTAL THIS MO.     0
DPTR FM NORMAL    -1    [PRESSURE DATA]
TOTAL FM JAN 1  1426    HIGHEST SLP 30.64 ON 13
DPTR FM NORMAL    55    LOWEST  SLP 29.34 ON 23

[REMARKS]
#FINAL-11-14#




U.S. Dept. of Commerce
NOAA National Weather Service
1325 East West Highway
Silver Spring, MD 20910
E-mail: w-nws.webmaster@noaa.gov
Page last modified: May 16, 2007
NATIONAL WEATHER SERVICE: for Safety, for Work, for Fun - FOR LIFE