659
CXUS51 KRNK 011029
CF6LWB
PRELIMINARY LOCAL CLIMATOLOGICAL DATA (WS FORM: F-6)

                                          STATION:   LEWISBURG WV
                                          MONTH:     NOVEMBER
                                          YEAR:      2014
                                          LATITUDE:   37 52 N
                                          LONGITUDE:  80 24 W

  TEMPERATURE IN F:       :PCPN:    SNOW:  WIND      :SUNSHINE: SKY     :PK WND
================================================================================
1   2   3   4   5  6A  6B    7    8   9   10  11  12  13   14  15   16   17  18
                                     12Z  AVG MX 2MIN
DY MAX MIN AVG DEP HDD CDD  WTR  SNW DPTH SPD SPD DIR MIN PSBL S-S WX    SPD DR
================================================================================

 1  45  35  40  -6  25   0 0.11    T    0  7.7 17 360   M    M  10        29 360
 2  44  30  37  -9  28   0    T    T    0  7.9 20 340   M    M   5        29 340
 3  59  27  43  -3  22   0 0.00  0.0    0  2.8  9 240   M    M   0         M  M
 4  68  34  51   6  14   0 0.00  0.0    0  2.4  6 210   M    M   0         M  M
 5  58  49  54   9  11   0    T  0.0    0  2.7  8 230   M    M   7         M  M
 6  62  42  52   7  13   0 0.32  0.0    0  6.5 17 240   M    M   9 1      30 300
 7  44  32  38  -6  27   0 0.01  0.0    0  6.7 13 280   M    M   9        27 290
 8  52  24  38  -6  27   0 0.00  0.0    0  1.0  6 250   M    M   2         M  M
 9  56  34  45   2  20   0 0.00  0.0    0  2.0  9 310   M    M   3         M  M
10  66  30  48   5  17   0 0.00  0.0    0  3.3 10 150   M    M   0        17 150
11  71  31  51   8  14   0 0.00  0.0    0  2.3  8  10   M    M   0         M  M
12  55  31  43   1  22   0 0.00  0.0    0  3.6 15 260   M    M   5        18 260
13  37  28  33  -9  32   0    T    T    0  4.5 10 330   M    M  10        16 330
14  29  22  26 -16  39   0    T    T    0  5.3 13 310   M    M  10        20 310
15  37  17  27 -14  38   0    T    T    0  1.1  7 230   M    M   3         M  M
16  41  33  37  -4  28   0 0.08    T    0  2.9  9  20   M    M  10 1       M  M
17  45  23  34  -7  31   0 0.28    T    0  7.1 15 290   M    M  10        26 290
18  23  14  19 -21  46   0    T    T    0  8.5 17 280   M    M   6        25 280
19  40  10  25 -15  40   0 0.00  0.0    0  4.1 10 210   M    M   2         M  M
20  46  28  37  -2  28   0 0.00  0.0    0  7.3 15 260   M    M   5        25 250
21  36  18  27 -12  38   0 0.00  0.0    0  5.6 13 320   M    M   2        21 280
22  55  16  36  -3  29   0 0.00  0.0    0  1.3  7  20   M    M   0         M  M
23  57  28  43   5  22   0 0.10  0.0    0  3.8 12 150   M    M   6        23 150
24  71  53  62  24   3   0 0.00  0.0    0  9.8 30 230   M    M   2        46 230
25  56  37  47   9  18   0 0.00  0.0    0  3.4 10 320   M    M   1        16 320
26  42  34  38   1  27   0 0.42  2.0    2  1.7  8  20   M    M   9 12      M  M
27  37  28  33  -4  32   0 0.01    T    2  4.5 13 310   M    M  10 12     20 280
28  32  19  26 -10  39   0    T    T    1  4.7 10 270   M    M   6         M  M
29  39  18  29  -7  36   0 0.00  0.0    1  1.5  7  20   M    M   6         M  M
30  60  31  46  10  19   0 0.00  0.0    0  5.0 15 220   M    M   9        23 230
================================================================================
SM 1463  856       785   0  1.33     2.0 131.0          M      157
================================================================================
AV 48.8 28.5                               4.4 FASTST   M    M   5    MAX(MPH)
                                 MISC ---->  # 30 230               # 46  230
================================================================================
NOTES:
# LAST OF SEVERAL OCCURRENCES

COLUMN 17 PEAK WIND IN M.P.H.

PRELIMINARY LOCAL CLIMATOLOGICAL DATA (WS FORM: F-6) , PAGE 2

                                          STATION:  LEWISBURG WV
                                          MONTH:    NOVEMBER
                                          YEAR:     2014
                                          LATITUDE:   37 52 N
                                          LONGITUDE:  80 24 W

[TEMPERATURE DATA]      [PRECIPITATION DATA]       SYMBOLS USED IN COLUMN 16

AVERAGE MONTHLY: 38.7   TOTAL FOR MONTH:   1.33    1 = FOG OR MIST
DPTR FM NORMAL:  -2.3   DPTR FM NORMAL:   -1.54    2 = FOG REDUCING VISIBILITY
HIGHEST:    71 ON 24,11 GRTST 24HR  0.42 ON 26-26      TO 1/4 MILE OR LESS
LOWEST:     10 ON 19                               3 = THUNDER
                        SNOW, ICE PELLETS, HAIL    4 = ICE PELLETS
                        TOTAL MONTH:   2.0 INCHES  5 = HAIL
                        GRTST 24HR   2.0 ON 26-26  6 = FREEZING RAIN OR DRIZZLE
                        GRTST DEPTH:   2 ON 27,26  7 = DUSTSTORM OR SANDSTORM:
                                                       VSBY 1/2 MILE OR LESS
                                                   8 = SMOKE OR HAZE
[NO. OF DAYS WITH]      [WEATHER - DAYS WITH]      9 = BLOWING SNOW
                                                   X = TORNADO
MAX 32 OR BELOW:   3    0.01 INCH OR MORE:   8
MAX 90 OR ABOVE:   0    0.10 INCH OR MORE:   5
MIN 32 OR BELOW:  21    0.50 INCH OR MORE:   0
MIN  0 OR BELOW:   0    1.00 INCH OR MORE:   0

[HDD (BASE 65) ]
TOTAL THIS MO.   785    CLEAR  (SCALE 0-3)  12
DPTR FM NORMAL    65    PTCLDY (SCALE 4-7)   8
TOTAL FM JUL 1  1212    CLOUDY (SCALE 8-10) 10
DPTR FM NORMAL  -105

[CDD (BASE 65) ]
TOTAL THIS MO.     0
DPTR FM NORMAL     0    [PRESSURE DATA]
TOTAL FM JAN 1   619    HIGHEST SLP M ON M
DPTR FM NORMAL   120    LOWEST  SLP M ON M

[REMARKS]
#FINAL-11-14#




U.S. Dept. of Commerce
NOAA National Weather Service
1325 East West Highway
Silver Spring, MD 20910
E-mail: w-nws.webmaster@noaa.gov
Page last modified: May 16, 2007
NATIONAL WEATHER SERVICE: for Safety, for Work, for Fun - FOR LIFE