343
CXUS55 KBYZ 011055
CF6LVM
PRELIMINARY LOCAL CLIMATOLOGICAL DATA (WS FORM: F-6)

                                          STATION:   LIVINGSTON MT
                                          MONTH:     NOVEMBER
                                          YEAR:      2014
                                          LATITUDE:   45 41 N
                                          LONGITUDE: 110 26 W

  TEMPERATURE IN F:       :PCPN:    SNOW:  WIND      :SUNSHINE: SKY     :PK WND
================================================================================
1   2   3   4   5  6A  6B    7    8   9   10  11  12  13   14  15   16   17  18
                                     12Z  AVG MX 2MIN
DY MAX MIN AVG DEP HDD CDD  WTR  SNW DPTH SPD SPD DIR MIN PSBL S-S WX    SPD DR
================================================================================

 1  67  37  52  12  13   0 0.02    M    M  9.7 39 210   M    M   2 8      50 210
 2  51  36  44   5  21   0 0.00    M    M 20.8 41 210   M    M   7        52 210
 3  48  30  39   0  26   0 0.00    M    M 19.2 35 220   M    M   2        43 220
 4  51  40  46   7  19   0 0.00    M    M 29.3 46 220   M    M   4        62 210
 5  60  47  54  16  11   0 0.00    M    M 21.0 35 240   M    M   5        48 240
 6  64  47  56  18   9   0 0.00    M    M 28.4 43 220   M    M   1        55 210
 7  59  33  46   9  19   0    T    M    M 17.4 47 220   M    M   4        61 230
 8  64  28  46   9  19   0 0.00    M    M 23.0 40 260   M    M   0        52 220
 9  61  17  39   2  26   0 0.26    M    M 27.2 45 220   M    M   7 168    57 230
10  20   6  13 -23  52   0 0.07    M    M  9.3 22  80   M    M  10 18     28  90
11   7  -9  -1 -37  66   0    T    M    M  6.6 15  80   M    M   5 8      19  70
12   5 -21  -8 -43  73   0 0.00    M    M  2.3  9  70   M    M   2        11  70
13   8 -23  -7 -42  72   0    T    M    M  3.0  9 310   M    M   1 8      10 310
14  12   2   7 -27  58   0    T    M    M  7.5 17  90   M    M  10 1      22  90
15  11  -4   4 -30  61   0    T    M    M 12.7 28 270   M    M   2 8      33 260
16  27   6  17 -17  48   0 0.00    M    M 20.3 33 260   M    M   7        41 250
17  33   9  21 -12  44   0 0.00    M    M 17.1 39 240   M    M   1        49 240
18  39  26  33   0  32   0 0.00    M    M 27.7 46 220   M    M   2        57 220
19  44  16  30  -2  35   0 0.00    M    M 18.7 33 230   M    M   2        42 240
20  48  25  37   5  28   0 0.00    M    M 23.5 38 230   M    M   3        50 230
21  50  36  43  11  22   0 0.00    M    M 22.0 43 230   M    M   2        56 220
22  47  36  42  11  23   0 0.07    M    M 26.2 52 210   M    M   7 1      67 210
23  41  30  36   5  29   0    T    M    M 21.7 36 220   M    M   7        45 220
24  42  31  37   7  28   0 0.00    M    M 21.3 44 260   M    M   7        68 220
25  42  27  35   5  30   0 0.38    M    M 19.3 52 210   M    M  10 1      68 220
26  47  26  37   7  28   0 0.22    M    M  7.4 26 230   M    M   9 1      35 230
27  59  42  51  22  14   0    T    M    M 32.5 47 220   M    M   4        59 220
28  56  51  54  25  11   0    T    M    M 31.9 45 220   M    M   7        58 220
29  52  -2  25  -4  40   0 0.07    M    M 18.8 45 220   M    M   8 128    54 230
30  17 -13   2 -26  63   0    T    M    M  7.4 16 320   M    M   2 1      20 320
================================================================================
SM 1232  612      1020   0  1.09    M    553.2          M      140
================================================================================
AV 41.1 20.4                              18.4 FASTST   M    M   5    MAX(MPH)
                                 MISC ---->  # 52 210               # 68  220
================================================================================
NOTES:
# LAST OF SEVERAL OCCURRENCES

COLUMN 17 PEAK WIND IN M.P.H.

PRELIMINARY LOCAL CLIMATOLOGICAL DATA (WS FORM: F-6) , PAGE 2

                                          STATION:  LIVINGSTON MT
                                          MONTH:    NOVEMBER
                                          YEAR:     2014
                                          LATITUDE:   45 41 N
                                          LONGITUDE: 110 26 W

[TEMPERATURE DATA]      [PRECIPITATION DATA]       SYMBOLS USED IN COLUMN 16

AVERAGE MONTHLY: 30.7   TOTAL FOR MONTH:   1.09    1 = FOG OR MIST
DPTR FM NORMAL:  -3.3   DPTR FM NORMAL:    0.50    2 = FOG REDUCING VISIBILITY
HIGHEST:    67 ON  1    GRTST 24HR  0.60 ON 25-26      TO 1/4 MILE OR LESS
LOWEST:    -23 ON 13                               3 = THUNDER
                        SNOW, ICE PELLETS, HAIL    4 = ICE PELLETS
                        TOTAL MONTH:    M          5 = HAIL
                        GRTST 24HR    M  ON   M    6 = FREEZING RAIN OR DRIZZLE
                        GRTST DEPTH:  M  ON   M    7 = DUSTSTORM OR SANDSTORM:
                                                       VSBY 1/2 MILE OR LESS
                                                   8 = SMOKE OR HAZE
[NO. OF DAYS WITH]      [WEATHER - DAYS WITH]      9 = BLOWING SNOW
                                                   X = TORNADO
MAX 32 OR BELOW:   8    0.01 INCH OR MORE:   7
MAX 90 OR ABOVE:   0    0.10 INCH OR MORE:   3
MIN 32 OR BELOW:  20    0.50 INCH OR MORE:   0
MIN  0 OR BELOW:   6    1.00 INCH OR MORE:   0

[HDD (BASE 65) ]
TOTAL THIS MO.  1020    CLEAR  (SCALE 0-3)  13
DPTR FM NORMAL    89    PTCLDY (SCALE 4-7)  13
TOTAL FM JUL 1  1738    CLOUDY (SCALE 8-10)  4
DPTR FM NORMAL  -221

[CDD (BASE 65) ]
TOTAL THIS MO.     0
DPTR FM NORMAL     0    [PRESSURE DATA]
TOTAL FM JAN 1   321    HIGHEST SLP 30.89 ON 12
DPTR FM NORMAL    91    LOWEST  SLP 29.18 ON 29

[REMARKS]
#FINAL-11-14#




U.S. Dept. of Commerce
NOAA National Weather Service
1325 East West Highway
Silver Spring, MD 20910
E-mail: w-nws.webmaster@noaa.gov
Page last modified: May 16, 2007
NATIONAL WEATHER SERVICE: for Safety, for Work, for Fun - FOR LIFE