989
CXUS56 KMTR 301000
CF6LVK
PRELIMINARY LOCAL CLIMATOLOGICAL DATA (WS FORM: F-6)

                                          STATION:   LIVERMORE AIRPORT
                                          MONTH:     JULY
                                          YEAR:      2014
                                          LATITUDE:   37 42 N
                                          LONGITUDE: 121 49 W

  TEMPERATURE IN F:       :PCPN:    SNOW:  WIND      :SUNSHINE: SKY     :PK WND
================================================================================
1   2   3   4   5  6A  6B    7    8   9   10  11  12  13   14  15   16   17  18
                                     12Z  AVG MX 2MIN
DY MAX MIN AVG DEP HDD CDD  WTR  SNW DPTH SPD SPD DIR MIN PSBL S-S WX    SPD DR
================================================================================

 1  88  58  73   2   0   8 0.00  0.0    0 10.1 21 300   M    M   0        25 290
 2  86  58  72   1   0   7 0.00  0.0    0 10.2 22 300   M    M   2        26 300
 3  88  57  73   2   0   8 0.00  0.0    0  8.6 17 280   M    M   0 8      21 280
 4  92  57  75   3   0  10 0.00  0.0    0  7.4 21 310   M    M   0        25 300
 5  94  54  74   2   0   9 0.00  0.0    0  6.9 18 290   M    M   0        22 290
 6  98  54  76   4   0  11 0.00  0.0    0  6.8 17 290   M    M   0        21 290
 7  88  60  74   2   0   9    T  0.0    0  5.5 14 300   M    M   1        16 300
 8  91  59  75   3   0  10 0.00  0.0    0  8.1 18 300   M    M   0        23 300
 9  87  58  73   1   0   8 0.00  0.0    0  8.7 20 290   M    M   0 8      24 300
10  85  58  72   0   0   7 0.00  0.0    0  9.2 22 280   M    M   0        25 270
11  81  59  70  -2   0   5 0.00  0.0    0 11.5 23 280   M    M   2        28 280
12  83  58  71  -1   0   6 0.00  0.0    0 10.1 21 290   M    M   4        24 280
13  94  57  76   4   0  11 0.00  0.0    0  5.8 12 250   M    M   3        14 260
14 101  64  83  10   0  18 0.00  0.0    0  5.5 18 290   M    M   0        22 290
15  89  65  77   4   0  12 0.00  0.0    0  9.1 21 300   M    M   1        25 290
16  85  62  74   1   0   9 0.00  0.0    0 14.7 24 280   M    M   1        29 280
17  80  61  71  -2   0   6 0.00  0.0    0 13.5 24 280   M    M   1        29 290
18  80  61  71  -2   0   6 0.00  0.0    0 11.3 21 280   M    M   3        25 280
19  88  61  75   2   0  10 0.00  0.0    0  8.9 21 290   M    M   3        25 280
20  83  62  73   0   0   8 0.00  0.0    0 11.3 21 280   M    M   0        26 290
21  81  61  71  -2   0   6 0.00  0.0    0 11.8 20 290   M    M   3        25 290
22  82  61  72  -1   0   7    T  0.0    0 12.4 24 280   M    M   3        30 280
23  83  62  73   0   0   8 0.00  0.0    0  9.2 20 270   M    M   4        23 280
24  96  59  78   5   0  13 0.00  0.0    0  5.3 17 270   M    M   0        21 270
25 102  64  83  10   0  18 0.00  0.0    0  4.2 20 280   M    M   0        22 280
26 101  64  83  10   0  18 0.00  0.0    M  6.5 21 290   M    M   0        25 300
27  99  68  84  11   0  19 0.00  0.0    0  7.9 20 280   M    M   0        23 270
28  95  61  78   5   0  13 0.00  0.0    0  7.6 18 290   M    M   0        23 290
29  97  65  81   8   0  16 0.00  0.0    0  7.7 20 280   M    M   0        23 280
================================================================================
SM 2597 1748         0 296    T      0.0 255.8          M       31
================================================================================
AV 89.6 60.3                               8.8 FASTST   M    M   1    MAX(MPH)
                                 MISC ---->  # 24 280               # 30  280
================================================================================
NOTES:
# LAST OF SEVERAL OCCURRENCES

COLUMN 17 PEAK WIND IN M.P.H.

PRELIMINARY LOCAL CLIMATOLOGICAL DATA (WS FORM: F-6) , PAGE 2

                                          STATION:  LIVERMORE AIRPORT
                                          MONTH:    JULY
                                          YEAR:     2014
                                          LATITUDE:   37 42 N
                                          LONGITUDE: 121 49 W

[TEMPERATURE DATA]      [PRECIPITATION DATA]       SYMBOLS USED IN COLUMN 16

AVERAGE MONTHLY: 74.9   TOTAL FOR MONTH:      T    1 = FOG OR MIST
DPTR FM NORMAL:   2.5   DPTR FM NORMAL:   -0.00    2 = FOG REDUCING VISIBILITY
HIGHEST:   102 ON 25    GRTST 24HR    T  ON 22-22      TO 1/4 MILE OR LESS
LOWEST:     54 ON  6, 5                            3 = THUNDER
                        SNOW, ICE PELLETS, HAIL    4 = ICE PELLETS
                        TOTAL MONTH:   0.0 INCH    5 = HAIL
                        GRTST 24HR     0.0         6 = FREEZING RAIN OR DRIZZLE
                        GRTST DEPTH:   0           7 = DUSTSTORM OR SANDSTORM:
                                                       VSBY 1/2 MILE OR LESS
                                                   8 = SMOKE OR HAZE
[NO. OF DAYS WITH]      [WEATHER - DAYS WITH]      9 = BLOWING SNOW
                                                   X = TORNADO
MAX 32 OR BELOW:   0    0.01 INCH OR MORE:   0
MAX 90 OR ABOVE:  12    0.10 INCH OR MORE:   0
MIN 32 OR BELOW:   0    0.50 INCH OR MORE:   0
MIN  0 OR BELOW:   0    1.00 INCH OR MORE:   0

[HDD (BASE 65) ]
TOTAL THIS MO.     0    CLEAR  (SCALE 0-3)  26
DPTR FM NORMAL     0    PTCLDY (SCALE 4-7)   3
TOTAL FM JUL 1     0    CLOUDY (SCALE 8-10)  0
DPTR FM NORMAL     0

[CDD (BASE 65) ]
TOTAL THIS MO.   296
DPTR FM NORMAL    78    [PRESSURE DATA]
TOTAL FM JAN 1   615    HIGHEST SLP M ON M
DPTR FM NORMAL   234    LOWEST  SLP 29.80 ON  1

[REMARKS]




U.S. Dept. of Commerce
NOAA National Weather Service
1325 East West Highway
Silver Spring, MD 20910
E-mail: w-nws.webmaster@noaa.gov
Page last modified: May 16, 2007
NATIONAL WEATHER SERVICE: for Safety, for Work, for Fun - FOR LIFE