663
CXUS56 KMTR 301000
CF6LVK
PRELIMINARY LOCAL CLIMATOLOGICAL DATA (WS FORM: F-6)

                                          STATION:   LIVERMORE AIRPORT
                                          MONTH:     SEPTEMBER
                                          YEAR:      2014
                                          LATITUDE:   37 42 N
                                          LONGITUDE: 121 49 W

  TEMPERATURE IN F:       :PCPN:    SNOW:  WIND      :SUNSHINE: SKY     :PK WND
================================================================================
1   2   3   4   5  6A  6B    7    8   9   10  11  12  13   14  15   16   17  18
                                     12Z  AVG MX 2MIN
DY MAX MIN AVG DEP HDD CDD  WTR  SNW DPTH SPD SPD DIR MIN PSBL S-S WX    SPD DR
================================================================================

 1  99  57  78   6   0  13 0.00  0.0    0  3.8 16 270   M    M   0        18 270
 2  84  60  72   0   0   7 0.00  0.0    0  9.5 21 300   M    M   0        25 300
 3  88  59  74   2   0   9 0.00  0.0    0  5.4 17 290   M    M   3        20 290
 4  89  59  74   2   0   9 0.00  0.0    0  7.4 16 300   M    M   2        25 160
 5  86  59  73   1   0   8 0.00  0.0    0  7.4 18 290   M    M   3        22 290
 6  87  57  72   0   0   7 0.00  0.0    0  8.1 17 280   M    M   3 18     21 280
 7  85  55  70  -1   0   5 0.00  0.0    0  6.8 17 290   M    M   2        21 300
 8  76  56  66  -5   0   1 0.00  0.0    0 10.4 15 280   M    M   3        17 280
 9  88  55  72   1   0   7 0.00  0.0    0  3.8 12 280   M    M   3        15 290
10  97  53  75   4   0  10 0.00  0.0    0  2.8 13  80   M    M   0        17  80
11 101  59  80   9   0  15 0.00  0.0    0  3.3 16 280   M    M   0        22 270
12 101  59  80   9   0  15 0.00  0.0    0  3.5 14 270   M    M   0        16 280
13  98  63  81  10   0  16 0.00  0.0    0  4.8 16 300   M    M   0        20 290
14  93  61  77   7   0  12 0.00  0.0    0  6.9 17 270   M    M   0        21 270
15  85  61  73   3   0   8 0.00  0.0    0  9.3 22 280   M    M   0        25 280
16  90  57  74   4   0   9 0.00  0.0    0  4.6 15 280   M    M   0        31 190
17  91  59  75   5   0  10 0.00  0.0    0  7.0 25 280   M    M   1 1      30 280
18  82  63  73   3   0   8    T  0.0    0  8.5 21 280   M    M   5        26 270
19  86  59  73   3   0   8 0.00  0.0    0  6.4 18 290   M    M   0        22 290
20  85  61  73   4   0   8 0.00  0.0    0  7.8 17 300   M    M   2 1      21 300
21  76  62  69   0   0   4 0.00  0.0    0 11.2 21 280   M    M   5        25 280
22  86  62  74   5   0   9 0.00  0.0    0  7.7 20 280   M    M   4        24 270
23  87  60  74   5   0   9 0.00  0.0    0  6.7 17 270   M    M   3        21 280
24  83  64  74   6   0   9 0.00  0.0    M  9.2 24 280   M    M   4 18     28 280
25  75  58  67  -1   0   2 0.21  0.0    0  6.2 21 230   M    M   7 1       M  M
26  77  57  67  -1   0   2    T  0.0    0  5.7 22 260   M    M   4        25 260
27  78  59  69   1   0   4    T  0.0    0  5.6 18 270   M    M   3        23 280
28  77  56  67  -1   0   2    T  0.0    0  4.1 14 270   M    M   4        16 270
29  80  56  68   1   0   3 0.00  0.0    0  5.8 17 290   M    M   3 1      21 290
================================================================================
SM 2510 1706         0 229  0.21     0.0 189.7          M       64
================================================================================
AV 86.6 58.8                               6.5 FASTST   M    M   2    MAX(MPH)
                                 MISC ---->  # 25 280               # 31  190
================================================================================
NOTES:
# LAST OF SEVERAL OCCURRENCES

COLUMN 17 PEAK WIND IN M.P.H.

PRELIMINARY LOCAL CLIMATOLOGICAL DATA (WS FORM: F-6) , PAGE 2

                                          STATION:  LIVERMORE AIRPORT
                                          MONTH:    SEPTEMBER
                                          YEAR:     2014
                                          LATITUDE:   37 42 N
                                          LONGITUDE: 121 49 W

[TEMPERATURE DATA]      [PRECIPITATION DATA]       SYMBOLS USED IN COLUMN 16

AVERAGE MONTHLY: 72.7   TOTAL FOR MONTH:   0.21    1 = FOG OR MIST
DPTR FM NORMAL:   2.6   DPTR FM NORMAL:    0.02    2 = FOG REDUCING VISIBILITY
HIGHEST:   101 ON 12,11 GRTST 24HR  0.21 ON 25-25      TO 1/4 MILE OR LESS
LOWEST:     53 ON 10                               3 = THUNDER
                        SNOW, ICE PELLETS, HAIL    4 = ICE PELLETS
                        TOTAL MONTH:   0.0 INCH    5 = HAIL
                        GRTST 24HR     0.0         6 = FREEZING RAIN OR DRIZZLE
                        GRTST DEPTH:   0           7 = DUSTSTORM OR SANDSTORM:
                                                       VSBY 1/2 MILE OR LESS
                                                   8 = SMOKE OR HAZE
[NO. OF DAYS WITH]      [WEATHER - DAYS WITH]      9 = BLOWING SNOW
                                                   X = TORNADO
MAX 32 OR BELOW:   0    0.01 INCH OR MORE:   1
MAX 90 OR ABOVE:   8    0.10 INCH OR MORE:   1
MIN 32 OR BELOW:   0    0.50 INCH OR MORE:   0
MIN  0 OR BELOW:   0    1.00 INCH OR MORE:   0

[HDD (BASE 65) ]
TOTAL THIS MO.     0    CLEAR  (SCALE 0-3)  21
DPTR FM NORMAL   -12    PTCLDY (SCALE 4-7)   8
TOTAL FM JUL 1     0    CLOUDY (SCALE 8-10)  0
DPTR FM NORMAL   -19

[CDD (BASE 65) ]
TOTAL THIS MO.   229
DPTR FM NORMAL    69    [PRESSURE DATA]
TOTAL FM JAN 1  1143    HIGHEST SLP M ON M
DPTR FM NORMAL   358    LOWEST  SLP 29.70 ON  3

[REMARKS]




U.S. Dept. of Commerce
NOAA National Weather Service
1325 East West Highway
Silver Spring, MD 20910
E-mail: w-nws.webmaster@noaa.gov
Page last modified: May 16, 2007
NATIONAL WEATHER SERVICE: for Safety, for Work, for Fun - FOR LIFE