425
CXUS56 KMTR 211000
CF6LVK
PRELIMINARY LOCAL CLIMATOLOGICAL DATA (WS FORM: F-6)

                                          STATION:   LIVERMORE AIRPORT
                                          MONTH:     AUGUST
                                          YEAR:      2014
                                          LATITUDE:   37 42 N
                                          LONGITUDE: 121 49 W

  TEMPERATURE IN F:       :PCPN:    SNOW:  WIND      :SUNSHINE: SKY     :PK WND
================================================================================
1   2   3   4   5  6A  6B    7    8   9   10  11  12  13   14  15   16   17  18
                                     12Z  AVG MX 2MIN
DY MAX MIN AVG DEP HDD CDD  WTR  SNW DPTH SPD SPD DIR MIN PSBL S-S WX    SPD DR
================================================================================

 1 102  65  84  11   0  19 0.00  0.0    0  7.0 17 270   M    M   0        21 270
 2  89  60  75   2   0  10 0.00  0.0    0 10.3 16 300   M    M   0 8       M  M
 3  85  59  72  -1   0   7 0.00  0.0    0  9.5 20 300   M    M   3        24 290
 4  81  60  71  -2   0   6 0.00  0.0    0  7.9 16 280   M    M   3        20 280
 5  89  61  75   3   0  10 0.00  0.0    0  6.2 18  40   M    M   1 8      24  30
 6  90  65  78   6   0  13 0.00  0.0    0  8.2 21 280   M    M   2        26 290
 7  87  60  74   2   0   9 0.00  0.0    0  9.1 20 290   M    M   1        22 290
 8  89  59  74   2   0   9 0.00  0.0    0  7.8 16 290   M    M   1        18 300
 9  81  57  69  -3   0   4 0.00  0.0    0 12.5 21 290   M    M   0        25 300
10  86  57  72   0   0   7 0.00  0.0    0  7.1 18 290   M    M   4        21 300
11  90  57  74   2   0   9 0.00  0.0    0  6.9 18 290   M    M   1        22 290
12  85  57  71  -1   0   6 0.00  0.0    0  8.9 22 280   M    M   0        25 280
13  86  58  72   0   0   7 0.00  0.0    0  8.9 17 280   M    M   2        21 280
14  88  60  74   2   0   9 0.00  0.0    0  7.9 18 290   M    M   0        22 290
15  92  58  75   3   0  10 0.00  0.0    0  6.2 16 270   M    M   0        20 270
16  92  58  75   3   0  10 0.00  0.0    0  7.3 16 290   M    M   1 1      20 290
17  90  56  73   1   0   8 0.00  0.0    0  7.5 17 290   M    M   1 1      21 290
18  83  59  71  -1   0   6 0.00  0.0    0 10.4 22 290   M    M   3 8      25 290
19  81  61  71  -1   0   6 0.00  0.0    0 10.2 21 300   M    M   5        25 280
20  80  60  70  -2   0   5 0.00  0.0    0 10.5 23 280   M    M   3        28 280
================================================================================
SM 1746 1187         0 170  0.00     0.0 170.3          M       31
================================================================================
AV 87.3 59.3                               8.5 FASTST   M    M   2    MAX(MPH)
                                 MISC ---->  # 23 280               # 28  280
================================================================================
NOTES:
# LAST OF SEVERAL OCCURRENCES

COLUMN 17 PEAK WIND IN M.P.H.

PRELIMINARY LOCAL CLIMATOLOGICAL DATA (WS FORM: F-6) , PAGE 2

                                          STATION:  LIVERMORE AIRPORT
                                          MONTH:    AUGUST
                                          YEAR:     2014
                                          LATITUDE:   37 42 N
                                          LONGITUDE: 121 49 W

[TEMPERATURE DATA]      [PRECIPITATION DATA]       SYMBOLS USED IN COLUMN 16

AVERAGE MONTHLY: 73.3   TOTAL FOR MONTH:   0.00    1 = FOG OR MIST
DPTR FM NORMAL:   1.1   DPTR FM NORMAL:    0.00    2 = FOG REDUCING VISIBILITY
HIGHEST:   102 ON  1    GRTST 24HR  0.00 ON 20-20      TO 1/4 MILE OR LESS
LOWEST:     56 ON 17                               3 = THUNDER
                        SNOW, ICE PELLETS, HAIL    4 = ICE PELLETS
                        TOTAL MONTH:   0.0 INCH    5 = HAIL
                        GRTST 24HR     0.0         6 = FREEZING RAIN OR DRIZZLE
                        GRTST DEPTH:   0           7 = DUSTSTORM OR SANDSTORM:
                                                       VSBY 1/2 MILE OR LESS
                                                   8 = SMOKE OR HAZE
[NO. OF DAYS WITH]      [WEATHER - DAYS WITH]      9 = BLOWING SNOW
                                                   X = TORNADO
MAX 32 OR BELOW:   0    0.01 INCH OR MORE:   0
MAX 90 OR ABOVE:   6    0.10 INCH OR MORE:   0
MIN 32 OR BELOW:   0    0.50 INCH OR MORE:   0
MIN  0 OR BELOW:   0    1.00 INCH OR MORE:   0

[HDD (BASE 65) ]
TOTAL THIS MO.     0    CLEAR  (SCALE 0-3)  18
DPTR FM NORMAL     0    PTCLDY (SCALE 4-7)   2
TOTAL FM JUL 1     0    CLOUDY (SCALE 8-10)  0
DPTR FM NORMAL    -4

[CDD (BASE 65) ]
TOTAL THIS MO.   170
DPTR FM NORMAL    22    [PRESSURE DATA]
TOTAL FM JAN 1   816    HIGHEST SLP M ON M
DPTR FM NORMAL   274    LOWEST  SLP 29.80 ON 19

[REMARKS]




U.S. Dept. of Commerce
NOAA National Weather Service
1325 East West Highway
Silver Spring, MD 20910
E-mail: w-nws.webmaster@noaa.gov
Page last modified: May 16, 2007
NATIONAL WEATHER SERVICE: for Safety, for Work, for Fun - FOR LIFE