895
CXUS56 KMTR 231000
CF6LVK
PRELIMINARY LOCAL CLIMATOLOGICAL DATA (WS FORM: F-6)

                                          STATION:   LIVERMORE AIRPORT
                                          MONTH:     APRIL
                                          YEAR:      2014
                                          LATITUDE:   37 42 N
                                          LONGITUDE: 121 49 W

  TEMPERATURE IN F:       :PCPN:    SNOW:  WIND      :SUNSHINE: SKY     :PK WND
================================================================================
1   2   3   4   5  6A  6B    7    8   9   10  11  12  13   14  15   16   17  18
                                     12Z  AVG MX 2MIN
DY MAX MIN AVG DEP HDD CDD  WTR  SNW DPTH SPD SPD DIR MIN PSBL S-S WX    SPD DR
================================================================================

 1  57  39  48  -6  17   0 0.38  0.0    0  5.3 21 180   M    M   5 1      28 190
 2  60  39  50  -4  15   0 0.01  0.0    0  3.7 13  50   M    M   3        16  50
 3  66  40  53  -1  12   0 0.00  0.0    0  4.2 15 280   M    M   2        21 290
 4  62  47  55   1  10   0 0.12  0.0    0  6.0 21 280   M    M   8 1      24 260
 5  67  43  55   0  10   0 0.00  0.0    0  3.2 15 260   M    M   3 1      21 270
 6  79  44  62   7   3   0 0.00  0.0    0  2.9 13  10   M    M   0        17  20
 7  80  49  65  10   0   0 0.00  0.0    0  3.3 10  60   M    M   0        15  60
 8  86  51  69  14   0   4 0.00  0.0    0  3.2 15 280   M    M   0        17 280
 9  81  51  66  11   0   1 0.00  0.0    0  3.5 12 260   M    M   0 18     14 260
10  84  45  65  10   0   0 0.00  0.0    0  2.0  9 270   M    M   0        12 280
11  75  52  64   8   1   0 0.00  0.0    0  6.0 16 300   M    M   0        21 290
12  72  53  63   7   2   0 0.00  0.0    0  9.9 23 290   M    M   4        28 290
13  80  53  67  11   0   2 0.00  0.0    0  6.0 15 290   M    M   4        18 290
14  81  48  65   9   0   0 0.00  0.0    0  4.1 12 300   M    M   2 1      15 310
15  79  50  65   9   0   0 0.00  0.0    M  7.4 16 290   M    M   1 1      20 290
16  83  49  66   9   0   1 0.00  0.0    0  3.7 15 290   M    M   0        18 280
17  79  50  65   8   0   0 0.00  0.0    0  6.2 22 300   M    M   0        25 290
18  76  49  63   6   2   0 0.00  0.0    0  6.0 20 270   M    M   0        24 270
19  71  48  60   3   5   0 0.00  0.0    0  8.6 20 290   M    M   2        22 290
20  84  50  67   9   0   2 0.00  0.0    0  3.9 15 280   M    M   2 1      18 290
21  78  47  63   5   2   0 0.00  0.0    0  7.0 24 280   M    M   2        29 290
22  66  48  57  -1   8   0    T    M    0 12.6 24 250   M    M   3 1      30 250
================================================================================
SM 1646 1045        87  10  0.51     0.0 118.7          M       41
================================================================================
AV 74.8 47.5                               5.4 FASTST   M    M   2    MAX(MPH)
                                 MISC ---->  # 24 280               # 30  250
================================================================================
NOTES:
# LAST OF SEVERAL OCCURRENCES

COLUMN 17 PEAK WIND IN M.P.H.

PRELIMINARY LOCAL CLIMATOLOGICAL DATA (WS FORM: F-6) , PAGE 2

                                          STATION:  LIVERMORE AIRPORT
                                          MONTH:    APRIL
                                          YEAR:     2014
                                          LATITUDE:   37 42 N
                                          LONGITUDE: 121 49 W

[TEMPERATURE DATA]      [PRECIPITATION DATA]       SYMBOLS USED IN COLUMN 16

AVERAGE MONTHLY: 61.2   TOTAL FOR MONTH:   0.51    1 = FOG OR MIST
DPTR FM NORMAL:   5.3   DPTR FM NORMAL:   -0.30    2 = FOG REDUCING VISIBILITY
HIGHEST:    86 ON  8    GRTST 24HR  0.38 ON  1- 1      TO 1/4 MILE OR LESS
LOWEST:     39 ON  2, 1                            3 = THUNDER
                        SNOW, ICE PELLETS, HAIL    4 = ICE PELLETS
                        TOTAL MONTH:   0.0 INCH    5 = HAIL
                        GRTST 24HR     0.0         6 = FREEZING RAIN OR DRIZZLE
                        GRTST DEPTH:   0           7 = DUSTSTORM OR SANDSTORM:
                                                       VSBY 1/2 MILE OR LESS
                                                   8 = SMOKE OR HAZE
[NO. OF DAYS WITH]      [WEATHER - DAYS WITH]      9 = BLOWING SNOW
                                                   X = TORNADO
MAX 32 OR BELOW:   0    0.01 INCH OR MORE:   3
MAX 90 OR ABOVE:   0    0.10 INCH OR MORE:   2
MIN 32 OR BELOW:   0    0.50 INCH OR MORE:   0
MIN  0 OR BELOW:   0    1.00 INCH OR MORE:   0

[HDD (BASE 65) ]
TOTAL THIS MO.    87    CLEAR  (SCALE 0-3)  16
DPTR FM NORMAL  -120    PTCLDY (SCALE 4-7)   6
TOTAL FM JUL 1  1811    CLOUDY (SCALE 8-10)  0
DPTR FM NORMAL  -760

[CDD (BASE 65) ]
TOTAL THIS MO.    10
DPTR FM NORMAL    10    [PRESSURE DATA]
TOTAL FM JAN 1    10    HIGHEST SLP M ON M
DPTR FM NORMAL     9    LOWEST  SLP 29.80 ON 17

[REMARKS]




U.S. Dept. of Commerce
NOAA National Weather Service
1325 East West Highway
Silver Spring, MD 20910
E-mail: w-nws.webmaster@noaa.gov
Page last modified: May 16, 2007
NATIONAL WEATHER SERVICE: for Safety, for Work, for Fun - FOR LIFE