612
CXUS54 KHGX 281429
CF6LVJ
PRELIMINARY LOCAL CLIMATOLOGICAL DATA (WS FORM: F-6)

                                          STATION:   HOUSTON/CLOVER_FIELD
                                          MONTH:     NOVEMBER
                                          YEAR:      2014
                                          LATITUDE:   29 31 N
                                          LONGITUDE:  95 14 W

  TEMPERATURE IN F:       :PCPN:    SNOW:  WIND      :SUNSHINE: SKY     :PK WND
================================================================================
1   2   3   4   5  6A  6B    7    8   9   10  11  12  13   14  15   16   17  18
                                     12Z  AVG MX 2MIN
DY MAX MIN AVG DEP HDD CDD  WTR  SNW DPTH SPD SPD DIR MIN PSBL S-S WX    SPD DR
================================================================================

 1  65  44  55 -12  10   0 0.00  0.0    0  9.4 24  80   M    M   0        30  80
 2  74  44  59  -8   6   0 0.00  0.0    0  9.2 16 130   M    M   1        25  80
 3  81  61  71   5   0   6 0.00  0.0    0  7.9 21 140   M    M   7        25 140
 4  82  69  76  10   0  11 0.00  0.0    0  8.7 20 140   M    M   4        26 130
 5  82  67  75   9   0  10 0.84  0.0    0  7.6 17 160   M    M   7 1      22 140
 6  67  61  64  -2   1   0 0.22  0.0    0  6.5 17  50   M    M   5 1      37  80
 7  65  53  59  -6   6   0 0.00  0.0    0  7.6 20  60   M    M   0        26  80
 8  75  54  65   0   0   0    T  0.0    0  4.3 13  40   M    M   5        19 330
 9  74  49  62  -3   3   0 0.00  0.0    0  4.5 13 160   M    M   0        16 160
10  80  49  65   1   0   0 0.00  0.0    0  7.9 21 180   M    M   1        27 200
11  73  53  63  -1   2   0 0.29  0.0    0  6.4 18 320   M    M   7 1      26 320
12  57  46  52 -12  13   0    T    M    0 11.7 23  40   M    M   9        31  30
13  47  38  43 -20  22   0 0.23  0.0    0  9.8 17  20   M    M   9 1      26  40
14  48  38  43 -20  22   0 0.00  0.0    0  9.5 17  40   M    M  10        29  80
15  56  46  51 -12  14   0 0.12  0.0    0 14.7 24  80   M    M  10 1      38  80
16  63  46  55  -7  10   0 0.39    M    0  5.2 18 340   M    M  10 1      29 320
17  53  38  46 -16  19   0 0.00  0.0    0  9.1 18 340   M    M   3        30 320
18  55  35  45 -17  20   0 0.00  0.0    0  9.7 23  80   M    M   0 18     27  80
19  69  34  52  -9  13   0 0.00  0.0    0  8.3 20 160   M    M   4 18     30 160
20  74  50  62   1   3   0 0.08  0.0    0  8.2 20 170   M    M   7 1      24 180
21  69  63  66   5   0   1 0.69  0.0    0  6.9 14 140   M    M   9 1      23  80
22  69  63  66   6   0   1 0.64  0.0    0  8.7 18  90   M    M   5 13     26  80
23  80  60  70  10   0   5 0.25  0.0    0  8.2 17  70   M    M   0 13     47  80
24  68  49  59  -1   6   0 0.00  0.0    0  8.0 20  30   M    M   1        26 360
25  66  45  56  -4   9   0 0.00  0.0    0  5.2 13 150   M    M   0        16  50
26  73  46  60   1   5   0 0.00  0.0    0  7.8 16 230   M    M   0        23 240
27  66  43  55  -4  10   0 0.00  0.0    0  6.7 23  60   M    M   0        26  70
================================================================================
SM 1831 1344       194  34  3.75     0.0 217.7          M      114
================================================================================
AV 67.8 49.8                               8.1 FASTST   M    M   4    MAX(MPH)
                                 MISC ---->  # 24  80               # 47   80
================================================================================
NOTES:
# LAST OF SEVERAL OCCURRENCES

COLUMN 17 PEAK WIND IN M.P.H.

PRELIMINARY LOCAL CLIMATOLOGICAL DATA (WS FORM: F-6) , PAGE 2

                                          STATION:  HOUSTON/CLOVER_FIELD
                                          MONTH:    NOVEMBER
                                          YEAR:     2014
                                          LATITUDE:   29 31 N
                                          LONGITUDE:  95 14 W

[TEMPERATURE DATA]      [PRECIPITATION DATA]       SYMBOLS USED IN COLUMN 16

AVERAGE MONTHLY: 58.8   TOTAL FOR MONTH:   3.75    1 = FOG OR MIST
DPTR FM NORMAL:  -4.2   DPTR FM NORMAL:   -0.48    2 = FOG REDUCING VISIBILITY
HIGHEST:    82 ON  5, 4 GRTST 24HR  1.06 ON  5- 6      TO 1/4 MILE OR LESS
LOWEST:     34 ON 19                               3 = THUNDER
                        SNOW, ICE PELLETS, HAIL    4 = ICE PELLETS
                        TOTAL MONTH:   0.0 INCH    5 = HAIL
                        GRTST 24HR     0.0         6 = FREEZING RAIN OR DRIZZLE
                        GRTST DEPTH:   0           7 = DUSTSTORM OR SANDSTORM:
                                                       VSBY 1/2 MILE OR LESS
                                                   8 = SMOKE OR HAZE
[NO. OF DAYS WITH]      [WEATHER - DAYS WITH]      9 = BLOWING SNOW
                                                   X = TORNADO
MAX 32 OR BELOW:   0    0.01 INCH OR MORE:  10
MAX 90 OR ABOVE:   0    0.10 INCH OR MORE:   9
MIN 32 OR BELOW:   0    0.50 INCH OR MORE:   3
MIN  0 OR BELOW:   0    1.00 INCH OR MORE:   0

[HDD (BASE 65) ]
TOTAL THIS MO.   194    CLEAR  (SCALE 0-3)  11
DPTR FM NORMAL    78    PTCLDY (SCALE 4-7)  10
TOTAL FM JUL 1   194    CLOUDY (SCALE 8-10)  6
DPTR FM NORMAL    55

[CDD (BASE 65) ]
TOTAL THIS MO.    34
DPTR FM NORMAL   -27    [PRESSURE DATA]
TOTAL FM JAN 1  3136    HIGHEST SLP M ON M
DPTR FM NORMAL   222    LOWEST  SLP 29.47 ON 23

[REMARKS]




U.S. Dept. of Commerce
NOAA National Weather Service
1325 East West Highway
Silver Spring, MD 20910
E-mail: w-nws.webmaster@noaa.gov
Page last modified: May 16, 2007
NATIONAL WEATHER SERVICE: for Safety, for Work, for Fun - FOR LIFE